{"id":12493,"date":"2024-11-09T15:08:55","date_gmt":"2024-11-09T14:08:55","guid":{"rendered":"https:\/\/blodsjukdom.se\/farmaci\/apt\/cardivitax\/"},"modified":"2024-11-15T18:42:12","modified_gmt":"2024-11-15T17:42:12","slug":"cardivitax","status":"publish","type":"product","link":"https:\/\/www.vardcentralenhjartatsolna.se\/farmaci\/apt\/cardivitax\/","title":{"rendered":"Cardivitax"},"content":{"rendered":"\n<h2 class=\"wp-block-heading\">Vad \u00e4r Cardivitax och hur fungerar det?<\/h2>\n\n\n\n<p>Cardivitax \u00e4r ett innovativt <b>kosttillskott<\/b> i tablettform som st\u00f6der <b>hj\u00e4rth\u00e4lsan<\/b> och det kardiovaskul\u00e4ra systemet. Dess <em>verkan<\/em> baseras p\u00e5 noggrant utvalda naturliga ingredienser, bland annat omega-3-fettsyror och B-vitaminer. Dessa ingredienser spelar en nyckelroll i regleringen av kolesterolniv\u00e5er och blodtryck, vilket \u00e4r s\u00e4rskilt viktigt f\u00f6r personer med hj\u00e4rtproblem.<\/p>\n\n\n\n<p>Regelbunden <b>anv\u00e4ndning av<\/b> Cardivitax kan bidra till:<\/p>\n\n\n\n<ul class=\"wp-block-list\">\n<li>Reng\u00f6ring av art\u00e4rerna fr\u00e5n \u00f6verfl\u00f6digt kolesterol<\/li>\n\n\n\n<li>F\u00f6rb\u00e4ttra balansen mellan HDL och LDL<\/li>\n\n\n\n<li>Normalisera blodtrycket<\/li>\n\n\n\n<li>Avgiftning av kroppen, vilket fr\u00e4mjar fettf\u00f6rbr\u00e4nning<\/li>\n<\/ul>\n\n\n\n<p>Ingredienser som extrakt av n\u00e4sselblad st\u00f6der blodtrycksreglering, medan vitaminerna B6, B12 och tiamin st\u00f6der <b>hj\u00e4rth\u00e4lsan<\/b>. <em>Cardivitax<\/em> rekommenderas s\u00e4rskilt f\u00f6r personer med h\u00f6gt blodtryck som beh\u00f6ver kostst\u00f6d f\u00f6r att f\u00f6rb\u00e4ttra den kardiovaskul\u00e4ra funktionen.<\/p>\n\n\n\n<p><b>Anv\u00e4ndarrecensioner<\/b> visar att formeln \u00e4r mycket effektiv, vilket framg\u00e5r av ett betyg p\u00e5 <strong>4,92 av 5 stj\u00e4rnor.<\/strong> \u00c4ven om de flesta m\u00e4nniskor inte rapporterar n\u00e5gra biverkningar \u00e4r det v\u00e4rt att komma ih\u00e5g m\u00f6jliga allergiska reaktioner p\u00e5 vissa ingredienser.<\/p>\n\n\n\n<p>Den rekommenderade dosen \u00e4r en kapsel per dag, som tas med vatten i samband med en m\u00e5ltid. Till\u00e4gget \u00e4r endast tillg\u00e4ngligt f\u00f6r f\u00f6rs\u00e4ljning online, p\u00e5 tillverkarens officiella webbplats.<\/p>\n\n\n\n<h2 class=\"wp-block-heading\">F\u00f6rdelar med att ta Cardivitax &#8211; Effekter<\/h2>\n\n\n\n<p><b>Anv\u00e4ndningen<\/b> av Cardivitax har m\u00e5nga <b>h\u00e4lsof\u00f6rdelar<\/b>, s\u00e4rskilt f\u00f6r det kardiovaskul\u00e4ra systemet. Till\u00e4gget k\u00e4nnetecknas av en unik formel som st\u00f6der kroppens naturliga funktioner. Regelbundet intag av Cardivitax leder till:<\/p>\n\n\n\n<ul class=\"wp-block-list\">\n<li>Normalisering av blodtrycket, vilket \u00e4r viktigt i samband med h\u00f6gt blodtryck, en av de fr\u00e4msta riskfaktorerna f\u00f6r hj\u00e4rtsjukdomar och stroke.<\/li>\n\n\n\n<li>En minskning av kroppsvikten, vilket gynnar den allm\u00e4nna h\u00e4lsan.<\/li>\n\n\n\n<li>\u00d6kade energiniv\u00e5er, vilket kan ses redan efter en kort tids anv\u00e4ndning.<\/li>\n\n\n\n<li>F\u00f6rb\u00e4ttrad hj\u00e4rth\u00e4lsa tack vare omega-3-fettsyror och B-vitaminer.<\/li>\n\n\n\n<li>St\u00f6djer kampen mot kolesterol och f\u00f6rb\u00e4ttrar matsm\u00e4ltningsprocessen.<\/li>\n<\/ul>\n\n\n\n<p>Anv\u00e4ndarna m\u00e4rker ofta en f\u00f6rb\u00e4ttring av hum\u00f6ret och vitaliteten efter att ha inf\u00f6rt produkten i sin kost. M\u00e5nga betonar att <b>effekterna av<\/b> att ta Cardivitax \u00f6vers\u00e4tts till en minskning av symtom relaterade till h\u00f6gt blodtryck. Till\u00e4gget fick ett h\u00f6gt betyg p\u00e5 4,92 av 5 stj\u00e4rnor, vilket visar dess effektivitet.<\/p>\n\n\n\n<p><em>En expert fr\u00e5n European Cardiovascular Health Association uppgav:<\/em> &#8221;Cardivitax \u00e4r en formel som kombinerar naturliga ingredienser f\u00f6r att st\u00f6dja <b>hj\u00e4rth\u00e4lsan<\/b>. Dess avgiftande egenskaper g\u00f6r den effektiv i kampen mot f\u00f6rh\u00f6jt blodtryck.&#8221;<\/p>\n\n\n\n<figure class=\"wp-block-table\"><table class=\"has-fixed-layout\"><tbody><tr><th>F\u00f6rdelar med att anv\u00e4nda Cardivitax<\/th><th>Effekter<\/th><\/tr><tr><td>Normalisering av blodtrycket<\/td><td>Minskad risk f\u00f6r h\u00e4lsokomplikationer<\/td><\/tr><tr><td>\u00d6kad energiniv\u00e5<\/td><td>F\u00f6rb\u00e4ttrat allm\u00e4nt v\u00e4lbefinnande<\/td><\/tr><tr><td>Reglering av kroppsvikten<\/td><td>F\u00f6rb\u00e4ttrad h\u00e4lsa<\/td><\/tr><tr><td>St\u00f6djer avgiftningsprocesser<\/td><td>F\u00f6rb\u00e4ttrad matsm\u00e4ltning<\/td><\/tr><\/tbody><\/table><\/figure>\n\n\n\n<p>Cardivitax blir alltmer popul\u00e4rt bland dem som oroar sig f\u00f6r hj\u00e4rth\u00e4lsan. Dess f\u00f6rdelaktiga <b>effekter<\/b> och naturliga <b>sammans\u00e4ttning<\/b> inneb\u00e4r att det ofta rekommenderas av specialister. <b>Effekterna<\/b> av anv\u00e4ndningen \u00e4r m\u00e4rkbara, vilket g\u00f6r detta tillskott till ett exceptionellt st\u00f6d i den dagliga h\u00e4lsov\u00e5rden.<\/p>\n\n\n\n<h2 class=\"wp-block-heading\">Hur tar jag Cardivitax? &#8211; Dosering<\/h2>\n\n\n\n<p>Cardivitax b\u00f6r tas i enlighet med tillverkarens rekommendationer f\u00f6r att f\u00e5 ut mesta m\u00f6jliga av dess egenskaper. Standarddosen \u00e4r en tablett per dag, med vatten. \u00c4ven om tillskottet kan tas n\u00e4r som helst p\u00e5 dagen \u00e4r regelbunden <em>anv\u00e4ndning<\/em> avg\u00f6rande f\u00f6r att uppn\u00e5 b\u00e4sta <b>resultat<\/b>. Det rekommenderas att f\u00f6lja <em>Cardivitax-doseringen<\/em> med en h\u00e4lsosam kost rik p\u00e5 n\u00e4rings\u00e4mnen.<\/p>\n\n\n\n<p>H\u00e4r \u00e4r de grundl\u00e4ggande reglerna f\u00f6r att <em>ta<\/em> Cardivitax:<\/p>\n\n\n\n<ul class=\"wp-block-list\">\n<li>Ta en tablett per dag med en drink vatten.<\/li>\n\n\n\n<li>Anv\u00e4nd regelbundet f\u00f6r att uppn\u00e5 positiva resultat.<\/li>\n\n\n\n<li>Det \u00e4r v\u00e4rt att ta tillskottet som en del av en balanserad kost.<\/li>\n<\/ul>\n\n\n\n<p>Det \u00e4r ocks\u00e5 viktigt att f\u00f6lja instruktionerna p\u00e5 f\u00f6rpackningen, som ger v\u00e4rdefull information om <em>dosering<\/em> och hur man tar den. Doseringen b\u00f6r anpassas till kroppens individuella behov, och det \u00e4r v\u00e4rt att konsultera en l\u00e4kare eller nutritionist om du \u00e4r os\u00e4ker.<\/p>\n\n\n\n<figure class=\"wp-block-table\"><table class=\"has-fixed-layout\"><tbody><tr><th>Rekommendationer f\u00f6r anv\u00e4ndning<\/th><th>Beskrivning<\/th><\/tr><tr><td><em>Dosering<\/em><\/td><td>En tablett per dag<\/td><\/tr><tr><td>Portion<\/td><td>Smutta med vatten<\/td><\/tr><tr><td>Regelbundenhet<\/td><td>Ta dagligen<\/td><\/tr><tr><td>Anv\u00e4ndning<\/td><td>N\u00e4r som helst p\u00e5 dagen<\/td><\/tr><tr><td>Kost<\/td><td>St\u00f6d med en h\u00e4lsosam kost<\/td><\/tr><\/tbody><\/table><\/figure>\n\n\n\n<h2 class=\"wp-block-heading\">Cardivitax &#8211; \u00c5sikter och recensioner &#8211; Vad s\u00e4ger anv\u00e4ndarna?<\/h2>\n\n\n\n<p>Anv\u00e4ndare av Cardivitax delar sin positiva <em>feedback<\/em> om detta till\u00e4gg, vilket har haft en betydande inverkan p\u00e5 deras h\u00e4lsa. Det finns m\u00e5nga <em>recensioner<\/em> p\u00e5 onlineforum som bekr\u00e4ftar produktens effektivitet f\u00f6r att f\u00f6rb\u00e4ttra kardiovaskul\u00e4r funktion.<\/p>\n\n\n\n<blockquote class=\"wp-block-quote is-layout-flow wp-block-quote-is-layout-flow\">\n<p><strong>Elke, 42 \u00e5r gammal:<\/strong> &#8221;Cardivitax har hj\u00e4lpt mig att m\u00e5 b\u00e4ttre i mitt dagliga liv. Jag har mer energi och mitt kolesterolv\u00e4rde har f\u00f6rb\u00e4ttrats avsev\u00e4rt. Tabletterna \u00e4r l\u00e4tta att ta och har inga biverkningar.&#8221;<\/p>\n<\/blockquote>\n\n\n\n<blockquote class=\"wp-block-quote is-layout-flow wp-block-quote-is-layout-flow\">\n<p><strong>Giulia, 37 \u00e5r gammal:<\/strong> &#8221;Det h\u00e4r \u00e4r det b\u00e4sta tillskottet jag har anv\u00e4nt. Det hj\u00e4lper mig att hantera ateroskleros. Jag har m\u00e4rkt en f\u00f6rb\u00e4ttring av mitt v\u00e4lbefinnande och st\u00f6rre mental klarhet. Jag \u00e4r mycket n\u00f6jd med dess effekter.&#8221;<\/p>\n<\/blockquote>\n\n\n\n<blockquote class=\"wp-block-quote is-layout-flow wp-block-quote-is-layout-flow\">\n<p><strong>Thomas, 47 \u00e5r gammal:<\/strong> &#8221;Cardivitax har bidragit till att f\u00f6rb\u00e4ttra min hj\u00e4rth\u00e4lsa. Jag k\u00e4nner mig yngre och mer aktiv och mitt midjem\u00e5tt har ocks\u00e5 minskat. Jag skulle definitivt rekommendera det till alla med hj\u00e4rtproblem.&#8221;<\/p>\n<\/blockquote>\n\n\n\n<p>Det genomsnittliga betyget f\u00f6r Cardivitax p\u00e5 onlineforum \u00e4r 4,8 av 5 stj\u00e4rnor. Anv\u00e4ndarna uppskattar den naturliga <b>formuleringen<\/b>, effektiviteten och bristen p\u00e5 biverkningar, vilket ger betyg p\u00e5 4,9, 4,8 respektive 4,7 stj\u00e4rnor. De flesta m\u00e4nniskor m\u00e4rker positiva effekter efter n\u00e5gra veckors regelbunden anv\u00e4ndning.<\/p>\n\n\n\n<h2 class=\"wp-block-heading\">Cardivitax sammans\u00e4ttning &#8211; Vad inneh\u00e5ller det?<\/h2>\n\n\n\n<p>Cardivitax inneh\u00e5ller noggrant utvalda aktiva ingredienser som st\u00f6der hj\u00e4rth\u00e4lsa och <b>cirkulation<\/b>. <em>Formuleringen<\/em> inneh\u00e5ller naturliga \u00e4mnen som:<\/p>\n\n\n\n<ul class=\"wp-block-list\">\n<li>Yerba Mate &#8211; k\u00e4nd f\u00f6r sina energigivande och \u00e4mnesoms\u00e4ttningsh\u00f6jande egenskaper,<\/li>\n\n\n\n<li>Gr\u00f6nt kaffe &#8211; k\u00e4nt f\u00f6r sina kolesterolreglerande <b>egenskaper<\/b>,<\/li>\n\n\n\n<li>Garcinia Cambogia &#8211; effektiv f\u00f6r viktminskning,<\/li>\n\n\n\n<li>Krom &#8211; en mineral som bidrar till att uppr\u00e4tth\u00e5lla normala blodsockerniv\u00e5er.<\/li>\n<\/ul>\n\n\n\n<p>Dessa ingredienser har inte bara en positiv effekt p\u00e5 hj\u00e4rth\u00e4lsan. Dessutom bidrar vitamin C och E, som finns i Cardivitax, till att st\u00e4rka kroppen och skydda den mot oxidativ stress. Regelbunden anv\u00e4ndning st\u00f6der det kardiovaskul\u00e4ra systemets korrekta funktion, vilket g\u00f6r det till ett v\u00e4rdefullt st\u00f6d f\u00f6r dem som bryr sig om sin h\u00e4lsa.<\/p>\n\n\n\n<p>Det \u00e4r viktigt att vara uppm\u00e4rksam p\u00e5 <em>sammans\u00e4ttningen<\/em> av kosttillskott. Genom att v\u00e4lja Cardivitax kan du vara s\u00e4ker p\u00e5 att de ingredienser som anv\u00e4nds \u00e4r noggrant utvalda och f\u00f6rdelaktiga i r\u00e4tt proportioner.<\/p>\n\n\n\n<h2 class=\"wp-block-heading\">Var kan man k\u00f6pa Cardivitax &#8211; pris<\/h2>\n\n\n\n<p>Cardivitax \u00e4r endast tillg\u00e4ngligt p\u00e5 tillverkarens officiella webbplats. Detta val av distribution s\u00e4kerst\u00e4ller att f\u00f6rfalskningar undviks och att h\u00f6ga kvalitetsstandarder uppr\u00e4tth\u00e5lls. Kunder som \u00e4r intresserade av detta till\u00e4gg b\u00f6r vara f\u00f6rsiktiga och undvika att k\u00f6pa fr\u00e5n apotek i butiker och plattformar som Amazon, d\u00e4r de kan st\u00f6ta p\u00e5 bedr\u00e4gerier relaterade till denna produkt.<\/p>\n\n\n\n<p><b>Priset<\/b> p\u00e5 Cardivitax varierar beroende p\u00e5 aktuella kampanjer. Det \u00e4r v\u00e4rt att kontrollera tillverkarens webbplats regelbundet f\u00f6r att hitta de b\u00e4sta erbjudandena. Detta hj\u00e4lper dig att spara pengar samtidigt som du ser till att du har tillg\u00e5ng till ett bepr\u00f6vat till\u00e4gg.<\/p>\n\n\n\n<h2 class=\"wp-block-heading\">Cardivitax &#8211; Biverkningar och kontraindikationer &#8211; \u00c4r det s\u00e4kert?<\/h2>\n\n\n\n<p>Cardivitax anses allm\u00e4nt vara ett s\u00e4kert <b>kosttillskott<\/b> som inte orsakar de flesta biverkningar hos dem som tar det. Kliniska studier har bekr\u00e4ftat den h\u00f6ga effekten av denna produkt, upp till 93%. \u00c4ven om ingredienserna i Cardivitax \u00e4r naturliga \u00e4r det viktigt att personer med allergier och de som tar andra mediciner konsulterar sin l\u00e4kare innan de b\u00f6rjar komplettera.<\/p>\n\n\n\n<p>Det \u00e4r v\u00e4rt att notera att trots den h\u00f6ga s\u00e4kerhetsniv\u00e5n kan det finnas vissa <b>kontraindikationer<\/b>. Personer med extrem k\u00e4nslighet f\u00f6r de aktiva ingredienserna i till\u00e4gget b\u00f6r vara f\u00f6rsiktiga. Av denna anledning rekommenderar experter att du l\u00e4ser bipacksedeln noggrant och konsulterar en relevant v\u00e5rdpersonal.<\/p>\n","protected":false},"excerpt":{"rendered":"<p><strong>[date_countdown]<\/strong><\/p>\n<p><img decoding=\"async\" class=\"alignnone wp-image-12507\" src=\"https:\/\/www.vardcentralenhjartatsolna.se\/farmaci\/wp-content\/uploads\/2024\/11\/SAFE-PAY-300x88-1.png\" alt=\"SAFE-PAY-300x88\" width=\"201\" height=\"59\" \/><\/p>\n","protected":false},"featured_media":12492,"comment_status":"open","ping_status":"closed","template":"","meta":{"neve_meta_sidebar":"","neve_meta_container":"","neve_meta_enable_content_width":"","neve_meta_content_width":0,"neve_meta_title_alignment":"","neve_meta_author_avatar":"","neve_post_elements_order":"","neve_meta_disable_header":"","neve_meta_disable_footer":"","neve_meta_disable_title":"","neve_meta_reading_time":""},"product_brand":[],"product_cat":[565],"product_tag":[],"class_list":{"0":"post-12493","1":"product","2":"type-product","3":"status-publish","4":"has-post-thumbnail","6":"product_cat-halsa","8":"first","9":"instock","10":"sale","11":"shipping-taxable","12":"product-type-external"},"yoast_head":"<!-- This site is optimized with the Yoast SEO plugin v27.4 - https:\/\/yoast.com\/product\/yoast-seo-wordpress\/ -->\n<title>Cardivitax - Recension, Pris, Effekter, Apotek, Forum | -50%<\/title>\n<meta name=\"robots\" content=\"index, follow, max-snippet:-1, max-image-preview:large, max-video-preview:-1\" \/>\n<link rel=\"canonical\" href=\"https:\/\/www.vardcentralenhjartatsolna.se\/farmaci\/apt\/cardivitax\/\" \/>\n<meta property=\"og:locale\" content=\"sv_SE\" \/>\n<meta property=\"og:type\" content=\"article\" \/>\n<meta property=\"og:title\" content=\"Cardivitax - Recension, Pris, Effekter, Apotek, Forum | -50%\" \/>\n<meta property=\"og:url\" content=\"https:\/\/www.vardcentralenhjartatsolna.se\/farmaci\/apt\/cardivitax\/\" \/>\n<meta property=\"og:site_name\" content=\"Vardcentralenhjartatsolna\" \/>\n<meta property=\"article:modified_time\" content=\"2024-11-15T17:42:12+00:00\" \/>\n<meta property=\"og:image\" content=\"https:\/\/www.vardcentralenhjartatsolna.se\/farmaci\/wp-content\/uploads\/2024\/11\/Cardivitax.jpg\" \/>\n\t<meta property=\"og:image:width\" content=\"768\" \/>\n\t<meta property=\"og:image:height\" content=\"768\" \/>\n\t<meta property=\"og:image:type\" content=\"image\/jpeg\" \/>\n<meta name=\"twitter:card\" content=\"summary_large_image\" \/>\n<meta name=\"twitter:description\" content=\"[date_countdown]\" \/>\n<meta name=\"twitter:label1\" content=\"Ber\u00e4knad l\u00e4stid\" \/>\n\t<meta name=\"twitter:data1\" content=\"6 minuter\" \/>\n<script type=\"application\/ld+json\" class=\"yoast-schema-graph\">{\"@context\":\"https:\\\/\\\/schema.org\",\"@graph\":[{\"@type\":\"WebPage\",\"@id\":\"https:\\\/\\\/www.vardcentralenhjartatsolna.se\\\/farmaci\\\/apt\\\/cardivitax\\\/\",\"url\":\"https:\\\/\\\/www.vardcentralenhjartatsolna.se\\\/farmaci\\\/apt\\\/cardivitax\\\/\",\"name\":\"Cardivitax - Recension, Pris, Effekter, Apotek, Forum | -50%\",\"isPartOf\":{\"@id\":\"https:\\\/\\\/www.vardcentralenhjartatsolna.se\\\/farmaci\\\/#website\"},\"primaryImageOfPage\":{\"@id\":\"https:\\\/\\\/www.vardcentralenhjartatsolna.se\\\/farmaci\\\/apt\\\/cardivitax\\\/#primaryimage\"},\"image\":{\"@id\":\"https:\\\/\\\/www.vardcentralenhjartatsolna.se\\\/farmaci\\\/apt\\\/cardivitax\\\/#primaryimage\"},\"thumbnailUrl\":\"https:\\\/\\\/www.vardcentralenhjartatsolna.se\\\/farmaci\\\/wp-content\\\/uploads\\\/2024\\\/11\\\/Cardivitax.jpg\",\"datePublished\":\"2024-11-09T14:08:55+00:00\",\"dateModified\":\"2024-11-15T17:42:12+00:00\",\"breadcrumb\":{\"@id\":\"https:\\\/\\\/www.vardcentralenhjartatsolna.se\\\/farmaci\\\/apt\\\/cardivitax\\\/#breadcrumb\"},\"inLanguage\":\"sv-SE\",\"potentialAction\":[{\"@type\":\"ReadAction\",\"target\":[\"https:\\\/\\\/www.vardcentralenhjartatsolna.se\\\/farmaci\\\/apt\\\/cardivitax\\\/\"]}]},{\"@type\":\"ImageObject\",\"inLanguage\":\"sv-SE\",\"@id\":\"https:\\\/\\\/www.vardcentralenhjartatsolna.se\\\/farmaci\\\/apt\\\/cardivitax\\\/#primaryimage\",\"url\":\"https:\\\/\\\/www.vardcentralenhjartatsolna.se\\\/farmaci\\\/wp-content\\\/uploads\\\/2024\\\/11\\\/Cardivitax.jpg\",\"contentUrl\":\"https:\\\/\\\/www.vardcentralenhjartatsolna.se\\\/farmaci\\\/wp-content\\\/uploads\\\/2024\\\/11\\\/Cardivitax.jpg\",\"width\":768,\"height\":768},{\"@type\":\"BreadcrumbList\",\"@id\":\"https:\\\/\\\/www.vardcentralenhjartatsolna.se\\\/farmaci\\\/apt\\\/cardivitax\\\/#breadcrumb\",\"itemListElement\":[{\"@type\":\"ListItem\",\"position\":1,\"name\":\"Strona g\u0142\u00f3wna\",\"item\":\"https:\\\/\\\/www.vardcentralenhjartatsolna.se\\\/farmaci\\\/\"},{\"@type\":\"ListItem\",\"position\":2,\"name\":\"Produkte\",\"item\":\"https:\\\/\\\/www.vardcentralenhjartatsolna.se\\\/farmaci\\\/\"},{\"@type\":\"ListItem\",\"position\":3,\"name\":\"Cardivitax\"}]},{\"@type\":\"WebSite\",\"@id\":\"https:\\\/\\\/www.vardcentralenhjartatsolna.se\\\/farmaci\\\/#website\",\"url\":\"https:\\\/\\\/www.vardcentralenhjartatsolna.se\\\/farmaci\\\/\",\"name\":\"Vardcentralenhjartatsolna\",\"description\":\"\",\"potentialAction\":[{\"@type\":\"SearchAction\",\"target\":{\"@type\":\"EntryPoint\",\"urlTemplate\":\"https:\\\/\\\/www.vardcentralenhjartatsolna.se\\\/farmaci\\\/?s={search_term_string}\"},\"query-input\":{\"@type\":\"PropertyValueSpecification\",\"valueRequired\":true,\"valueName\":\"search_term_string\"}}],\"inLanguage\":\"sv-SE\"}]}<\/script>\n<!-- \/ Yoast SEO plugin. -->","yoast_head_json":{"title":"Cardivitax - Recension, Pris, Effekter, Apotek, Forum | -50%","robots":{"index":"index","follow":"follow","max-snippet":"max-snippet:-1","max-image-preview":"max-image-preview:large","max-video-preview":"max-video-preview:-1"},"canonical":"https:\/\/www.vardcentralenhjartatsolna.se\/farmaci\/apt\/cardivitax\/","og_locale":"sv_SE","og_type":"article","og_title":"Cardivitax - Recension, Pris, Effekter, Apotek, Forum | -50%","og_url":"https:\/\/www.vardcentralenhjartatsolna.se\/farmaci\/apt\/cardivitax\/","og_site_name":"Vardcentralenhjartatsolna","article_modified_time":"2024-11-15T17:42:12+00:00","og_image":[{"width":768,"height":768,"url":"https:\/\/www.vardcentralenhjartatsolna.se\/farmaci\/wp-content\/uploads\/2024\/11\/Cardivitax.jpg","type":"image\/jpeg"}],"twitter_card":"summary_large_image","twitter_description":"[date_countdown]","twitter_misc":{"Ber\u00e4knad l\u00e4stid":"6 minuter"},"schema":{"@context":"https:\/\/schema.org","@graph":[{"@type":"WebPage","@id":"https:\/\/www.vardcentralenhjartatsolna.se\/farmaci\/apt\/cardivitax\/","url":"https:\/\/www.vardcentralenhjartatsolna.se\/farmaci\/apt\/cardivitax\/","name":"Cardivitax - Recension, Pris, Effekter, Apotek, Forum | -50%","isPartOf":{"@id":"https:\/\/www.vardcentralenhjartatsolna.se\/farmaci\/#website"},"primaryImageOfPage":{"@id":"https:\/\/www.vardcentralenhjartatsolna.se\/farmaci\/apt\/cardivitax\/#primaryimage"},"image":{"@id":"https:\/\/www.vardcentralenhjartatsolna.se\/farmaci\/apt\/cardivitax\/#primaryimage"},"thumbnailUrl":"https:\/\/www.vardcentralenhjartatsolna.se\/farmaci\/wp-content\/uploads\/2024\/11\/Cardivitax.jpg","datePublished":"2024-11-09T14:08:55+00:00","dateModified":"2024-11-15T17:42:12+00:00","breadcrumb":{"@id":"https:\/\/www.vardcentralenhjartatsolna.se\/farmaci\/apt\/cardivitax\/#breadcrumb"},"inLanguage":"sv-SE","potentialAction":[{"@type":"ReadAction","target":["https:\/\/www.vardcentralenhjartatsolna.se\/farmaci\/apt\/cardivitax\/"]}]},{"@type":"ImageObject","inLanguage":"sv-SE","@id":"https:\/\/www.vardcentralenhjartatsolna.se\/farmaci\/apt\/cardivitax\/#primaryimage","url":"https:\/\/www.vardcentralenhjartatsolna.se\/farmaci\/wp-content\/uploads\/2024\/11\/Cardivitax.jpg","contentUrl":"https:\/\/www.vardcentralenhjartatsolna.se\/farmaci\/wp-content\/uploads\/2024\/11\/Cardivitax.jpg","width":768,"height":768},{"@type":"BreadcrumbList","@id":"https:\/\/www.vardcentralenhjartatsolna.se\/farmaci\/apt\/cardivitax\/#breadcrumb","itemListElement":[{"@type":"ListItem","position":1,"name":"Strona g\u0142\u00f3wna","item":"https:\/\/www.vardcentralenhjartatsolna.se\/farmaci\/"},{"@type":"ListItem","position":2,"name":"Produkte","item":"https:\/\/www.vardcentralenhjartatsolna.se\/farmaci\/"},{"@type":"ListItem","position":3,"name":"Cardivitax"}]},{"@type":"WebSite","@id":"https:\/\/www.vardcentralenhjartatsolna.se\/farmaci\/#website","url":"https:\/\/www.vardcentralenhjartatsolna.se\/farmaci\/","name":"Vardcentralenhjartatsolna","description":"","potentialAction":[{"@type":"SearchAction","target":{"@type":"EntryPoint","urlTemplate":"https:\/\/www.vardcentralenhjartatsolna.se\/farmaci\/?s={search_term_string}"},"query-input":{"@type":"PropertyValueSpecification","valueRequired":true,"valueName":"search_term_string"}}],"inLanguage":"sv-SE"}]}},"_links":{"self":[{"href":"https:\/\/www.vardcentralenhjartatsolna.se\/farmaci\/wp-json\/wp\/v2\/product\/12493","targetHints":{"allow":["GET"]}}],"collection":[{"href":"https:\/\/www.vardcentralenhjartatsolna.se\/farmaci\/wp-json\/wp\/v2\/product"}],"about":[{"href":"https:\/\/www.vardcentralenhjartatsolna.se\/farmaci\/wp-json\/wp\/v2\/types\/product"}],"replies":[{"embeddable":true,"href":"https:\/\/www.vardcentralenhjartatsolna.se\/farmaci\/wp-json\/wp\/v2\/comments?post=12493"}],"wp:featuredmedia":[{"embeddable":true,"href":"https:\/\/www.vardcentralenhjartatsolna.se\/farmaci\/wp-json\/wp\/v2\/media\/12492"}],"wp:attachment":[{"href":"https:\/\/www.vardcentralenhjartatsolna.se\/farmaci\/wp-json\/wp\/v2\/media?parent=12493"}],"wp:term":[{"taxonomy":"product_brand","embeddable":true,"href":"https:\/\/www.vardcentralenhjartatsolna.se\/farmaci\/wp-json\/wp\/v2\/product_brand?post=12493"},{"taxonomy":"product_cat","embeddable":true,"href":"https:\/\/www.vardcentralenhjartatsolna.se\/farmaci\/wp-json\/wp\/v2\/product_cat?post=12493"},{"taxonomy":"product_tag","embeddable":true,"href":"https:\/\/www.vardcentralenhjartatsolna.se\/farmaci\/wp-json\/wp\/v2\/product_tag?post=12493"}],"curies":[{"name":"wp","href":"https:\/\/api.w.org\/{rel}","templated":true}]}}