{"id":12447,"date":"2024-11-09T15:08:37","date_gmt":"2024-11-09T14:08:37","guid":{"rendered":"https:\/\/blodsjukdom.se\/farmaci\/apt\/cappuccino-mct\/"},"modified":"2024-11-15T16:31:32","modified_gmt":"2024-11-15T15:31:32","slug":"cappuccino-mct","status":"publish","type":"product","link":"https:\/\/www.vardcentralenhjartatsolna.se\/farmaci\/apt\/cappuccino-mct\/","title":{"rendered":"Cappuccino MCT"},"content":{"rendered":"\n<h2 class=\"wp-block-heading\">Vad \u00e4r Cappuccino MCT och hur fungerar det?<\/h2>\n\n\n\n<p>Cappuccino MCT \u00e4r en innovativ produkt i form av ett snabbkaffe som kombinerar <b>ingredienser<\/b> f\u00f6r att st\u00f6dja viktminskning. Tack vare sin unika formulering har Cappuccino MCT en gynnsam effekt p\u00e5 kroppens <em>prestanda<\/em>, och dess <b>anv\u00e4ndning<\/b> blir attraktiv f\u00f6r dem som f\u00f6ljer <em>en ketogen diet.<\/em><\/p>\n\n\n\n<p><em>Huvudingredienserna<\/em> i detta tillskott inkluderar inulin och Garcinia Cambogia. Inulin \u00e4r en l\u00f6slig fiber som positivt p\u00e5verkar tarmarnas funktion och bidrar till m\u00e4ttnadsk\u00e4nslan. Garcinia Cambogia st\u00f6der lipidmetabolismen, vilket fr\u00e4mjar fettminskning. Cappuccino MCT \u00e4r dessutom berikad med matcha-te, som fungerar som en kraftfull antioxidant f\u00f6r att st\u00f6dja kroppen i kampen mot fria radikaler.<\/p>\n\n\n\n<p>Produkten kan anv\u00e4ndas varm eller kall, vilket bidrar till dess m\u00e5ngsidighet. Cappuccino MCT inneh\u00e5ller dessutom en betydande m\u00e4ngd koffein, vilket ger en boost av energi och stimulans. De som v\u00e4ljer att ta detta tillskott b\u00f6r d\u00e4rf\u00f6r se till att den totala m\u00e4ngden koffein i kosten inte \u00f6verstiger 400 mg per dag, vilket rekommenderas f\u00f6r friska vuxna.<\/p>\n\n\n\n<figure class=\"wp-block-table\"><table class=\"has-fixed-layout\"><tbody><tr><th>Ingrediens<\/th><th>Effekt<\/th><\/tr><tr><td>Inulin<\/td><td>Reglering av tarmen, m\u00e4ttnadsk\u00e4nsla<\/td><\/tr><tr><td>Garcinia kambogia<\/td><td>St\u00f6d f\u00f6r lipidmetabolism<\/td><\/tr><tr><td>Matcha te<\/td><td>Antioxidant<b>effekt<\/b> <\/td><\/tr><tr><td>Koffein<\/td><td>Stimulering av energi<\/td><\/tr><tr><td>Guarana<\/td><td>St\u00f6d f\u00f6r energi och koncentration<\/td><\/tr><tr><td>MCT-olja<\/td><td>St\u00f6d f\u00f6r fettf\u00f6rbr\u00e4nning<\/td><\/tr><tr><td>Krom<\/td><td>Reglering av glukosniv\u00e5er<\/td><\/tr><tr><td>Gr\u00f6nt kaffe<\/td><td>St\u00f6d f\u00f6r prestationsf\u00f6rm\u00e5gan<\/td><\/tr><\/tbody><\/table><\/figure>\n\n\n\n<p>Cappuccino MCT blir det perfekta valet f\u00f6r dem som vill p\u00e5skynda viktnedg\u00e5ngen och kontrollera vikten efter bantning. Dess <em>d verkan<\/em> kan bara ge f\u00f6rv\u00e4ntade <b>resultat<\/b> om tillverkarens rekommendationer f\u00f6ljs.<\/p>\n\n\n\n<h2 class=\"wp-block-heading\">Vilka \u00e4r effekterna av att anv\u00e4nda Cappuccino MCT?<\/h2>\n\n\n\n<p><b>Anv\u00e4ndningen<\/b> av Cappuccino MCT p\u00e5verkar viktminskningsprocessen avsev\u00e4rt, med m\u00e5nga positiva effekter. Regelbunden konsumtion kan resultera i en f\u00f6rlust p\u00e5 upp till 11 kg p\u00e5 tv\u00e5 m\u00e5nader och en acceleration av \u00e4mnesoms\u00e4ttningen, vilket \u00e4r f\u00f6rdelaktigt p\u00e5 l\u00e5ng sikt. Det \u00e4r v\u00e4rt att notera att inulin, som finns i formuleringen, st\u00f6der tarmh\u00e4lsan, vilket kan vara viktigt i samband med viktminskning.<\/p>\n\n\n\n<p>Garcinia Cambogia i formuleringen av Cappuccino MCT minskar omvandlingen av kolhydrater till kroppsfett. Dessutom st\u00f6der egenskaperna hos kaffe, s\u00e5som arabica och robusta, ocks\u00e5 viktminskning, med regelbunden konsumtion som bidrar till snabbare viktminskning. M\u00e5nga m\u00e4nniskor noterar att kombinationen av kaffe och MCT-olja ger b\u00e4ttre viktminskningsresultat.<b>(\u00c5terkoppling<\/b> fr\u00e5n anv\u00e4ndare lyfter fram att de k\u00e4nde sig mer energiska och motiverade att vara fysiskt aktiva efter att ha tagit det)<\/p>\n\n\n\n<p>Cappuccino MCT utm\u00e4rker sig ocks\u00e5 f\u00f6r sin h\u00f6ga effektivitet n\u00e4r det g\u00e4ller aktiva substanser som st\u00f6der h\u00e4lsosamma matvanor. <b>Effekterna<\/b> av minskad hunger och \u00f6kad energi har en positiv inverkan p\u00e5 det dagliga livet och motivationen f\u00f6r fysisk aktivitet.<\/p>\n\n\n\n<h2 class=\"wp-block-heading\">Hur ska Cappuccino MCT anv\u00e4ndas? &#8211; Dosering och rekommendationer<\/h2>\n\n\n\n<p>R\u00e4tt <b>dosering av<\/b> Cappuccino MCT \u00e4r nyckeln till att uppn\u00e5 tillfredsst\u00e4llande resultat. <b>Rekommendationerna<\/b> \u00e4r att inte \u00f6verskrida tv\u00e5 portioner per dag, d\u00e4r varje portion inneh\u00e5ller 2 g. Cappuccino MCT kan tillredas p\u00e5 flera olika s\u00e4tt, vilket ger flexibilitet i anv\u00e4ndningen.<\/p>\n\n\n\n<p>Man kan tillreda drycken varm genom att blanda 1 tesked pulver med hett vatten p\u00e5 cirka 80 grader Celsius. De som f\u00f6redrar svalare drycker kan g\u00f6ra en kall Cappuccino MCT genom att tills\u00e4tta pulvret i kallt vatten. Dessa olika tillagningsmetoder g\u00f6r det enkelt f\u00f6r vem som helst att inf\u00f6rliva produkten i sin dagliga kost.<\/p>\n\n\n\n<p>P\u00e5 grund av koffeinhalten i Cappuccino MCT \u00e4r det viktigt att <b>anv\u00e4ndningen<\/b> av produkten \u00e4r avsiktlig. Personer som \u00e4r k\u00e4nsliga f\u00f6r koffein b\u00f6r undvika \u00f6verdriven konsumtion f\u00f6r att undvika att uppleva obehagliga biverkningar. Det rekommenderas att ta drycken efter en m\u00e5ltid f\u00f6r att maximera dess egenskaper.<\/p>\n\n\n\n<figure class=\"wp-block-table\"><table class=\"has-fixed-layout\"><tbody><tr><th>Typ av anv\u00e4ndning<\/th><th>Rekommenderad dosering<\/th><th>Vattentemperatur<\/th><\/tr><tr><td>Varmt<\/td><td>2 g (1 tesked)<\/td><td>80\u00b0C<\/td><\/tr><tr><td>Kallt<\/td><td>2 g (1 tesked)<\/td><td>kallt vatten<\/td><\/tr><\/tbody><\/table><\/figure>\n\n\n\n<h2 class=\"wp-block-heading\">Recensioner och \u00e5sikter om Cappuccino MCT<\/h2>\n\n\n\n<p><b>Anv\u00e4ndarrecensioner<\/b> av Cappuccino MCT \u00e4r \u00f6verv\u00e4ldigande positiva, med <b>erfarenheter<\/b> som pekar p\u00e5 de olika f\u00f6rdelarna med att regelbundet konsumera denna produkt. Kunderna ber\u00f6mmer inte bara viktminskningseffekterna utan ocks\u00e5 kaffets smak, vilket g\u00f6r det till ett utm\u00e4rkt val f\u00f6r varje dag.<\/p>\n\n\n\n<blockquote class=\"wp-block-quote is-layout-flow wp-block-quote-is-layout-flow\">\n<p><em>Marta:<\/em> &#8221;Jag anv\u00e4nde Cappuccino MCT i n\u00e5gra veckor och m\u00e4rkte att jag kontrollerade min aptit b\u00e4ttre \u00e4n tidigare. Min vikt har g\u00e5tt ner med n\u00e5gra kilo och kaffet \u00e4r riktigt gott, s\u00e4rskilt kallt!&#8221;<\/p>\n<\/blockquote>\n\n\n\n<blockquote class=\"wp-block-quote is-layout-flow wp-block-quote-is-layout-flow\">\n<p><em>Christopher:<\/em> &#8221;Cappuccino MCT har hj\u00e4lpt mig med min viktminskning eftersom det ger mig energi f\u00f6r dagen. Kombinationen av den distinkta smaken och h\u00e4lsof\u00f6rdelarna g\u00f6r hela skillnaden, och jag rekommenderar det till alla som h\u00e5ller p\u00e5 med en diet!&#8221;<\/p>\n<\/blockquote>\n\n\n\n<blockquote class=\"wp-block-quote is-layout-flow wp-block-quote-is-layout-flow\">\n<p><em>Agnieszka:<\/em> &#8221;Jag f\u00f6rv\u00e4ntade mig inte s\u00e5 snabba resultat. Efter en veckas anv\u00e4ndning k\u00e4nner jag mig redan l\u00e4ttare och kaffet har blivit min favoritfrukostdryck.&#8221;<\/p>\n<\/blockquote>\n\n\n\n<p>Oavsett personliga erfarenheter visar <b>recensionerna<\/b> av Cappuccino MCT att dess naturliga <b>sammans\u00e4ttning<\/b> och <b>verkan<\/b> fr\u00e4mjar viktminskning och \u00f6kad energi. Anv\u00e4ndarna uppskattar ocks\u00e5 de minimala <b>biverkningarna<\/b>, som \u00e4r s\u00e4llsynta med detta tillskott. Det \u00e4r v\u00e4rt att notera att Cappuccino MCT endast kan k\u00f6pas fr\u00e5n tillverkarens officiella webbplats, d\u00e4r priserna kan bero p\u00e5 aktuella kampanjer.<\/p>\n\n\n\n<h2 class=\"wp-block-heading\">Sammans\u00e4ttning av Cappuccino MCT &#8211; Vad inneh\u00e5ller den?<\/h2>\n\n\n\n<p>Cappuccino MCT \u00e4r en produkt som kombinerar <b>ingredienser<\/b> f\u00f6r att st\u00f6dja viktminskning. Dess <em>sammans\u00e4ttning<\/em> \u00e4r baserad p\u00e5 noggrant utvalda element som syftar till att \u00f6ka effektiviteten i viktminskning.<\/p>\n\n\n\n<p>Viktiga <em>ingredienser<\/em> inkluderar:<\/p>\n\n\n\n<ul class=\"wp-block-list\">\n<li>L\u00f6sligt kaffe &#8211; 50%<\/li>\n\n\n\n<li>Inulin fr\u00e5n cikoria &#8211; 22%<\/li>\n\n\n\n<li>Bromelain<\/li>\n\n\n\n<li>Garcinia Cambogia extrakt<\/li>\n\n\n\n<li>matcha gr\u00f6nt te<\/li>\n\n\n\n<li>gr\u00f6nt kaffe<\/li>\n<\/ul>\n\n\n\n<p>Inulin st\u00f6der tarmfunktionen och bidrar till k\u00e4nslan av m\u00e4ttnad. Garcinia Cambogia-extrakt st\u00f6der fettmetabolismen, vilket g\u00f6r denna formel mer effektiv. Den dagliga dosen koffein \u00e4r 28 mg, vilket kan ge en extra energikick.<\/p>\n\n\n\n<p>Beredningen av drycken \u00e4r enkel och du kan anpassa smaken efter dina personliga preferenser. L\u00f6s helt enkelt upp tre skopor Cappuccino MCT i vatten. Den rekommenderade dagliga dosen \u00e4r en kopp, vilket g\u00f6r denna produkt till en bekv\u00e4m f\u00f6ljeslagare f\u00f6r viktminskning.<\/p>\n\n\n\n<h2 class=\"wp-block-heading\">Var kan man k\u00f6pa och hur mycket kostar Cappuccino MCT &#8211; pris<\/h2>\n\n\n\n<p>Cappuccino MCT \u00e4r endast tillg\u00e4nglig p\u00e5 <em>tillverkarens officiella webbplats.<\/em> Ink\u00f6p via denna plattform garanterar produktens \u00e4kthet och h\u00f6gsta kvalitet.<\/p>\n\n\n\n<p>Det \u00e4r v\u00e4rt att \u00f6vervaka kampanjer, eftersom rabatter kan f\u00f6rekomma. Att k\u00f6pa fr\u00e5n tillverkarens webbplats \u00e4r mer f\u00f6rdelaktigt \u00e4n p\u00e5 andra ink\u00f6psplattformar d\u00e4r <b>priset<\/b> \u00e4r detsamma, men en produkt som k\u00f6ps fr\u00e5n en officiell tillverkare kommer ofta med den extra f\u00f6rdelen med en kvalitetsgaranti.<\/p>\n\n\n\n<p>Det \u00e4r v\u00e4rt att notera att produkten inte finns tillg\u00e4nglig p\u00e5 <em>polska apotek p\u00e5<\/em> grund av brist p\u00e5 leverans. N\u00e4sta leverans planeras f\u00f6rst om 2-3 m\u00e5nader, vilket betonar det unika med Cappuccino MCT p\u00e5 marknaden. D\u00e4rf\u00f6r b\u00f6r de som \u00e4r intresserade fokusera sin s\u00f6kning p\u00e5 tillverkarens webbplats f\u00f6r att inte missa m\u00f6jligheten att k\u00f6pa.<\/p>\n\n\n\n<h2 class=\"wp-block-heading\">Cappuccino MCT &#8211; Potentiella biverkningar och kontraindikationer att anv\u00e4nda<\/h2>\n\n\n\n<p>Cappuccino MCT kan trots sina f\u00f6rdelaktiga egenskaper leda till biverkningar hos vissa individer. De vanligaste rapporterade problemen inkluderar uppbl\u00e5sthet och buksm\u00e4rta, s\u00e4rskilt n\u00e4r de tas i \u00f6verskott. D\u00e4rf\u00f6r \u00e4r det v\u00e4rt att vara uppm\u00e4rksam p\u00e5 den rekommenderade <b>dosen<\/b> och inte \u00f6verskrida de m\u00e4ngder som f\u00f6resl\u00e5s av tillverkaren.<\/p>\n\n\n\n<p>Det finns ocks\u00e5 <b>kontraindikationer<\/b> f\u00f6r anv\u00e4ndningen av Cappuccino MCT. Denna produkt rekommenderas inte f\u00f6r gravida eller ammande kvinnor. Personer med matsm\u00e4ltningsproblem b\u00f6r ocks\u00e5 undvika att anv\u00e4nda den. Det \u00e4r alltid tillr\u00e5dligt att konsultera din l\u00e4kare innan du tar n\u00e5got nytt kosttillskott.<\/p>\n\n\n\n<p>Det \u00e4r viktigt att vara medveten om individuella kroppsreaktioner p\u00e5 kosttillskott som Cappuccino MCT. M\u00e4nniskor som omedvetet ignorerar symtom som kan f\u00f6reb\u00e5da problem uts\u00e4tter sig f\u00f6r risk f\u00f6r obehag. Var d\u00e4rf\u00f6r uppm\u00e4rksam p\u00e5 ditt v\u00e4lbefinnande och reagera i enlighet med detta om n\u00e5gra biverkningar uppst\u00e5r.<\/p>\n","protected":false},"excerpt":{"rendered":"<p><strong>[date_countdown]<\/strong><\/p>\n<p><img decoding=\"async\" class=\"alignnone wp-image-12507\" src=\"https:\/\/www.vardcentralenhjartatsolna.se\/farmaci\/wp-content\/uploads\/2024\/11\/SAFE-PAY-300x88-1.png\" alt=\"SAFE-PAY-300x88\" width=\"201\" height=\"59\" \/><\/p>\n","protected":false},"featured_media":12007,"comment_status":"open","ping_status":"closed","template":"","meta":{"neve_meta_sidebar":"","neve_meta_container":"","neve_meta_enable_content_width":"","neve_meta_content_width":0,"neve_meta_title_alignment":"","neve_meta_author_avatar":"","neve_post_elements_order":"","neve_meta_disable_header":"","neve_meta_disable_footer":"","neve_meta_disable_title":"","neve_meta_reading_time":""},"product_brand":[],"product_cat":[568],"product_tag":[],"class_list":{"0":"post-12447","1":"product","2":"type-product","3":"status-publish","4":"has-post-thumbnail","6":"product_cat-viktnedgang","8":"first","9":"instock","10":"sale","11":"shipping-taxable","12":"product-type-external"},"yoast_head":"<!-- This site is optimized with the Yoast SEO plugin v27.4 - https:\/\/yoast.com\/product\/yoast-seo-wordpress\/ -->\n<title>Cappuccino MCT - Recension, Pris, Effekter, Apotek, Forum | -50%<\/title>\n<meta name=\"robots\" content=\"index, follow, max-snippet:-1, max-image-preview:large, max-video-preview:-1\" \/>\n<link rel=\"canonical\" href=\"https:\/\/www.vardcentralenhjartatsolna.se\/farmaci\/apt\/cappuccino-mct\/\" \/>\n<meta property=\"og:locale\" content=\"sv_SE\" \/>\n<meta property=\"og:type\" content=\"article\" \/>\n<meta property=\"og:title\" content=\"Cappuccino MCT - Recension, Pris, Effekter, Apotek, Forum | -50%\" \/>\n<meta property=\"og:url\" content=\"https:\/\/www.vardcentralenhjartatsolna.se\/farmaci\/apt\/cappuccino-mct\/\" \/>\n<meta property=\"og:site_name\" content=\"Vardcentralenhjartatsolna\" \/>\n<meta property=\"article:modified_time\" content=\"2024-11-15T15:31:32+00:00\" \/>\n<meta property=\"og:image\" content=\"https:\/\/www.vardcentralenhjartatsolna.se\/farmaci\/wp-content\/uploads\/2024\/11\/Cappuccino-MCT.jpg\" \/>\n\t<meta property=\"og:image:width\" content=\"768\" \/>\n\t<meta property=\"og:image:height\" content=\"768\" \/>\n\t<meta property=\"og:image:type\" content=\"image\/jpeg\" \/>\n<meta name=\"twitter:card\" content=\"summary_large_image\" \/>\n<meta name=\"twitter:description\" content=\"[date_countdown]\" \/>\n<meta name=\"twitter:label1\" content=\"Ber\u00e4knad l\u00e4stid\" \/>\n\t<meta name=\"twitter:data1\" content=\"1 minut\" \/>\n<script type=\"application\/ld+json\" class=\"yoast-schema-graph\">{\"@context\":\"https:\\\/\\\/schema.org\",\"@graph\":[{\"@type\":\"WebPage\",\"@id\":\"https:\\\/\\\/www.vardcentralenhjartatsolna.se\\\/farmaci\\\/apt\\\/cappuccino-mct\\\/\",\"url\":\"https:\\\/\\\/www.vardcentralenhjartatsolna.se\\\/farmaci\\\/apt\\\/cappuccino-mct\\\/\",\"name\":\"Cappuccino MCT - Recension, Pris, Effekter, Apotek, Forum | -50%\",\"isPartOf\":{\"@id\":\"https:\\\/\\\/www.vardcentralenhjartatsolna.se\\\/farmaci\\\/#website\"},\"primaryImageOfPage\":{\"@id\":\"https:\\\/\\\/www.vardcentralenhjartatsolna.se\\\/farmaci\\\/apt\\\/cappuccino-mct\\\/#primaryimage\"},\"image\":{\"@id\":\"https:\\\/\\\/www.vardcentralenhjartatsolna.se\\\/farmaci\\\/apt\\\/cappuccino-mct\\\/#primaryimage\"},\"thumbnailUrl\":\"https:\\\/\\\/www.vardcentralenhjartatsolna.se\\\/farmaci\\\/wp-content\\\/uploads\\\/2024\\\/11\\\/Cappuccino-MCT.jpg\",\"datePublished\":\"2024-11-09T14:08:37+00:00\",\"dateModified\":\"2024-11-15T15:31:32+00:00\",\"breadcrumb\":{\"@id\":\"https:\\\/\\\/www.vardcentralenhjartatsolna.se\\\/farmaci\\\/apt\\\/cappuccino-mct\\\/#breadcrumb\"},\"inLanguage\":\"sv-SE\",\"potentialAction\":[{\"@type\":\"ReadAction\",\"target\":[\"https:\\\/\\\/www.vardcentralenhjartatsolna.se\\\/farmaci\\\/apt\\\/cappuccino-mct\\\/\"]}]},{\"@type\":\"ImageObject\",\"inLanguage\":\"sv-SE\",\"@id\":\"https:\\\/\\\/www.vardcentralenhjartatsolna.se\\\/farmaci\\\/apt\\\/cappuccino-mct\\\/#primaryimage\",\"url\":\"https:\\\/\\\/www.vardcentralenhjartatsolna.se\\\/farmaci\\\/wp-content\\\/uploads\\\/2024\\\/11\\\/Cappuccino-MCT.jpg\",\"contentUrl\":\"https:\\\/\\\/www.vardcentralenhjartatsolna.se\\\/farmaci\\\/wp-content\\\/uploads\\\/2024\\\/11\\\/Cappuccino-MCT.jpg\",\"width\":768,\"height\":768},{\"@type\":\"BreadcrumbList\",\"@id\":\"https:\\\/\\\/www.vardcentralenhjartatsolna.se\\\/farmaci\\\/apt\\\/cappuccino-mct\\\/#breadcrumb\",\"itemListElement\":[{\"@type\":\"ListItem\",\"position\":1,\"name\":\"Strona g\u0142\u00f3wna\",\"item\":\"https:\\\/\\\/www.vardcentralenhjartatsolna.se\\\/farmaci\\\/\"},{\"@type\":\"ListItem\",\"position\":2,\"name\":\"Produkte\",\"item\":\"https:\\\/\\\/www.vardcentralenhjartatsolna.se\\\/farmaci\\\/\"},{\"@type\":\"ListItem\",\"position\":3,\"name\":\"Cappuccino MCT\"}]},{\"@type\":\"WebSite\",\"@id\":\"https:\\\/\\\/www.vardcentralenhjartatsolna.se\\\/farmaci\\\/#website\",\"url\":\"https:\\\/\\\/www.vardcentralenhjartatsolna.se\\\/farmaci\\\/\",\"name\":\"Vardcentralenhjartatsolna\",\"description\":\"\",\"potentialAction\":[{\"@type\":\"SearchAction\",\"target\":{\"@type\":\"EntryPoint\",\"urlTemplate\":\"https:\\\/\\\/www.vardcentralenhjartatsolna.se\\\/farmaci\\\/?s={search_term_string}\"},\"query-input\":{\"@type\":\"PropertyValueSpecification\",\"valueRequired\":true,\"valueName\":\"search_term_string\"}}],\"inLanguage\":\"sv-SE\"}]}<\/script>\n<!-- \/ Yoast SEO plugin. -->","yoast_head_json":{"title":"Cappuccino MCT - Recension, Pris, Effekter, Apotek, Forum | -50%","robots":{"index":"index","follow":"follow","max-snippet":"max-snippet:-1","max-image-preview":"max-image-preview:large","max-video-preview":"max-video-preview:-1"},"canonical":"https:\/\/www.vardcentralenhjartatsolna.se\/farmaci\/apt\/cappuccino-mct\/","og_locale":"sv_SE","og_type":"article","og_title":"Cappuccino MCT - Recension, Pris, Effekter, Apotek, Forum | -50%","og_url":"https:\/\/www.vardcentralenhjartatsolna.se\/farmaci\/apt\/cappuccino-mct\/","og_site_name":"Vardcentralenhjartatsolna","article_modified_time":"2024-11-15T15:31:32+00:00","og_image":[{"width":768,"height":768,"url":"https:\/\/www.vardcentralenhjartatsolna.se\/farmaci\/wp-content\/uploads\/2024\/11\/Cappuccino-MCT.jpg","type":"image\/jpeg"}],"twitter_card":"summary_large_image","twitter_description":"[date_countdown]","twitter_misc":{"Ber\u00e4knad l\u00e4stid":"1 minut"},"schema":{"@context":"https:\/\/schema.org","@graph":[{"@type":"WebPage","@id":"https:\/\/www.vardcentralenhjartatsolna.se\/farmaci\/apt\/cappuccino-mct\/","url":"https:\/\/www.vardcentralenhjartatsolna.se\/farmaci\/apt\/cappuccino-mct\/","name":"Cappuccino MCT - Recension, Pris, Effekter, Apotek, Forum | -50%","isPartOf":{"@id":"https:\/\/www.vardcentralenhjartatsolna.se\/farmaci\/#website"},"primaryImageOfPage":{"@id":"https:\/\/www.vardcentralenhjartatsolna.se\/farmaci\/apt\/cappuccino-mct\/#primaryimage"},"image":{"@id":"https:\/\/www.vardcentralenhjartatsolna.se\/farmaci\/apt\/cappuccino-mct\/#primaryimage"},"thumbnailUrl":"https:\/\/www.vardcentralenhjartatsolna.se\/farmaci\/wp-content\/uploads\/2024\/11\/Cappuccino-MCT.jpg","datePublished":"2024-11-09T14:08:37+00:00","dateModified":"2024-11-15T15:31:32+00:00","breadcrumb":{"@id":"https:\/\/www.vardcentralenhjartatsolna.se\/farmaci\/apt\/cappuccino-mct\/#breadcrumb"},"inLanguage":"sv-SE","potentialAction":[{"@type":"ReadAction","target":["https:\/\/www.vardcentralenhjartatsolna.se\/farmaci\/apt\/cappuccino-mct\/"]}]},{"@type":"ImageObject","inLanguage":"sv-SE","@id":"https:\/\/www.vardcentralenhjartatsolna.se\/farmaci\/apt\/cappuccino-mct\/#primaryimage","url":"https:\/\/www.vardcentralenhjartatsolna.se\/farmaci\/wp-content\/uploads\/2024\/11\/Cappuccino-MCT.jpg","contentUrl":"https:\/\/www.vardcentralenhjartatsolna.se\/farmaci\/wp-content\/uploads\/2024\/11\/Cappuccino-MCT.jpg","width":768,"height":768},{"@type":"BreadcrumbList","@id":"https:\/\/www.vardcentralenhjartatsolna.se\/farmaci\/apt\/cappuccino-mct\/#breadcrumb","itemListElement":[{"@type":"ListItem","position":1,"name":"Strona g\u0142\u00f3wna","item":"https:\/\/www.vardcentralenhjartatsolna.se\/farmaci\/"},{"@type":"ListItem","position":2,"name":"Produkte","item":"https:\/\/www.vardcentralenhjartatsolna.se\/farmaci\/"},{"@type":"ListItem","position":3,"name":"Cappuccino MCT"}]},{"@type":"WebSite","@id":"https:\/\/www.vardcentralenhjartatsolna.se\/farmaci\/#website","url":"https:\/\/www.vardcentralenhjartatsolna.se\/farmaci\/","name":"Vardcentralenhjartatsolna","description":"","potentialAction":[{"@type":"SearchAction","target":{"@type":"EntryPoint","urlTemplate":"https:\/\/www.vardcentralenhjartatsolna.se\/farmaci\/?s={search_term_string}"},"query-input":{"@type":"PropertyValueSpecification","valueRequired":true,"valueName":"search_term_string"}}],"inLanguage":"sv-SE"}]}},"_links":{"self":[{"href":"https:\/\/www.vardcentralenhjartatsolna.se\/farmaci\/wp-json\/wp\/v2\/product\/12447","targetHints":{"allow":["GET"]}}],"collection":[{"href":"https:\/\/www.vardcentralenhjartatsolna.se\/farmaci\/wp-json\/wp\/v2\/product"}],"about":[{"href":"https:\/\/www.vardcentralenhjartatsolna.se\/farmaci\/wp-json\/wp\/v2\/types\/product"}],"replies":[{"embeddable":true,"href":"https:\/\/www.vardcentralenhjartatsolna.se\/farmaci\/wp-json\/wp\/v2\/comments?post=12447"}],"wp:featuredmedia":[{"embeddable":true,"href":"https:\/\/www.vardcentralenhjartatsolna.se\/farmaci\/wp-json\/wp\/v2\/media\/12007"}],"wp:attachment":[{"href":"https:\/\/www.vardcentralenhjartatsolna.se\/farmaci\/wp-json\/wp\/v2\/media?parent=12447"}],"wp:term":[{"taxonomy":"product_brand","embeddable":true,"href":"https:\/\/www.vardcentralenhjartatsolna.se\/farmaci\/wp-json\/wp\/v2\/product_brand?post=12447"},{"taxonomy":"product_cat","embeddable":true,"href":"https:\/\/www.vardcentralenhjartatsolna.se\/farmaci\/wp-json\/wp\/v2\/product_cat?post=12447"},{"taxonomy":"product_tag","embeddable":true,"href":"https:\/\/www.vardcentralenhjartatsolna.se\/farmaci\/wp-json\/wp\/v2\/product_tag?post=12447"}],"curies":[{"name":"wp","href":"https:\/\/api.w.org\/{rel}","templated":true}]}}