{"id":12439,"date":"2024-11-09T15:08:35","date_gmt":"2024-11-09T14:08:35","guid":{"rendered":"https:\/\/blodsjukdom.se\/farmaci\/apt\/mind-booster\/"},"modified":"2024-11-15T20:03:57","modified_gmt":"2024-11-15T19:03:57","slug":"mind-booster","status":"publish","type":"product","link":"https:\/\/www.vardcentralenhjartatsolna.se\/farmaci\/apt\/mind-booster\/","title":{"rendered":"Mind Booster"},"content":{"rendered":"\n<h2 class=\"wp-block-heading\">Vad \u00e4r Mind Booster och hur fungerar det?<\/h2>\n\n\n\n<p><b>Mind Booster<\/b> \u00e4r ett <em>kosttillskott<\/em> som \u00e4r utformat f\u00f6r personer som s\u00f6ker st\u00f6d f\u00f6r <em>koncentration<\/em> och f\u00f6rb\u00e4ttring av kognitiva funktioner. Produktens <b>verkan<\/b> \u00e4r baserad p\u00e5 en synergi av aktiva ingredienser som st\u00f6der kognitiva processer i kroppen. Nyckelelementet \u00e4r Myo-Inositol, som spelar en viktig roll i neurokemisk balans och f\u00f6rb\u00e4ttrar hum\u00f6ret.<\/p>\n\n\n\n<p>Mind Booster inneh\u00e5ller ocks\u00e5 <b>L-Theanine<\/b>, en naturlig ingrediens som absorberas fr\u00e5n gr\u00f6nt te, vilket \u00e4r effektivt f\u00f6r att hj\u00e4lpa till att slappna av samtidigt som <em>koncentrationen<\/em> \u00f6kar. Tack vare dessa egenskaper bidrar Mind Booster till att minska de negativa effekterna av koffein, vilket \u00e4r s\u00e4rskilt viktigt f\u00f6r tj\u00e4nstem\u00e4n och studenter.<\/p>\n\n\n\n<p>De aktiva ingredienserna i Mind Booster f\u00f6rb\u00e4ttrar inte bara <b>minnet<\/b> utan ocks\u00e5 den \u00f6vergripande mentala prestationen, vilket \u00e4r viktigt i en tid med \u00f6kande intellektuella krav. Detta <b>tillskott<\/b> rekommenderas d\u00e4rf\u00f6r f\u00f6r personer som vill \u00f6ka sin prestationsf\u00f6rm\u00e5ga i studier, arbete eller aktiviteter som kr\u00e4ver h\u00f6g grad av fokus.<\/p>\n\n\n\n<figure class=\"wp-block-table\"><table class=\"has-fixed-layout\"><tbody><tr><th>Ingrediens<\/th><th>Effekt<\/th><\/tr><tr><td>Myo-Inositol<\/td><td>St\u00f6djer den neurokemiska balansen och f\u00f6rb\u00e4ttrar hum\u00f6ret<\/td><\/tr><tr><td><b>L-Theanin<\/b><\/td><td>Fr\u00e4mjar avslappning och koncentration, minskar effekterna av koffein<\/td><\/tr><tr><td>Extrakt fr\u00e5n grapefrukt<\/td><td>Skyddar mot oxidativ stress<\/td><\/tr><tr><td>Extrakt av amerikansk ginsengrot<\/td><td>F\u00f6rb\u00e4ttrar fysisk och mental prestationsf\u00f6rm\u00e5ga<\/td><\/tr><tr><td>Kolin<\/td><td>St\u00f6djer <b>minnet<\/b> och den kognitiva funktionen<\/td><\/tr><\/tbody><\/table><\/figure>\n\n\n\n<p>Det \u00e4r v\u00e4rt att notera att Mind Booster inte \u00e4r avsett f\u00f6r barn eller gravida eller ammande kvinnor. Det f\u00f6reslagna intaget \u00e4r tv\u00e5 kapslar per dag, vilket g\u00f6r produkten bekv\u00e4m att anv\u00e4nda och en f\u00f6rpackning r\u00e4cker i en m\u00e5nad.<\/p>\n\n\n\n<h2 class=\"wp-block-heading\">Mind Booster &#8211; effekter av anv\u00e4ndning<\/h2>\n\n\n\n<p><b>Kosttillskottet<\/b> Mind Booster har m\u00e4rkbara <b>effekter p\u00e5<\/b> anv\u00e4ndarna, vilket avsev\u00e4rt st\u00f6der deras <em>koncentration<\/em> och <em>minne<\/em>. Viktiga ingredienser som druvranka, ginkgo biloba och amerikansk ginseng arbetar synergistiskt f\u00f6r att f\u00f6rb\u00e4ttra blodcirkulationen i hj\u00e4rnan och skydda cellerna fr\u00e5n fria radikaler. Vid regelbunden anv\u00e4ndning m\u00e4rker anv\u00e4ndare av Mind Booster f\u00f6rb\u00e4ttringar av mental prestanda och f\u00f6rm\u00e5gan att absorbera kunskap.<\/p>\n\n\n\n<p><b>Anv\u00e4ndare<\/b> rapporterar f\u00f6ljande <b>effekter av<\/b> anv\u00e4ndningen:<\/p>\n\n\n\n<ul class=\"wp-block-list\">\n<li>En \u00f6kning av energiniv\u00e5erna och f\u00f6rm\u00e5gan att fokusera p\u00e5 uppgifter samtidigt som symtomen p\u00e5 stress minskar.<\/li>\n\n\n\n<li>F\u00f6rb\u00e4ttrat minne och effektivare uppgiftsprestanda, vilket resulterar i effektivare inl\u00e4rning och arbete.<\/li>\n\n\n\n<li>F\u00f6rb\u00e4ttrat \u00f6vergripande psykiskt v\u00e4lbefinnande, vilket fr\u00e4mjar motivation i det dagliga livet.<\/li>\n<\/ul>\n\n\n\n<p><b>Effekterna<\/b> av Mind Booster har bekr\u00e4ftats av h\u00f6ga anv\u00e4ndarbetyg. Det genomsnittliga betyget \u00e4r 4,95 av 5 stj\u00e4rnor, vilket bevisar till\u00e4ggets effektivitet i mental regenerering och tr\u00f6tthetsminskning. Regelbunden <b>anv\u00e4ndning av<\/b> kosttillskottet kan d\u00e4rf\u00f6r bidra till en f\u00f6rb\u00e4ttrad livskvalitet och st\u00f6dja b\u00e5de <em>koncentration<\/em> och <em>minne<\/em>.<\/p>\n\n\n\n<h2 class=\"wp-block-heading\">Hur tar jag Mind Booster? &#8211; Dosering och rekommendationer<\/h2>\n\n\n\n<p>Mind Booster \u00e4r ett <b>kosttillskott<\/b> som st\u00f6der koncentration och minne. R\u00e4tt <em>dosering<\/em> spelar en viktig roll f\u00f6r effektiviteten av dess anv\u00e4ndning. Den rekommenderade <b>dosen<\/b> \u00e4r 2 skopor (0,6 g) uppl\u00f6sta i 250-350 ml vatten eller juice, som tas 1-2 g\u00e5nger om dagen. En s\u00e5dan <em>anv\u00e4ndning<\/em> g\u00f6r att effekterna av tillskottet kan optimeras.<\/p>\n\n\n\n<p>St\u00f6d f\u00f6r dem som leder en aktiv livsstil \u00e4r en viktig f\u00f6rdel med Mind Booster. <b>Tillskottet<\/b> kan tas n\u00e4r som helst p\u00e5 dygnet, vilket \u00f6kar dess anv\u00e4ndbarhet. <em>Doseringsrekommendationerna<\/em> b\u00f6r f\u00f6ljas strikt, eftersom detta undviker potentiella biverkningar och s\u00e4kerst\u00e4ller maximal nytta av dess effekter.<\/p>\n\n\n\n<p>Korrekt <em>anv\u00e4ndning av<\/em> Mind Booster g\u00f6r det m\u00f6jligt att uppn\u00e5 de fulla f\u00f6rdelarna, som kan avsl\u00f6ja sig gradvis under flera veckor eller m\u00e5nader. Regelbundenhet i <em>dosering<\/em> och efterlevnad av tillverkarens <em>rekommendation<\/em> \u00e4r nyckeln till effektiviteten i detta till\u00e4gg.<\/p>\n\n\n\n<h2 class=\"wp-block-heading\">Mind Booster &#8211; \u00c5sikter och recensioner, Forum<\/h2>\n\n\n\n<p>Mind<b>Booster-anv\u00e4ndare<\/b> delar sina erfarenheter p\u00e5 onlineforum, vilket \u00e4r en v\u00e4rdefull resurs f\u00f6r potentiella konsumenter. M\u00e5nga positiva <em>recensioner<\/em> bekr\u00e4ftar till\u00e4ggets effektivitet och dess positiva effekter p\u00e5 kognitiv funktion.<\/p>\n\n\n\n<blockquote class=\"wp-block-quote is-layout-flow wp-block-quote-is-layout-flow\">\n<p>&#8221;Sedan jag anv\u00e4nde Mind Booster \u00e4r min <b>koncentration<\/b> mycket b\u00e4ttre. Jag arbetar i en stressig milj\u00f6 och detta <b>till\u00e4gg<\/b> har hj\u00e4lpt mig att kontrollera mina k\u00e4nslor och fokusera p\u00e5 uppgifter. Jag kunde aldrig f\u00f6rest\u00e4lla mig att effekterna kunde vara s\u00e5 positiva.&#8221; &#8211; Kasia.<\/p>\n<\/blockquote>\n\n\n\n<blockquote class=\"wp-block-quote is-layout-flow wp-block-quote-is-layout-flow\">\n<p>&#8221;Mind Booster har varit ett genombrott f\u00f6r mig. Efter tv\u00e5 veckors anv\u00e4ndning m\u00e4rkte jag en betydande f\u00f6rb\u00e4ttring av mitt l\u00e4rande. Jag kunde f\u00f6rbereda mig b\u00e4ttre f\u00f6r tentor och fick sj\u00e4lvf\u00f6rtroende. Den naturliga <b>sammans\u00e4ttningen<\/b> och bristen p\u00e5 kemiska tillsatser \u00e4r ett stort plus f\u00f6r mig.&#8221; &#8211; Marcin.<\/p>\n<\/blockquote>\n\n\n\n<blockquote class=\"wp-block-quote is-layout-flow wp-block-quote-is-layout-flow\">\n<p>&#8221;Jag k\u00e4nner mig mer motiverad att vidta \u00e5tg\u00e4rder sedan jag b\u00f6rjade anv\u00e4nda Mind Booster. Det har gett mig mer energi f\u00f6r mina dagliga uppgifter. Jag har ocks\u00e5 m\u00e4rkt en f\u00f6rb\u00e4ttring av min s\u00f6mnkvalitet, vilket bara bekr\u00e4ftar effektiviteten i detta till\u00e4gg.&#8221; &#8211; Anne.<\/p>\n<\/blockquote>\n\n\n\n<p><b>Anv\u00e4ndarrecensioner<\/b> lyfter ofta fram Mind Boosters naturliga <b>sammans\u00e4ttning<\/b> och dess effektivitet f\u00f6r att f\u00f6rb\u00e4ttra minne och koncentration. Rekommendationer visas i m\u00e5nga <em>recensioner<\/em>, d\u00e4r <b>anv\u00e4ndare<\/b> n\u00e4mner att de best\u00e4ller ytterligare f\u00f6rpackningar efter positiva upplevelser. Samtidigt finns det ingen brist p\u00e5 kritiska r\u00f6ster som p\u00e5pekar skillnader i uppfattningen av effekterna, vilket betonar att varje kropp reagerar annorlunda.<\/p>\n\n\n\n<p>I forumen finns det ofta \u00e4mnen om synergi med andra produkter som n\u00f6tter eller choklad, vilket vissa anv\u00e4ndare tror \u00f6kar till\u00e4ggets effektivitet. Det \u00e4r v\u00e4rt att notera att Mind Booster inte finns p\u00e5 station\u00e4ra apotek, och det b\u00e4sta st\u00e4llet att k\u00f6pa det \u00e4r fortfarande tillverkarens officiella webbplats.<\/p>\n\n\n\n<h2 class=\"wp-block-heading\">Mind Booster &#8211; Sammans\u00e4ttning &#8211; Ingrediensanalys<\/h2>\n\n\n\n<p>Mind Booster \u00e4r ett kosttillskott som inneh\u00e5ller en noggrant utvald <em>komposition<\/em> som st\u00f6der kognitiv funktion och koncentration. Bland dess viktigaste ingredienser \u00e4r <strong>Myo-Inositol<\/strong> 400 mg och <strong>L-Theanine<\/strong> 200 mg. Tack vare den synergistiska verkan av dessa \u00e4mnen ger formeln st\u00f6d f\u00f6r mental h\u00e4lsa och f\u00f6rb\u00e4ttrar hum\u00f6ret.<\/p>\n\n\n\n<p>I analysen av Mind Booster-ingredienserna kan f\u00f6ljande n\u00e4mnas:<\/p>\n\n\n\n<ul class=\"wp-block-list\">\n<li>Extrakt av vinstocksfrukt &#8211; 250 mg<\/li>\n\n\n\n<li>Extrakt av amerikansk ginsengrot &#8211; 200 mg<\/li>\n\n\n\n<li>Kolin &#8211; 100 mg<\/li>\n\n\n\n<li>Extrakt av Ginkgo biloba-blad<\/li>\n<\/ul>\n\n\n\n<figure class=\"wp-block-table\"><table class=\"has-fixed-layout\"><tbody><tr><th>Ingredienser<\/th><th>M\u00e4ngd i 2 kapslar<\/th><th>Effekt<\/th><\/tr><tr><td><b>Myo-inositol<\/b><\/td><td>400 mg<\/td><td>Uppr\u00e4tth\u00e5llande av neurokemisk balans, st\u00f6d f\u00f6r hum\u00f6ret<\/td><\/tr><tr><td>L-Theanin<\/td><td>200 mg<\/td><td>Avslappning, f\u00f6rb\u00e4ttrad koncentration<\/td><\/tr><tr><td>Extrakt av vinranka<\/td><td>250 mg<\/td><td>Antioxidant<b>effekt<\/b>, cellskydd<\/td><\/tr><tr><td>Ginseng-extrakt<\/td><td>200 mg<\/td><td>Vitalitet, f\u00f6rb\u00e4ttring av kognitiva funktioner<\/td><\/tr><tr><td>Kolin<\/td><td>100 mg<\/td><td>St\u00f6d f\u00f6r nervsystemet<\/td><\/tr><\/tbody><\/table><\/figure>\n\n\n\n<p>Mind Booster inneh\u00e5ller ocks\u00e5 \u00e4mnen som f\u00f6rb\u00e4ttrar cirkulationen och reglerar nervsystemet, vilket direkt f\u00f6rb\u00e4ttrar hj\u00e4rnans funktion. Formeln \u00e4r utformad f\u00f6r att \u00f6ka motst\u00e5ndet mot stress, vilket g\u00f6r det l\u00e4ttare att hantera mentala utmaningar dagligen.<\/p>\n\n\n\n<p><b>Anv\u00e4ndningen<\/b> av Mind Booster i den rekommenderade dosen av 2 kapslar per dag bidrar till f\u00f6rb\u00e4ttrad koncentration, motivation och minnesf\u00f6rm\u00e5ga.<\/p>\n\n\n\n<h2 class=\"wp-block-heading\">Var kan man k\u00f6pa och hur mycket kostar Mind Booster &#8211; pris<\/h2>\n\n\n\n<p>Mind Booster kan endast k\u00f6pas via <em>tillverkarens officiella webbplats.<\/em> Denna ink\u00f6psmetod s\u00e4kerst\u00e4ller de l\u00e4gsta priserna och en garanti f\u00f6r produktkvalitet. Att k\u00f6pa direkt fr\u00e5n <em>den officiella tillverkaren<\/em> eliminerar risken f\u00f6r att k\u00f6pa f\u00f6rfalskningar, vilket \u00e4r viktigt f\u00f6r att uppr\u00e4tth\u00e5lla till\u00e4ggets s\u00e4kerhet och effektivitet.<\/p>\n\n\n\n<p><b>Priset<\/b> p\u00e5 Mind Booster kan variera beroende p\u00e5 aktuella kampanjer. F\u00f6r n\u00e4rvarande finns formeln tillg\u00e4nglig i ett prisklass som kan skr\u00e4ddarsys efter individuella behov. Det \u00e4r v\u00e4rt att leta efter specialerbjudanden som kan minska den slutliga kostnaden f\u00f6r k\u00f6pet.<\/p>\n\n\n\n<p>Det \u00e4r v\u00e4rt att komma ih\u00e5g att Mind Booster inte finns p\u00e5 station\u00e4ra apotek. D\u00e4rf\u00f6r blir online-shopping det enda alternativet f\u00f6r dem som \u00e4r intresserade av att f\u00f6rb\u00e4ttra koncentration och minne.<\/p>\n\n\n\n<h2 class=\"wp-block-heading\">Mind Booster &#8211; Biverkningar och kontraindikationer<\/h2>\n\n\n\n<p>Mind Booster tolereras vanligtvis v\u00e4l av anv\u00e4ndarna, men det \u00e4r viktigt att notera att det, som alla kosttillskott, kan orsaka <strong>biverkningar<\/strong> hos vissa m\u00e4nniskor. Bland de vanligaste rapporterade symtomen \u00e4r mild huvudv\u00e4rk och magproblem, vilket kan uppst\u00e5 s\u00e4rskilt om den rekommenderade dosen \u00f6verskrids. Det \u00e4r viktigt att ha en god f\u00f6rst\u00e5else f\u00f6r hur kroppen reagerar p\u00e5 tillskottet f\u00f6r att minimera risken f\u00f6r negativa effekter.<\/p>\n\n\n\n<p>Dessutom inkluderar <strong>kontraindikationer<\/strong> f\u00f6r anv\u00e4ndningen av Mind Booster personer med \u00f6verk\u00e4nslighet mot ingredienserna i till\u00e4gget, gravida kvinnor och personer som tar psykotrop medicinering. Innan du b\u00f6rjar tillskott \u00e4r det l\u00e4mpligt att konsultera en l\u00e4kare f\u00f6r att diskutera eventuella risker och identifiera individuella h\u00e4lsobehov. Om n\u00e5gra oroande symtom uppst\u00e5r, avbryt anv\u00e4ndningen och kontakta din l\u00e4kare.<\/p>\n\n\n\n<p>I slut\u00e4ndan \u00e4r Mind Booster ett tillskott baserat p\u00e5 naturliga ingredienser, vilket g\u00f6r det till ett s\u00e4krare alternativ j\u00e4mf\u00f6rt med syntetiska nootropics. \u00c4nd\u00e5 \u00e4r allas kropp annorlunda, s\u00e5 det \u00e4r en bra id\u00e9 att \u00f6vervaka ditt v\u00e4lbefinnande n\u00e4r du b\u00f6rjar ta det. Kostnaden f\u00f6r till\u00e4gget beror p\u00e5 aktuella kampanjer, och det b\u00e4sta st\u00e4llet att k\u00f6pa det \u00e4r fr\u00e5n tillverkarens officiella webbplats, d\u00e4r du ocks\u00e5 kan f\u00e5 mer information om sammans\u00e4ttning och anv\u00e4ndning.<\/p>\n","protected":false},"excerpt":{"rendered":"<p><strong>[date_countdown]<\/strong><\/p>\n<p><img decoding=\"async\" class=\"alignnone wp-image-12507\" src=\"https:\/\/www.vardcentralenhjartatsolna.se\/farmaci\/wp-content\/uploads\/2024\/11\/SAFE-PAY-300x88-1.png\" alt=\"SAFE-PAY-300x88\" width=\"201\" height=\"59\" \/><\/p>\n","protected":false},"featured_media":11987,"comment_status":"open","ping_status":"closed","template":"","meta":{"neve_meta_sidebar":"","neve_meta_container":"","neve_meta_enable_content_width":"","neve_meta_content_width":0,"neve_meta_title_alignment":"","neve_meta_author_avatar":"","neve_post_elements_order":"","neve_meta_disable_header":"","neve_meta_disable_footer":"","neve_meta_disable_title":"","neve_meta_reading_time":""},"product_brand":[],"product_cat":[565],"product_tag":[],"class_list":{"0":"post-12439","1":"product","2":"type-product","3":"status-publish","4":"has-post-thumbnail","6":"product_cat-halsa","8":"first","9":"instock","10":"sale","11":"shipping-taxable","12":"product-type-external"},"yoast_head":"<!-- This site is optimized with the Yoast SEO plugin v27.4 - https:\/\/yoast.com\/product\/yoast-seo-wordpress\/ -->\n<title>Mind Booster - Recension, Pris, Effekter, Apotek, Forum | -50%<\/title>\n<meta name=\"robots\" content=\"index, follow, max-snippet:-1, max-image-preview:large, max-video-preview:-1\" \/>\n<link rel=\"canonical\" href=\"https:\/\/www.vardcentralenhjartatsolna.se\/farmaci\/apt\/mind-booster\/\" \/>\n<meta property=\"og:locale\" content=\"sv_SE\" \/>\n<meta property=\"og:type\" content=\"article\" \/>\n<meta property=\"og:title\" content=\"Mind Booster - Recension, Pris, Effekter, Apotek, Forum | -50%\" \/>\n<meta property=\"og:url\" content=\"https:\/\/www.vardcentralenhjartatsolna.se\/farmaci\/apt\/mind-booster\/\" \/>\n<meta property=\"og:site_name\" content=\"Vardcentralenhjartatsolna\" \/>\n<meta property=\"article:modified_time\" content=\"2024-11-15T19:03:57+00:00\" \/>\n<meta property=\"og:image\" content=\"https:\/\/www.vardcentralenhjartatsolna.se\/farmaci\/wp-content\/uploads\/2024\/11\/MIND-BOOSTER.jpg\" \/>\n\t<meta property=\"og:image:width\" content=\"768\" \/>\n\t<meta property=\"og:image:height\" content=\"768\" \/>\n\t<meta property=\"og:image:type\" content=\"image\/jpeg\" \/>\n<meta name=\"twitter:card\" content=\"summary_large_image\" \/>\n<meta name=\"twitter:description\" content=\"[date_countdown]\" \/>\n<meta name=\"twitter:label1\" content=\"Ber\u00e4knad l\u00e4stid\" \/>\n\t<meta name=\"twitter:data1\" content=\"7 minuter\" \/>\n<script type=\"application\/ld+json\" class=\"yoast-schema-graph\">{\"@context\":\"https:\\\/\\\/schema.org\",\"@graph\":[{\"@type\":\"WebPage\",\"@id\":\"https:\\\/\\\/www.vardcentralenhjartatsolna.se\\\/farmaci\\\/apt\\\/mind-booster\\\/\",\"url\":\"https:\\\/\\\/www.vardcentralenhjartatsolna.se\\\/farmaci\\\/apt\\\/mind-booster\\\/\",\"name\":\"Mind Booster - Recension, Pris, Effekter, Apotek, Forum | -50%\",\"isPartOf\":{\"@id\":\"https:\\\/\\\/www.vardcentralenhjartatsolna.se\\\/farmaci\\\/#website\"},\"primaryImageOfPage\":{\"@id\":\"https:\\\/\\\/www.vardcentralenhjartatsolna.se\\\/farmaci\\\/apt\\\/mind-booster\\\/#primaryimage\"},\"image\":{\"@id\":\"https:\\\/\\\/www.vardcentralenhjartatsolna.se\\\/farmaci\\\/apt\\\/mind-booster\\\/#primaryimage\"},\"thumbnailUrl\":\"https:\\\/\\\/www.vardcentralenhjartatsolna.se\\\/farmaci\\\/wp-content\\\/uploads\\\/2024\\\/11\\\/MIND-BOOSTER.jpg\",\"datePublished\":\"2024-11-09T14:08:35+00:00\",\"dateModified\":\"2024-11-15T19:03:57+00:00\",\"breadcrumb\":{\"@id\":\"https:\\\/\\\/www.vardcentralenhjartatsolna.se\\\/farmaci\\\/apt\\\/mind-booster\\\/#breadcrumb\"},\"inLanguage\":\"sv-SE\",\"potentialAction\":[{\"@type\":\"ReadAction\",\"target\":[\"https:\\\/\\\/www.vardcentralenhjartatsolna.se\\\/farmaci\\\/apt\\\/mind-booster\\\/\"]}]},{\"@type\":\"ImageObject\",\"inLanguage\":\"sv-SE\",\"@id\":\"https:\\\/\\\/www.vardcentralenhjartatsolna.se\\\/farmaci\\\/apt\\\/mind-booster\\\/#primaryimage\",\"url\":\"https:\\\/\\\/www.vardcentralenhjartatsolna.se\\\/farmaci\\\/wp-content\\\/uploads\\\/2024\\\/11\\\/MIND-BOOSTER.jpg\",\"contentUrl\":\"https:\\\/\\\/www.vardcentralenhjartatsolna.se\\\/farmaci\\\/wp-content\\\/uploads\\\/2024\\\/11\\\/MIND-BOOSTER.jpg\",\"width\":768,\"height\":768},{\"@type\":\"BreadcrumbList\",\"@id\":\"https:\\\/\\\/www.vardcentralenhjartatsolna.se\\\/farmaci\\\/apt\\\/mind-booster\\\/#breadcrumb\",\"itemListElement\":[{\"@type\":\"ListItem\",\"position\":1,\"name\":\"Strona g\u0142\u00f3wna\",\"item\":\"https:\\\/\\\/www.vardcentralenhjartatsolna.se\\\/farmaci\\\/\"},{\"@type\":\"ListItem\",\"position\":2,\"name\":\"Produkte\",\"item\":\"https:\\\/\\\/www.vardcentralenhjartatsolna.se\\\/farmaci\\\/\"},{\"@type\":\"ListItem\",\"position\":3,\"name\":\"Mind Booster\"}]},{\"@type\":\"WebSite\",\"@id\":\"https:\\\/\\\/www.vardcentralenhjartatsolna.se\\\/farmaci\\\/#website\",\"url\":\"https:\\\/\\\/www.vardcentralenhjartatsolna.se\\\/farmaci\\\/\",\"name\":\"Vardcentralenhjartatsolna\",\"description\":\"\",\"potentialAction\":[{\"@type\":\"SearchAction\",\"target\":{\"@type\":\"EntryPoint\",\"urlTemplate\":\"https:\\\/\\\/www.vardcentralenhjartatsolna.se\\\/farmaci\\\/?s={search_term_string}\"},\"query-input\":{\"@type\":\"PropertyValueSpecification\",\"valueRequired\":true,\"valueName\":\"search_term_string\"}}],\"inLanguage\":\"sv-SE\"}]}<\/script>\n<!-- \/ Yoast SEO plugin. -->","yoast_head_json":{"title":"Mind Booster - Recension, Pris, Effekter, Apotek, Forum | -50%","robots":{"index":"index","follow":"follow","max-snippet":"max-snippet:-1","max-image-preview":"max-image-preview:large","max-video-preview":"max-video-preview:-1"},"canonical":"https:\/\/www.vardcentralenhjartatsolna.se\/farmaci\/apt\/mind-booster\/","og_locale":"sv_SE","og_type":"article","og_title":"Mind Booster - Recension, Pris, Effekter, Apotek, Forum | -50%","og_url":"https:\/\/www.vardcentralenhjartatsolna.se\/farmaci\/apt\/mind-booster\/","og_site_name":"Vardcentralenhjartatsolna","article_modified_time":"2024-11-15T19:03:57+00:00","og_image":[{"width":768,"height":768,"url":"https:\/\/www.vardcentralenhjartatsolna.se\/farmaci\/wp-content\/uploads\/2024\/11\/MIND-BOOSTER.jpg","type":"image\/jpeg"}],"twitter_card":"summary_large_image","twitter_description":"[date_countdown]","twitter_misc":{"Ber\u00e4knad l\u00e4stid":"7 minuter"},"schema":{"@context":"https:\/\/schema.org","@graph":[{"@type":"WebPage","@id":"https:\/\/www.vardcentralenhjartatsolna.se\/farmaci\/apt\/mind-booster\/","url":"https:\/\/www.vardcentralenhjartatsolna.se\/farmaci\/apt\/mind-booster\/","name":"Mind Booster - Recension, Pris, Effekter, Apotek, Forum | -50%","isPartOf":{"@id":"https:\/\/www.vardcentralenhjartatsolna.se\/farmaci\/#website"},"primaryImageOfPage":{"@id":"https:\/\/www.vardcentralenhjartatsolna.se\/farmaci\/apt\/mind-booster\/#primaryimage"},"image":{"@id":"https:\/\/www.vardcentralenhjartatsolna.se\/farmaci\/apt\/mind-booster\/#primaryimage"},"thumbnailUrl":"https:\/\/www.vardcentralenhjartatsolna.se\/farmaci\/wp-content\/uploads\/2024\/11\/MIND-BOOSTER.jpg","datePublished":"2024-11-09T14:08:35+00:00","dateModified":"2024-11-15T19:03:57+00:00","breadcrumb":{"@id":"https:\/\/www.vardcentralenhjartatsolna.se\/farmaci\/apt\/mind-booster\/#breadcrumb"},"inLanguage":"sv-SE","potentialAction":[{"@type":"ReadAction","target":["https:\/\/www.vardcentralenhjartatsolna.se\/farmaci\/apt\/mind-booster\/"]}]},{"@type":"ImageObject","inLanguage":"sv-SE","@id":"https:\/\/www.vardcentralenhjartatsolna.se\/farmaci\/apt\/mind-booster\/#primaryimage","url":"https:\/\/www.vardcentralenhjartatsolna.se\/farmaci\/wp-content\/uploads\/2024\/11\/MIND-BOOSTER.jpg","contentUrl":"https:\/\/www.vardcentralenhjartatsolna.se\/farmaci\/wp-content\/uploads\/2024\/11\/MIND-BOOSTER.jpg","width":768,"height":768},{"@type":"BreadcrumbList","@id":"https:\/\/www.vardcentralenhjartatsolna.se\/farmaci\/apt\/mind-booster\/#breadcrumb","itemListElement":[{"@type":"ListItem","position":1,"name":"Strona g\u0142\u00f3wna","item":"https:\/\/www.vardcentralenhjartatsolna.se\/farmaci\/"},{"@type":"ListItem","position":2,"name":"Produkte","item":"https:\/\/www.vardcentralenhjartatsolna.se\/farmaci\/"},{"@type":"ListItem","position":3,"name":"Mind Booster"}]},{"@type":"WebSite","@id":"https:\/\/www.vardcentralenhjartatsolna.se\/farmaci\/#website","url":"https:\/\/www.vardcentralenhjartatsolna.se\/farmaci\/","name":"Vardcentralenhjartatsolna","description":"","potentialAction":[{"@type":"SearchAction","target":{"@type":"EntryPoint","urlTemplate":"https:\/\/www.vardcentralenhjartatsolna.se\/farmaci\/?s={search_term_string}"},"query-input":{"@type":"PropertyValueSpecification","valueRequired":true,"valueName":"search_term_string"}}],"inLanguage":"sv-SE"}]}},"_links":{"self":[{"href":"https:\/\/www.vardcentralenhjartatsolna.se\/farmaci\/wp-json\/wp\/v2\/product\/12439","targetHints":{"allow":["GET"]}}],"collection":[{"href":"https:\/\/www.vardcentralenhjartatsolna.se\/farmaci\/wp-json\/wp\/v2\/product"}],"about":[{"href":"https:\/\/www.vardcentralenhjartatsolna.se\/farmaci\/wp-json\/wp\/v2\/types\/product"}],"replies":[{"embeddable":true,"href":"https:\/\/www.vardcentralenhjartatsolna.se\/farmaci\/wp-json\/wp\/v2\/comments?post=12439"}],"wp:featuredmedia":[{"embeddable":true,"href":"https:\/\/www.vardcentralenhjartatsolna.se\/farmaci\/wp-json\/wp\/v2\/media\/11987"}],"wp:attachment":[{"href":"https:\/\/www.vardcentralenhjartatsolna.se\/farmaci\/wp-json\/wp\/v2\/media?parent=12439"}],"wp:term":[{"taxonomy":"product_brand","embeddable":true,"href":"https:\/\/www.vardcentralenhjartatsolna.se\/farmaci\/wp-json\/wp\/v2\/product_brand?post=12439"},{"taxonomy":"product_cat","embeddable":true,"href":"https:\/\/www.vardcentralenhjartatsolna.se\/farmaci\/wp-json\/wp\/v2\/product_cat?post=12439"},{"taxonomy":"product_tag","embeddable":true,"href":"https:\/\/www.vardcentralenhjartatsolna.se\/farmaci\/wp-json\/wp\/v2\/product_tag?post=12439"}],"curies":[{"name":"wp","href":"https:\/\/api.w.org\/{rel}","templated":true}]}}