{"id":12433,"date":"2024-11-09T15:08:33","date_gmt":"2024-11-09T14:08:33","guid":{"rendered":"https:\/\/blodsjukdom.se\/farmaci\/apt\/burnbooster\/"},"modified":"2024-11-13T15:44:45","modified_gmt":"2024-11-13T14:44:45","slug":"burnbooster","status":"publish","type":"product","link":"https:\/\/www.vardcentralenhjartatsolna.se\/farmaci\/apt\/burnbooster\/","title":{"rendered":"BurnBooster"},"content":{"rendered":"\n<h2 class=\"wp-block-heading\">Vad \u00e4r BurnBooster och hur fungerar det?<\/h2>\n\n\n\n<p><b>BurnBooster<\/b> \u00e4r ett innovativt <b>viktminskningstillskott<\/b> som syftar till att st\u00f6dja viktminskning genom att effektivt p\u00e5skynda \u00e4mnesoms\u00e4ttningen. Dess <em>verkan<\/em> \u00e4r baserad p\u00e5 naturliga ingredienser som stimulerar kroppen att br\u00e4nna mer fett och minska aptiten. Sammans\u00e4ttningen av <b>BurnBooster<\/b> inneh\u00e5ller ingredienser som <em>gr\u00f6nt kaffe<\/em>, <em>cayennepeppar<\/em> och <em>Garcinia cambogia<\/em>, som st\u00f6der termogenes genom att h\u00f6ja kroppstemperaturen och \u00f6ka energif\u00f6rbrukningen.<\/p>\n\n\n\n<p>Till\u00e4gget \u00e4r utformat f\u00f6r personer med aktiv livsstil som naturligt vill st\u00f6dja sina dagliga anstr\u00e4ngningar i kampen mot \u00f6vervikt. <b>BurnBooster<\/b> rekommenderas att tas i en dos av tv\u00e5 kapslar om dagen, som ska tas cirka 20 minuter f\u00f6re en m\u00e5ltid. Detta g\u00f6r att kroppen b\u00e4ttre kan utnyttja tillskottets egenskaper och dra nytta av dess effekter.<\/p>\n\n\n\n<figure class=\"wp-block-table\"><table class=\"has-fixed-layout\"><tbody><tr><th>Information om BurnBooster<\/th><th>Detaljerad information<\/th><\/tr><tr><td>Antal kapslar per f\u00f6rpackning<\/td><td>60 kapslar<\/td><\/tr><tr><td>Rekommenderad dosering<\/td><td>2 kapslar per dag<\/td><\/tr><tr><td>Datum f\u00f6r avs\u00e4ndning<\/td><td>Inom 1 arbetsdag<\/td><\/tr><tr><td>S\u00e4ker f\u00f6r personer<\/td><td>\u00d6ver 18 \u00e5rs \u00e5lder<\/td><\/tr><tr><td>Begr\u00e4nsningar<\/td><td>Inte f\u00f6r gravida eller ammande kvinnor<\/td><\/tr><tr><td>F\u00f6rvaring<\/td><td>P\u00e5 en torr och sval plats<\/td><\/tr><tr><td>Effekter med anv\u00e4ndning<\/td><td>M\u00e4rkbar efter den f\u00f6rsta kapseln, med synlig viktminskning efter 2-3 veckor<\/td><\/tr><\/tbody><\/table><\/figure>\n\n\n\n<p>BurnBooster ger anv\u00e4ndarv\u00e4nlighet och uppfyller f\u00f6rv\u00e4ntningarna hos m\u00e4nniskor som vill st\u00f6dja sina viktminskningsinsatser effektivt och s\u00e4kert.<\/p>\n\n\n\n<h2 class=\"wp-block-heading\">Vilka \u00e4r effekterna av att anv\u00e4nda BurnBooster?<\/h2>\n\n\n\n<p>Anv\u00e4ndningen av kosttillskottet BurnBooster kan ge en m\u00e4ngd olika <em>effekter<\/em> n\u00e4r det g\u00e4ller vikt och \u00f6vergripande kroppsf\u00f6rh\u00e5llanden. Anv\u00e4ndare rapporterar ofta f\u00f6rb\u00e4ttrad \u00e4mnesoms\u00e4ttning, vilket fr\u00e4mjar fettf\u00f6rbr\u00e4nningsprocessen. Effekter kan inkludera:<\/p>\n\n\n\n<ul class=\"wp-block-list\">\n<li>En minskning av aptiten, vilket st\u00f6der \u00f6nskan att g\u00e5 ner i vikt.<\/li>\n\n\n\n<li>\u00d6kad energiniv\u00e5, vilket uppmuntrar till fysisk aktivitet.<\/li>\n\n\n\n<li>Stabilisering av kolesterolniv\u00e5erna och f\u00f6rb\u00e4ttrad matsm\u00e4ltning.<\/li>\n<\/ul>\n\n\n\n<p>Vissa anv\u00e4ndare har upplevt en betydande viktminskning p\u00e5 mellan 3 och 10 kg p\u00e5 en m\u00e5nad. Dessa effekter kan m\u00e4rkas efter bara cirka 2,5 veckors anv\u00e4ndning av BurnBooster. Det \u00e4r viktigt att notera att resultaten kan variera fr\u00e5n kropp till kropp. Ibland finns det negativa erfarenheter i samband med att ta till\u00e4gget, s\u00e5som matsm\u00e4ltningsproblem eller brist p\u00e5 effekt p\u00e5 kroppsvikt.<\/p>\n\n\n\n<p>BurnBooster k\u00e4nnetecknas av ingredienser som Garcinia Cambogia, gr\u00f6nt kaffe och cayenne, som \u00e4r k\u00e4nda f\u00f6r sina positiva effekter p\u00e5 \u00e4mnesoms\u00e4ttningen. \u00c4ven om tillverkaren lovar att det \u00e4r m\u00f6jligt att g\u00e5 ner upp till 8 kg p\u00e5 en m\u00e5nad, \u00e4r det v\u00e4rt att vara f\u00f6rsiktig innan du best\u00e4mmer dig f\u00f6r att k\u00f6pa.<\/p>\n\n\n\n<p>Varaktiga resultat \u00e4r uppn\u00e5eliga, men anv\u00e4ndningen av BurnBooster b\u00f6r g\u00e5 hand i hand med en h\u00e4lsosam kost och regelbunden motion. Det \u00e4r viktigt att vara medveten om att <b>ett kosttillskott<\/b> inte \u00e4r en ers\u00e4ttning f\u00f6r en balanserad livsstil.<\/p>\n\n\n\n<h2 class=\"wp-block-heading\">Hur man anv\u00e4nder BurnBooster &#8211; Instruktioner f\u00f6r anv\u00e4ndning och dosering<\/h2>\n\n\n\n<p>BurnBooster \u00e4r ett <b>kosttillskott<\/b> som effektivt st\u00f6der viktminskning. Nyckeln till dess anv\u00e4ndning \u00e4r att f\u00f6lja den rekommenderade dosen. Doseringen <em>av<\/em> produkten \u00e4r 2 kapslar per dag &#8211; en f\u00f6re frukost och en f\u00f6re lunch. Det \u00e4r viktigt att dricka kapslarna med tillr\u00e4ckligt med vatten, vilket fr\u00e4mjar b\u00e4ttre absorption av de aktiva ingredienserna.<\/p>\n\n\n\n<p>Det \u00e4r v\u00e4rt att l\u00e4sa <em>bruksanvisningen<\/em> f\u00f6r att maximera potentialen f\u00f6r BurnBooster. Produkten fungerar b\u00e4st n\u00e4r den kombineras med en balanserad kost och fysisk aktivitet, vilket p\u00e5skyndar uppn\u00e5endet av \u00f6nskade resultat.<\/p>\n\n\n\n<figure class=\"wp-block-table\"><table class=\"has-fixed-layout\"><tbody><tr><th>Information om BurnBooster<\/th><th>Detaljerad information<\/th><\/tr><tr><td>Rekommenderad <b>dosering<\/b><\/td><td>2 kapslar dagligen (1 f\u00f6re frukost, 1 f\u00f6re lunch)<\/td><\/tr><tr><td>En f\u00f6rpackning<\/td><td>60 kapslar (tillr\u00e4ckligt f\u00f6r en m\u00e5nad)<\/td><\/tr><tr><td>Varningar och f\u00f6rsiktighet<\/td><td>Anv\u00e4nd inte av personer under 18 \u00e5r, gravida eller ammande och personer som \u00e4r allergiska mot ingredienserna<\/td><\/tr><tr><td>M\u00f6jliga <b>biverkningar<\/b><\/td><td>Individuell intolerans, allergiska reaktioner, effekter p\u00e5 matsm\u00e4ltningssystemet<\/td><\/tr><tr><td>Aktiva ingredienser<\/td><td>Garcinia cambogia, ungt korn, cayennepeppar, gr\u00f6nt kaffe<\/td><\/tr><\/tbody><\/table><\/figure>\n\n\n\n<p>Kom ih\u00e5g att alltid r\u00e5dfr\u00e5ga din l\u00e4kare innan du p\u00e5b\u00f6rjar n\u00e5got nytt tillskott, detta p\u00e5verkar s\u00e4kerheten och effektiviteten hos BurnBooster.<\/p>\n\n\n\n<h2 class=\"wp-block-heading\">Recensioner och \u00e5sikter om BurnBooster<\/h2>\n\n\n\n<p>BurnBooster-recensioner \u00e4r varierade och \u00e5terspeglar anv\u00e4ndarnas individuella reaktioner p\u00e5 till\u00e4gget. M\u00e5nga recensioner pekar p\u00e5 den naturliga <b>sammans\u00e4ttningen<\/b> av produkten, som inneh\u00e5ller ingredienser som gr\u00f6n korn, Garcinia Cambogia, cayennepeppar och gr\u00f6nt kaffe. Som ett resultat p\u00e5skyndar BurnBooster \u00e4mnesoms\u00e4ttningen och minskar aptiten, vilket f\u00e5r ber\u00f6m bland dem som f\u00f6rs\u00f6ker g\u00e5 ner i vikt.<\/p>\n\n\n\n<p>Kasia p\u00e5pekar att hon med BurnBooster har m\u00e4rkt en betydande \u00f6kning av energi och f\u00f6rb\u00e4ttrad prestanda under tr\u00e4ningspass, vilket har hj\u00e4lpt henne att uppn\u00e5 sina viktminskningsm\u00e5l. Annars noterade Michal att han inte m\u00e4rkte n\u00e5gon betydande viktminskning trots att han anv\u00e4nde till\u00e4gget. Hans \u00e5sikt om BurnBooster \u00e4r d\u00e4rf\u00f6r n\u00e5got nedsl\u00e5ende.<\/p>\n\n\n\n<p>Anne ber\u00f6mmer BurnBooster f\u00f6r dess snabba \u00e5tg\u00e4rder och h\u00f6ga effektivitet, vilket st\u00f6der hennes aktiva livsstil. Dessa typer av recensioner \u00e4r ett bevis p\u00e5 de olika effekter som detta till\u00e4gg kan producera. Det \u00e4r v\u00e4rt att notera att det finns en allm\u00e4n tendens bland anv\u00e4ndarna att ha en positiv uppfattning om BurnBoosters handling och sammans\u00e4ttning.<\/p>\n\n\n\n<figure class=\"wp-block-table\"><table class=\"has-fixed-layout\"><tbody><tr><th>Anv\u00e4ndare<\/th><th>Yttrande<\/th><th>Effekter av BurnBooster<\/th><\/tr><tr><td>Kasia<\/td><td>Betydande \u00f6kning av energi<\/td><td>B\u00e4ttre prestanda under tr\u00e4ning<\/td><\/tr><tr><td>Micha\u0142<\/td><td>Ingen signifikant viktminskning<\/td><td>Besvikelse<\/td><\/tr><tr><td>Ania<\/td><td>Snabbverkande, effektiv<\/td><td>St\u00f6d f\u00f6r en aktiv livsstil<\/td><\/tr><\/tbody><\/table><\/figure>\n\n\n\n<h2 class=\"wp-block-heading\">Sammans\u00e4ttning av BurnBooster &#8211; Analys av ingredienser<\/h2>\n\n\n\n<p>Sammans\u00e4ttningen av BurnBooster k\u00e4nnetecknas av noggrant utvalda aktiva substanser som st\u00f6der \u00e4mnesoms\u00e4ttningen och fettf\u00f6rbr\u00e4nningen. Viktiga ingredienser, s\u00e5som gr\u00f6nt kaffeextrakt och yerba mate, spelar en viktig roll f\u00f6r att f\u00f6rb\u00e4ttra kroppens prestanda. Varje aktiv ingrediens i BurnBooster har valts ut f\u00f6r sin inverkan p\u00e5 till\u00e4ggets effektivitet.<\/p>\n\n\n\n<p>M\u00e5ngfalden av ingredienser \u00e4r v\u00e4rt att notera. H\u00e4r \u00e4r en kort analys av de aktiva substanserna i BurnBooster:<\/p>\n\n\n\n<figure class=\"wp-block-table\"><table class=\"has-fixed-layout\"><tbody><tr><th>Ingrediens<\/th><th>\u00c5tg\u00e4rd<\/th><\/tr><tr><td>Extrakt av gr\u00f6nt kaffe<\/td><td>St\u00f6djer termogenesen och p\u00e5skyndar fettmetabolismen<\/td><\/tr><tr><td>Yerba mate<\/td><td>F\u00f6rb\u00e4ttrar koncentrationsf\u00f6rm\u00e5gan och \u00f6kar energin<\/td><\/tr><tr><td>Guarana<\/td><td>Stimulerar kroppen och st\u00f6der viktminskningsprocesser<\/td><\/tr><tr><td>L-karnitin<\/td><td>Hj\u00e4lper till att transportera fettsyror till mitokondrierna<\/td><\/tr><\/tbody><\/table><\/figure>\n\n\n\n<p><b>Kosttillskott<\/b> baserade p\u00e5 ingredienser som de i BurnBooster blir alltmer popul\u00e4ra bland m\u00e4nniskor som str\u00e4var efter att uppn\u00e5 en smal figur. <b>De aktiva ingredienserna<\/b> i produkter av denna typ kan inte bara hj\u00e4lpa till att reglera fettabsorptionen utan ocks\u00e5 bidra till att reng\u00f6ra kroppen och kontrollera aptiten.<\/p>\n\n\n\n<p>Sammans\u00e4ttningen av BurnBooster, med dess synergistiska egenskaper, g\u00f6r att den kan fungera effektivt, vilket g\u00f6r det till ett attraktivt alternativ f\u00f6r dem som st\u00f6der sin viktminskning. R\u00e4tt val av ingredienser kan avsev\u00e4rt p\u00e5skynda effekterna av kosten och f\u00f6rb\u00e4ttra livskomforten.<\/p>\n\n\n\n<h2 class=\"wp-block-heading\">Var man kan k\u00f6pa BurnBooster &#8211; pris<\/h2>\n\n\n\n<p>BurnBooster \u00e4r endast tillg\u00e4ngligt fr\u00e5n tillverkarens officiella webbplats, vilket ger en garanti f\u00f6r produktens \u00e4kthet. Regelbundna kampanjer kan p\u00e5verka prisets attraktivitet, s\u00e5 det \u00e4r v\u00e4rt att f\u00f6lja erbjudandena f\u00f6r att dra nytta av de b\u00e4sta rabatterna.<\/p>\n\n\n\n<p>Produkten \u00e4r popul\u00e4r bland dem som str\u00e4var efter att g\u00e5 ner i vikt naturligt och f\u00f6rb\u00e4ttra energiniv\u00e5erna. Det \u00e4r v\u00e4rt att notera att shopping p\u00e5 tillverkarens officiella webbplats inneb\u00e4r att du kan vara s\u00e4ker p\u00e5 till\u00e4ggets originalitet och ha tillg\u00e5ng till gynnsamma kampanjer, inklusive gratis leverans vid best\u00e4llningar \u00f6ver ett visst belopp.<\/p>\n","protected":false},"excerpt":{"rendered":"<p><strong>[date_countdown]<\/strong><\/p>\n<p><img decoding=\"async\" class=\"alignnone  wp-image-12507\" src=\"https:\/\/www.vardcentralenhjartatsolna.se\/farmaci\/wp-content\/uploads\/2024\/11\/SAFE-PAY-300x88-1.png\" alt=\"SAFE-PAY-300x88\" width=\"201\" height=\"59\" \/><\/p>\n","protected":false},"featured_media":11953,"comment_status":"open","ping_status":"closed","template":"","meta":{"neve_meta_sidebar":"","neve_meta_container":"","neve_meta_enable_content_width":"","neve_meta_content_width":0,"neve_meta_title_alignment":"","neve_meta_author_avatar":"","neve_post_elements_order":"","neve_meta_disable_header":"","neve_meta_disable_footer":"","neve_meta_disable_title":"","neve_meta_reading_time":""},"product_brand":[],"product_cat":[568],"product_tag":[],"class_list":{"0":"post-12433","1":"product","2":"type-product","3":"status-publish","4":"has-post-thumbnail","6":"product_cat-viktnedgang","8":"first","9":"instock","10":"sale","11":"shipping-taxable","12":"product-type-external"},"yoast_head":"<!-- This site is optimized with the Yoast SEO plugin v27.4 - https:\/\/yoast.com\/product\/yoast-seo-wordpress\/ -->\n<title>BurnBooster - Recension, Pris, Effekter, Apotek, Forum | -50%<\/title>\n<meta name=\"robots\" content=\"index, follow, max-snippet:-1, max-image-preview:large, max-video-preview:-1\" \/>\n<link rel=\"canonical\" href=\"https:\/\/www.vardcentralenhjartatsolna.se\/farmaci\/apt\/burnbooster\/\" \/>\n<meta property=\"og:locale\" content=\"sv_SE\" \/>\n<meta property=\"og:type\" content=\"article\" \/>\n<meta property=\"og:title\" content=\"BurnBooster - Recension, Pris, Effekter, Apotek, Forum | -50%\" \/>\n<meta property=\"og:url\" content=\"https:\/\/www.vardcentralenhjartatsolna.se\/farmaci\/apt\/burnbooster\/\" \/>\n<meta property=\"og:site_name\" content=\"Vardcentralenhjartatsolna\" \/>\n<meta property=\"article:modified_time\" content=\"2024-11-13T14:44:45+00:00\" \/>\n<meta property=\"og:image\" content=\"https:\/\/www.vardcentralenhjartatsolna.se\/farmaci\/wp-content\/uploads\/2024\/11\/BURNBOOSTER.jpg\" \/>\n\t<meta property=\"og:image:width\" content=\"768\" \/>\n\t<meta property=\"og:image:height\" content=\"768\" \/>\n\t<meta property=\"og:image:type\" content=\"image\/jpeg\" \/>\n<meta name=\"twitter:card\" content=\"summary_large_image\" \/>\n<meta name=\"twitter:description\" content=\"[date_countdown]\" \/>\n<meta name=\"twitter:label1\" content=\"Ber\u00e4knad l\u00e4stid\" \/>\n\t<meta name=\"twitter:data1\" content=\"6 minuter\" \/>\n<script type=\"application\/ld+json\" class=\"yoast-schema-graph\">{\"@context\":\"https:\\\/\\\/schema.org\",\"@graph\":[{\"@type\":\"WebPage\",\"@id\":\"https:\\\/\\\/www.vardcentralenhjartatsolna.se\\\/farmaci\\\/apt\\\/burnbooster\\\/\",\"url\":\"https:\\\/\\\/www.vardcentralenhjartatsolna.se\\\/farmaci\\\/apt\\\/burnbooster\\\/\",\"name\":\"BurnBooster - Recension, Pris, Effekter, Apotek, Forum | -50%\",\"isPartOf\":{\"@id\":\"https:\\\/\\\/www.vardcentralenhjartatsolna.se\\\/farmaci\\\/#website\"},\"primaryImageOfPage\":{\"@id\":\"https:\\\/\\\/www.vardcentralenhjartatsolna.se\\\/farmaci\\\/apt\\\/burnbooster\\\/#primaryimage\"},\"image\":{\"@id\":\"https:\\\/\\\/www.vardcentralenhjartatsolna.se\\\/farmaci\\\/apt\\\/burnbooster\\\/#primaryimage\"},\"thumbnailUrl\":\"https:\\\/\\\/www.vardcentralenhjartatsolna.se\\\/farmaci\\\/wp-content\\\/uploads\\\/2024\\\/11\\\/BURNBOOSTER.jpg\",\"datePublished\":\"2024-11-09T14:08:33+00:00\",\"dateModified\":\"2024-11-13T14:44:45+00:00\",\"breadcrumb\":{\"@id\":\"https:\\\/\\\/www.vardcentralenhjartatsolna.se\\\/farmaci\\\/apt\\\/burnbooster\\\/#breadcrumb\"},\"inLanguage\":\"sv-SE\",\"potentialAction\":[{\"@type\":\"ReadAction\",\"target\":[\"https:\\\/\\\/www.vardcentralenhjartatsolna.se\\\/farmaci\\\/apt\\\/burnbooster\\\/\"]}]},{\"@type\":\"ImageObject\",\"inLanguage\":\"sv-SE\",\"@id\":\"https:\\\/\\\/www.vardcentralenhjartatsolna.se\\\/farmaci\\\/apt\\\/burnbooster\\\/#primaryimage\",\"url\":\"https:\\\/\\\/www.vardcentralenhjartatsolna.se\\\/farmaci\\\/wp-content\\\/uploads\\\/2024\\\/11\\\/BURNBOOSTER.jpg\",\"contentUrl\":\"https:\\\/\\\/www.vardcentralenhjartatsolna.se\\\/farmaci\\\/wp-content\\\/uploads\\\/2024\\\/11\\\/BURNBOOSTER.jpg\",\"width\":768,\"height\":768},{\"@type\":\"BreadcrumbList\",\"@id\":\"https:\\\/\\\/www.vardcentralenhjartatsolna.se\\\/farmaci\\\/apt\\\/burnbooster\\\/#breadcrumb\",\"itemListElement\":[{\"@type\":\"ListItem\",\"position\":1,\"name\":\"Strona g\u0142\u00f3wna\",\"item\":\"https:\\\/\\\/www.vardcentralenhjartatsolna.se\\\/farmaci\\\/\"},{\"@type\":\"ListItem\",\"position\":2,\"name\":\"Produkte\",\"item\":\"https:\\\/\\\/www.vardcentralenhjartatsolna.se\\\/farmaci\\\/\"},{\"@type\":\"ListItem\",\"position\":3,\"name\":\"BurnBooster\"}]},{\"@type\":\"WebSite\",\"@id\":\"https:\\\/\\\/www.vardcentralenhjartatsolna.se\\\/farmaci\\\/#website\",\"url\":\"https:\\\/\\\/www.vardcentralenhjartatsolna.se\\\/farmaci\\\/\",\"name\":\"Vardcentralenhjartatsolna\",\"description\":\"\",\"potentialAction\":[{\"@type\":\"SearchAction\",\"target\":{\"@type\":\"EntryPoint\",\"urlTemplate\":\"https:\\\/\\\/www.vardcentralenhjartatsolna.se\\\/farmaci\\\/?s={search_term_string}\"},\"query-input\":{\"@type\":\"PropertyValueSpecification\",\"valueRequired\":true,\"valueName\":\"search_term_string\"}}],\"inLanguage\":\"sv-SE\"}]}<\/script>\n<!-- \/ Yoast SEO plugin. -->","yoast_head_json":{"title":"BurnBooster - Recension, Pris, Effekter, Apotek, Forum | -50%","robots":{"index":"index","follow":"follow","max-snippet":"max-snippet:-1","max-image-preview":"max-image-preview:large","max-video-preview":"max-video-preview:-1"},"canonical":"https:\/\/www.vardcentralenhjartatsolna.se\/farmaci\/apt\/burnbooster\/","og_locale":"sv_SE","og_type":"article","og_title":"BurnBooster - Recension, Pris, Effekter, Apotek, Forum | -50%","og_url":"https:\/\/www.vardcentralenhjartatsolna.se\/farmaci\/apt\/burnbooster\/","og_site_name":"Vardcentralenhjartatsolna","article_modified_time":"2024-11-13T14:44:45+00:00","og_image":[{"width":768,"height":768,"url":"https:\/\/www.vardcentralenhjartatsolna.se\/farmaci\/wp-content\/uploads\/2024\/11\/BURNBOOSTER.jpg","type":"image\/jpeg"}],"twitter_card":"summary_large_image","twitter_description":"[date_countdown]","twitter_misc":{"Ber\u00e4knad l\u00e4stid":"6 minuter"},"schema":{"@context":"https:\/\/schema.org","@graph":[{"@type":"WebPage","@id":"https:\/\/www.vardcentralenhjartatsolna.se\/farmaci\/apt\/burnbooster\/","url":"https:\/\/www.vardcentralenhjartatsolna.se\/farmaci\/apt\/burnbooster\/","name":"BurnBooster - Recension, Pris, Effekter, Apotek, Forum | -50%","isPartOf":{"@id":"https:\/\/www.vardcentralenhjartatsolna.se\/farmaci\/#website"},"primaryImageOfPage":{"@id":"https:\/\/www.vardcentralenhjartatsolna.se\/farmaci\/apt\/burnbooster\/#primaryimage"},"image":{"@id":"https:\/\/www.vardcentralenhjartatsolna.se\/farmaci\/apt\/burnbooster\/#primaryimage"},"thumbnailUrl":"https:\/\/www.vardcentralenhjartatsolna.se\/farmaci\/wp-content\/uploads\/2024\/11\/BURNBOOSTER.jpg","datePublished":"2024-11-09T14:08:33+00:00","dateModified":"2024-11-13T14:44:45+00:00","breadcrumb":{"@id":"https:\/\/www.vardcentralenhjartatsolna.se\/farmaci\/apt\/burnbooster\/#breadcrumb"},"inLanguage":"sv-SE","potentialAction":[{"@type":"ReadAction","target":["https:\/\/www.vardcentralenhjartatsolna.se\/farmaci\/apt\/burnbooster\/"]}]},{"@type":"ImageObject","inLanguage":"sv-SE","@id":"https:\/\/www.vardcentralenhjartatsolna.se\/farmaci\/apt\/burnbooster\/#primaryimage","url":"https:\/\/www.vardcentralenhjartatsolna.se\/farmaci\/wp-content\/uploads\/2024\/11\/BURNBOOSTER.jpg","contentUrl":"https:\/\/www.vardcentralenhjartatsolna.se\/farmaci\/wp-content\/uploads\/2024\/11\/BURNBOOSTER.jpg","width":768,"height":768},{"@type":"BreadcrumbList","@id":"https:\/\/www.vardcentralenhjartatsolna.se\/farmaci\/apt\/burnbooster\/#breadcrumb","itemListElement":[{"@type":"ListItem","position":1,"name":"Strona g\u0142\u00f3wna","item":"https:\/\/www.vardcentralenhjartatsolna.se\/farmaci\/"},{"@type":"ListItem","position":2,"name":"Produkte","item":"https:\/\/www.vardcentralenhjartatsolna.se\/farmaci\/"},{"@type":"ListItem","position":3,"name":"BurnBooster"}]},{"@type":"WebSite","@id":"https:\/\/www.vardcentralenhjartatsolna.se\/farmaci\/#website","url":"https:\/\/www.vardcentralenhjartatsolna.se\/farmaci\/","name":"Vardcentralenhjartatsolna","description":"","potentialAction":[{"@type":"SearchAction","target":{"@type":"EntryPoint","urlTemplate":"https:\/\/www.vardcentralenhjartatsolna.se\/farmaci\/?s={search_term_string}"},"query-input":{"@type":"PropertyValueSpecification","valueRequired":true,"valueName":"search_term_string"}}],"inLanguage":"sv-SE"}]}},"_links":{"self":[{"href":"https:\/\/www.vardcentralenhjartatsolna.se\/farmaci\/wp-json\/wp\/v2\/product\/12433","targetHints":{"allow":["GET"]}}],"collection":[{"href":"https:\/\/www.vardcentralenhjartatsolna.se\/farmaci\/wp-json\/wp\/v2\/product"}],"about":[{"href":"https:\/\/www.vardcentralenhjartatsolna.se\/farmaci\/wp-json\/wp\/v2\/types\/product"}],"replies":[{"embeddable":true,"href":"https:\/\/www.vardcentralenhjartatsolna.se\/farmaci\/wp-json\/wp\/v2\/comments?post=12433"}],"wp:featuredmedia":[{"embeddable":true,"href":"https:\/\/www.vardcentralenhjartatsolna.se\/farmaci\/wp-json\/wp\/v2\/media\/11953"}],"wp:attachment":[{"href":"https:\/\/www.vardcentralenhjartatsolna.se\/farmaci\/wp-json\/wp\/v2\/media?parent=12433"}],"wp:term":[{"taxonomy":"product_brand","embeddable":true,"href":"https:\/\/www.vardcentralenhjartatsolna.se\/farmaci\/wp-json\/wp\/v2\/product_brand?post=12433"},{"taxonomy":"product_cat","embeddable":true,"href":"https:\/\/www.vardcentralenhjartatsolna.se\/farmaci\/wp-json\/wp\/v2\/product_cat?post=12433"},{"taxonomy":"product_tag","embeddable":true,"href":"https:\/\/www.vardcentralenhjartatsolna.se\/farmaci\/wp-json\/wp\/v2\/product_tag?post=12433"}],"curies":[{"name":"wp","href":"https:\/\/api.w.org\/{rel}","templated":true}]}}