{"id":12408,"date":"2024-11-09T15:08:22","date_gmt":"2024-11-09T14:08:22","guid":{"rendered":"https:\/\/blodsjukdom.se\/farmaci\/apt\/beslimmer\/"},"modified":"2024-11-15T13:49:13","modified_gmt":"2024-11-15T12:49:13","slug":"beslimmer","status":"publish","type":"product","link":"https:\/\/www.vardcentralenhjartatsolna.se\/farmaci\/apt\/beslimmer\/","title":{"rendered":"BeSlimmer"},"content":{"rendered":"\n<h2 class=\"wp-block-heading\">Vad \u00e4r BeSlimmer och hur fungerar det?<\/h2>\n\n\n\n<p><b>BeSlimmer<\/b> \u00e4r ett effektivt <b>kosttillskott<\/b> som st\u00f6der viktminskningsprocessen. Dess <b>verkan<\/b> baseras p\u00e5 en kombination av naturliga ingredienser, vilket g\u00f6r det till ett v\u00e4rdefullt verktyg f\u00f6r dem som vill minska \u00f6vervikt. Ingredienserna i BeSlimmer inkluderar:<\/p>\n\n\n\n<ul class=\"wp-block-list\">\n<li>extrakt av gr\u00f6nt te<\/li>\n\n\n\n<li>koffein<\/li>\n\n\n\n<li>garcinia cambogia extrakt<\/li>\n\n\n\n<li>L-karnitin<\/li>\n\n\n\n<li>vitaminer och mineraler<\/li>\n<\/ul>\n\n\n\n<p><b>Hur fungerar<\/b> detta <b>kosttillskott<\/b>? BeSlimmer st\u00f6der \u00e4mnesoms\u00e4ttningen och hj\u00e4lper till att br\u00e4nna fett. Anv\u00e4ndare av tillskottet har sett en \u00f6kning av energiniv\u00e5erna och reglering av aptiten, vilket g\u00f6r det l\u00e4ttare att kontrollera matvanorna. M\u00e5nga m\u00e4nniskor p\u00e5 h\u00e4lsoforum har delat med sig av sina erfarenheter och angett att regelbunden <b>anv\u00e4ndning av<\/b> BeSlimmer g\u00f6r att de kan g\u00e5 ner upp till 8 kg i vikt p\u00e5 tre m\u00e5nader.<\/p>\n\n\n\n<p>Till\u00e4gget bidrar inte bara till viktminskning utan hj\u00e4lper ocks\u00e5 till att reng\u00f6ra kroppen fr\u00e5n toxiner och avlagringar. Det har en positiv effekt p\u00e5 minskningen av hungerk\u00e4nslor och minimerar risken f\u00f6r jojo-effekten efter avslutad behandling. BeSlimmer fungerar bra som ett komplement till en h\u00e4lsosam livsstil, inklusive en balanserad kost och regelbunden motion.<\/p>\n\n\n\n<p>Det \u00e4r viktigt att r\u00e5dfr\u00e5ga l\u00e4kare innan du b\u00f6rjar med BeSlimmer, s\u00e4rskilt om du \u00e4r gravid, ammar eller har hj\u00e4rtproblem. BeSlimmer-produkter \u00e4r endast tillg\u00e4ngliga fr\u00e5n tillverkarens officiella webbplats, vilket s\u00e4kerst\u00e4ller deras originalitet.<\/p>\n\n\n\n<h2 class=\"wp-block-heading\">Vilka \u00e4r effekterna av att anv\u00e4nda BeSlimmer?<\/h2>\n\n\n\n<p><b>Anv\u00e4ndningen<\/b> av kosttillskottet BeSlimmer har m\u00e4rkbara effekter som avsev\u00e4rt kan p\u00e5verka viktminskningsprocessen och anv\u00e4ndarnas allm\u00e4nna v\u00e4lbefinnande. Den viktigaste effekten av BeSlimmer \u00e4r h\u00e4lsosam viktminskning. Regelbundet intag av kapslarna, i kombination med en l\u00e4mplig diet, leder till en snabbare \u00e4mnesoms\u00e4ttning och b\u00e4ttre aptitreglering. Som ett resultat kan positiva <em>resultat<\/em> f\u00f6rv\u00e4ntas fr\u00e5n de naturliga ingredienserna i till\u00e4gget.<\/p>\n\n\n\n<p>F\u00f6rutom viktminskningen m\u00e4rker <b>anv\u00e4ndarna<\/b> ocks\u00e5 <em>en f\u00f6rb\u00e4ttring av v\u00e4lbefinnandet<\/em>. \u00d6kad energi och fysisk prestanda \u00e4r vanliga effekter av BeSlimmer. Ingredienser som gr\u00f6nt te-extrakt och ginseng bidrar till \u00f6kad prestanda. Dessa komponenter har en antioxidant <b>effekt<\/b>, vilket gynnar hudens tillst\u00e5nd och f\u00f6rb\u00e4ttrar dess utseende.<\/p>\n\n\n\n<p>Effekterna av BeSlimmer beskrivs nedan:<\/p>\n\n\n\n<figure class=\"wp-block-table\"><table class=\"has-fixed-layout\"><tbody><tr><th>Effekt<\/th><th>Beskrivning<\/th><\/tr><tr><td><b>Viktminskning<\/b><\/td><td>H\u00e4lsosam viktminskning med regelbunden anv\u00e4ndning och l\u00e4mplig diet.<\/td><\/tr><tr><td><b>F\u00f6rb\u00e4ttrat v\u00e4lbefinnande<\/b><\/td><td>\u00d6kad energi, f\u00f6rb\u00e4ttrad fysisk prestationsf\u00f6rm\u00e5ga.<\/td><\/tr><tr><td>Hudens tillst\u00e5nd<\/td><td>F\u00f6rb\u00e4ttrat hudutseende genom antioxidantverkan.<\/td><\/tr><tr><td>Accelererad \u00e4mnesoms\u00e4ttning<\/td><td><b>Naturliga ingredienser<\/b> fr\u00e4mjar snabbare \u00e4mnesoms\u00e4ttning och reglerar aptiten.<\/td><\/tr><\/tbody><\/table><\/figure>\n\n\n\n<p><b>Effekterna av BeSlimmer<\/b> bekr\u00e4ftas av m\u00e5nga positiva anv\u00e4ndarrecensioner. Anv\u00e4ndare av till\u00e4gget m\u00e4rker vanligtvis inte bara m\u00e4tbara effekter i form av viktminskning utan ocks\u00e5 en f\u00f6rb\u00e4ttrad livskvalitet. Denna synergistiska \u00e5tg\u00e4rd p\u00e5verkar den dagliga funktionen, vilket g\u00f6r BeSlimmer till ett popul\u00e4rt val bland dem som str\u00e4var efter att uppn\u00e5 och bibeh\u00e5lla en h\u00e4lsosam vikt.<\/p>\n\n\n\n<h2 class=\"wp-block-heading\">Hur tar jag BeSlimmer? &#8211; Dosering<\/h2>\n\n\n\n<p><b>Anv\u00e4ndningen<\/b> av BeSlimmer \u00e4r enkel och intuitiv. Vi rekommenderar att du tar en kapsel av kosttillskottet dagligen och dricker mycket vatten, helst f\u00f6re m\u00e5ltid. Regelbunden anv\u00e4ndning \u00e4r nyckeln till att uppn\u00e5 b\u00e4sta resultat i viktminskning.<\/p>\n\n\n\n<p>Det \u00e4r en bra id\u00e9 att f\u00f6lja doseringsanvisningarna f\u00f6r BeSlimmer. De som planerar att \u00e4ndra dosen eller har s\u00e4rskilda tvivel b\u00f6r r\u00e5dfr\u00e5ga en l\u00e4kare eller nutritionist. Detta kommer att bidra till att undvika eventuella biverkningar och maximera till\u00e4ggets potential.<\/p>\n\n\n\n<figure class=\"wp-block-table\"><table class=\"has-fixed-layout\"><tbody><tr><th>Typ av anv\u00e4ndning<\/th><th>Dosering<\/th><th>Anm\u00e4rkningar<\/th><\/tr><tr><td>Dagligen<\/td><td>1 kapsel<\/td><td>Drick rikligt med vatten f\u00f6re m\u00e5ltid<\/td><\/tr><tr><td>Med modifierad behandling<\/td><td>Indikerad konsultation<\/td><td>R\u00e5dg\u00f6r med din l\u00e4kare<\/td><\/tr><\/tbody><\/table><\/figure>\n\n\n\n<p>N\u00e4r BeSlimmer anv\u00e4nds enligt rekommendationen m\u00e4rker m\u00e5nga anv\u00e4ndare positiva f\u00f6r\u00e4ndringar efter bara n\u00e5gra dagar. Kosttillskottet, tack vare sina naturliga ingredienser, st\u00f6der kroppen i att br\u00e4nna fett och regenerera \u00e4mnesoms\u00e4ttningen. Av denna anledning blir inte bara dosering utan ocks\u00e5 regelbundenhet avg\u00f6rande, vilket leder till varaktiga resultat.<\/p>\n\n\n\n<h2 class=\"wp-block-heading\">BeSlimmer &#8211; \u00c5sikter och recensioner, forum<\/h2>\n\n\n\n<p>BeSlimmer har blivit ett av de mer popul\u00e4ra kosttillskotten bland m\u00e4nniskor som vill minska kroppsvikten. <b>Anv\u00e4ndare<\/b> delar med sig av sina erfarenheter, ofta p\u00e5 forum som \u00e4r dedikerade till h\u00e4lsa och viktminskning. M\u00e5nga <em>BeSlimmer-recensioner<\/em> lyfter fram tillskottets positiva effekter p\u00e5 v\u00e4lbefinnande och s\u00e4ker anv\u00e4ndning.<\/p>\n\n\n\n<blockquote class=\"wp-block-quote is-layout-flow wp-block-quote-is-layout-flow\">\n<p>&#8221;Jag best\u00e4mde mig f\u00f6r att ta BeSlimmer efter att ha l\u00e4st n\u00e5gra positiva recensioner p\u00e5 <b>forumet<\/b>. Efter tv\u00e5 m\u00e5naders anv\u00e4ndning har jag g\u00e5tt ner 10 kg. Jag k\u00e4nner mig mer energisk och n\u00f6jd med resultatet. Produkten har verkligen hj\u00e4lpt mig att uppn\u00e5 mina m\u00e5l.&#8221; &#8211; Aneta<\/p>\n<\/blockquote>\n\n\n\n<blockquote class=\"wp-block-quote is-layout-flow wp-block-quote-is-layout-flow\">\n<p>&#8221;BeSlimmer har varit en livr\u00e4ddare f\u00f6r mig! Jag m\u00e4rkte effekterna n\u00e4stan omedelbart. Efter n\u00e5gra veckor f\u00f6rb\u00e4ttrades mitt hum\u00f6r avsev\u00e4rt och vikten b\u00f6rjade falla av. Jag har anv\u00e4nt tillskottet i en m\u00e5nad och jag har redan uppn\u00e5tt mina m\u00e5l.&#8221; &#8211; Marcin<\/p>\n<\/blockquote>\n\n\n\n<p>Recensioner p\u00e5 <b>h\u00e4lsoforumet<\/b> pekar ocks\u00e5 p\u00e5 att det \u00e4r enkelt att k\u00f6pa och snabb leverans. <b>Anv\u00e4ndare<\/b> ber\u00f6mmer ocks\u00e5 BeSlimers <b>naturliga ingredienser<\/b>, som kan st\u00f6dja viktminskning utan drastiska kostbegr\u00e4nsningar.<\/p>\n\n\n\n<p>Anv\u00e4ndarrecensioner g\u00f6r det klart att BeSlimmer f\u00e5r mer och mer erk\u00e4nnande, trots bristen p\u00e5 godk\u00e4nnande fr\u00e5n byr\u00e5er som reglerar kosttillskott. M\u00e5nga m\u00e4nniskor satsar p\u00e5 produkten baserat p\u00e5 deras olika erfarenheter och effekter, vilket framg\u00e5r av de blomstrande diskussionerna p\u00e5 forum. Det \u00e4r dock viktigt att varje anv\u00e4ndare \u00e4r f\u00f6rsiktig och noggrant granskar alla kosttillskott. Anv\u00e4ndare som har delat sina <em>recensioner<\/em> f\u00f6resl\u00e5r ofta att man konsulterar en l\u00e4kare innan man p\u00e5b\u00f6rjar en behandling.<\/p>\n\n\n\n<h2 class=\"wp-block-heading\">BeSlimmer-komposition &#8211; Analys av ingredienser<\/h2>\n\n\n\n<p><b>Sammans\u00e4ttningen av BeSlimmer<\/b> \u00e4r en kombination av <em>naturliga ingredienser<\/em> som st\u00f6der viktminskning. Bland dem finns v\u00e4xtextrakt som har visat sig vara <b>effektiva<\/b> vid viktminskning.<\/p>\n\n\n\n<ul class=\"wp-block-list\">\n<li><em>Gr\u00f6nt te-extrakt<\/em> &#8211; k\u00e4nt f\u00f6r sina metabolismaccelererande egenskaper.<\/li>\n\n\n\n<li><em>Guarana-extrakt<\/em> &#8211; har en stimulerande effekt och f\u00f6rb\u00e4ttrar prestandan.<\/li>\n\n\n\n<li><em>Garcinia cambogia-fruktextrakt<\/em> &#8211; kan bidra till att minska aptiten.<\/li>\n\n\n\n<li><em>Acai-fruktextrakt<\/em> &#8211; rikt p\u00e5 antioxidanter och fr\u00e4mjar metabol h\u00e4lsa.<\/li>\n\n\n\n<li><em>Vitamin B6<\/em> &#8211; reglerar \u00e4mnesoms\u00e4ttningen och st\u00f6der proteinmetabolismen.<\/li>\n<\/ul>\n\n\n\n<p>Alla dessa ingredienser ing\u00e5r i <b>BeSlimmer<\/b> och deras <em>analys<\/em> visar att de fungerar synergistiskt f\u00f6r att bidra till effektiv viktminskning och f\u00f6rb\u00e4ttra kroppens allm\u00e4nna tillst\u00e5nd.<\/p>\n\n\n\n<p><b>Sammans\u00e4ttningen av BeSlimmer<\/b> \u00e4r noggrant formulerad f\u00f6r att f\u00f6rse kroppen med de n\u00f6dv\u00e4ndiga ingredienserna f\u00f6r att st\u00f6dja <em>kosttillskottet<\/em> i viktminskning. Anv\u00e4ndare av denna produkt kan r\u00e4kna med dess <b>effektivitet<\/b> till f\u00f6ljd av de v\u00e4l valda <em>naturliga ingredienserna<\/em>.<\/p>\n\n\n\n<h2 class=\"wp-block-heading\">Var kan man k\u00f6pa och vad \u00e4r priset p\u00e5 BeSlimmer?<\/h2>\n\n\n\n<p>BeSlimmer kan endast k\u00f6pas fr\u00e5n <em>tillverkarens officiella webbplats<\/em>, vilket \u00e4r en garanti f\u00f6r produktens originalitet. Att <b>k\u00f6pa online<\/b> ger snabb och bekv\u00e4m tillg\u00e5ng till till\u00e4gget utan att beh\u00f6va bes\u00f6ka station\u00e4ra butiker d\u00e4r BeSlimmer inte \u00e4r tillg\u00e4ngligt.<\/p>\n\n\n\n<p><strong>Priset p\u00e5 BeSlimmer<\/strong> kan variera beroende p\u00e5 aktuella kampanjer. Det \u00e4r d\u00e4rf\u00f6r tillr\u00e5dligt att regelbundet kontrollera de priser som erbjuds p\u00e5 tillverkarens webbplats. De rabatter och kampanjer som erbjuds kan avsev\u00e4rt minska utgifterna f\u00f6r till\u00e4gget.<\/p>\n\n\n\n<p>De som best\u00e4mmer sig f\u00f6r att <b>handla online<\/b> kan dra nytta av bekv\u00e4ma betalningsmetoder, inklusive m\u00f6jligheten att betala vid leverans. Att v\u00e4lja denna form av transaktion \u00f6kar <b>s\u00e4kerheten<\/b> och komforten i shoppingupplevelsen.<\/p>\n\n\n\n<ul class=\"wp-block-list\">\n<li>BeSlimmer \u00e4r endast tillg\u00e4nglig p\u00e5 den officiella tillverkarens webbplats.<\/li>\n\n\n\n<li>Regelbunden kontroll <em>av priset p\u00e5 BeSlimmer<\/em> g\u00f6r att du kan dra nytta av de b\u00e4sta erbjudandena.<\/li>\n\n\n\n<li><em>Online shopping<\/em> \u00e4r ett snabbt s\u00e4tt att k\u00f6pa till\u00e4gget.<\/li>\n<\/ul>\n\n\n\n<h2 class=\"wp-block-heading\">BeSlimmer &#8211; Biverkningar och kontraindikationer<\/h2>\n\n\n\n<p>BeSlimmer, som \u00e4r ett kosttillskott baserat p\u00e5 naturliga ingredienser, har en minimal risk f\u00f6r biverkningar. \u00c4nd\u00e5 b\u00f6r personer med intolerans mot koffein och olika allergier vara f\u00f6rsiktiga innan de anv\u00e4nder det. Anv\u00e4ndarnas erfarenheter tyder p\u00e5 att biverkningarna <b>av BeSlimmer<\/b> mestadels \u00e4r positiva, inklusive en \u00f6kning av fettf\u00f6rbr\u00e4nningshastigheten eller en f\u00f6rb\u00e4ttring av blodsockret och kolesterolniv\u00e5erna.<\/p>\n\n\n\n<p>Det \u00e4r viktigt att konsultera din l\u00e4kare innan du p\u00e5b\u00f6rjar behandlingen, s\u00e4rskilt om du har ett kroniskt medicinskt tillst\u00e5nd eller tar andra mediciner. <b>Kontraindikationer<\/b> f\u00f6r anv\u00e4ndning av BeSlimmer inkluderar personer under 18 \u00e5r, gravida kvinnor och ammande m\u00f6drar, liksom de med kroniska gastrointestinala sjukdomar. Av <b>s\u00e4kerhetssk\u00e4l<\/b> b\u00f6r varje potentiell anv\u00e4ndare noggrant bed\u00f6ma sin h\u00e4lsostatus innan han eller hon tar tillskottet.<\/p>\n\n\n\n<p>Denna produkt, n\u00e4r den anv\u00e4nds p\u00e5 r\u00e4tt s\u00e4tt, \u00e4r allm\u00e4nt erk\u00e4nd som ett s\u00e4kert och effektivt s\u00e4tt att st\u00f6dja viktminskning. Det \u00e4r dock viktigt att de som v\u00e4ljer BeSlimmer \u00e4r medvetna om en h\u00e4lsosam livsstil och r\u00e5dg\u00f6r med yrkesverksamma f\u00f6r att uppn\u00e5 b\u00e4sta m\u00f6jliga resultat och undvika potentiella kontraindikationer.<\/p>\n","protected":false},"excerpt":{"rendered":"<p><strong>[date_countdown]<\/strong><\/p>\n<p><img decoding=\"async\" class=\"alignnone wp-image-12507\" src=\"https:\/\/www.vardcentralenhjartatsolna.se\/farmaci\/wp-content\/uploads\/2024\/11\/SAFE-PAY-300x88-1.png\" alt=\"SAFE-PAY-300x88\" width=\"201\" height=\"59\" \/><\/p>\n","protected":false},"featured_media":11927,"comment_status":"open","ping_status":"closed","template":"","meta":{"neve_meta_sidebar":"","neve_meta_container":"","neve_meta_enable_content_width":"","neve_meta_content_width":0,"neve_meta_title_alignment":"","neve_meta_author_avatar":"","neve_post_elements_order":"","neve_meta_disable_header":"","neve_meta_disable_footer":"","neve_meta_disable_title":"","neve_meta_reading_time":""},"product_brand":[],"product_cat":[568],"product_tag":[],"class_list":{"0":"post-12408","1":"product","2":"type-product","3":"status-publish","4":"has-post-thumbnail","6":"product_cat-viktnedgang","8":"first","9":"instock","10":"sale","11":"shipping-taxable","12":"product-type-external"},"yoast_head":"<!-- This site is optimized with the Yoast SEO plugin v27.4 - https:\/\/yoast.com\/product\/yoast-seo-wordpress\/ -->\n<title>BeSlimmer - Recension, Pris, Effekter, Apotek, Forum | -50%<\/title>\n<meta name=\"robots\" content=\"index, follow, max-snippet:-1, max-image-preview:large, max-video-preview:-1\" \/>\n<link rel=\"canonical\" href=\"https:\/\/www.vardcentralenhjartatsolna.se\/farmaci\/apt\/beslimmer\/\" \/>\n<meta property=\"og:locale\" content=\"sv_SE\" \/>\n<meta property=\"og:type\" content=\"article\" \/>\n<meta property=\"og:title\" content=\"BeSlimmer - Recension, Pris, Effekter, Apotek, Forum | -50%\" \/>\n<meta property=\"og:url\" content=\"https:\/\/www.vardcentralenhjartatsolna.se\/farmaci\/apt\/beslimmer\/\" \/>\n<meta property=\"og:site_name\" content=\"Vardcentralenhjartatsolna\" \/>\n<meta property=\"article:modified_time\" content=\"2024-11-15T12:49:13+00:00\" \/>\n<meta property=\"og:image\" content=\"https:\/\/www.vardcentralenhjartatsolna.se\/farmaci\/wp-content\/uploads\/2024\/11\/BeSlimmer.jpg\" \/>\n\t<meta property=\"og:image:width\" content=\"768\" \/>\n\t<meta property=\"og:image:height\" content=\"768\" \/>\n\t<meta property=\"og:image:type\" content=\"image\/jpeg\" \/>\n<meta name=\"twitter:card\" content=\"summary_large_image\" \/>\n<meta name=\"twitter:description\" content=\"[date_countdown]\" \/>\n<meta name=\"twitter:label1\" content=\"Ber\u00e4knad l\u00e4stid\" \/>\n\t<meta name=\"twitter:data1\" content=\"1 minut\" \/>\n<script type=\"application\/ld+json\" class=\"yoast-schema-graph\">{\"@context\":\"https:\\\/\\\/schema.org\",\"@graph\":[{\"@type\":\"WebPage\",\"@id\":\"https:\\\/\\\/www.vardcentralenhjartatsolna.se\\\/farmaci\\\/apt\\\/beslimmer\\\/\",\"url\":\"https:\\\/\\\/www.vardcentralenhjartatsolna.se\\\/farmaci\\\/apt\\\/beslimmer\\\/\",\"name\":\"BeSlimmer - Recension, Pris, Effekter, Apotek, Forum | -50%\",\"isPartOf\":{\"@id\":\"https:\\\/\\\/www.vardcentralenhjartatsolna.se\\\/farmaci\\\/#website\"},\"primaryImageOfPage\":{\"@id\":\"https:\\\/\\\/www.vardcentralenhjartatsolna.se\\\/farmaci\\\/apt\\\/beslimmer\\\/#primaryimage\"},\"image\":{\"@id\":\"https:\\\/\\\/www.vardcentralenhjartatsolna.se\\\/farmaci\\\/apt\\\/beslimmer\\\/#primaryimage\"},\"thumbnailUrl\":\"https:\\\/\\\/www.vardcentralenhjartatsolna.se\\\/farmaci\\\/wp-content\\\/uploads\\\/2024\\\/11\\\/BeSlimmer.jpg\",\"datePublished\":\"2024-11-09T14:08:22+00:00\",\"dateModified\":\"2024-11-15T12:49:13+00:00\",\"breadcrumb\":{\"@id\":\"https:\\\/\\\/www.vardcentralenhjartatsolna.se\\\/farmaci\\\/apt\\\/beslimmer\\\/#breadcrumb\"},\"inLanguage\":\"sv-SE\",\"potentialAction\":[{\"@type\":\"ReadAction\",\"target\":[\"https:\\\/\\\/www.vardcentralenhjartatsolna.se\\\/farmaci\\\/apt\\\/beslimmer\\\/\"]}]},{\"@type\":\"ImageObject\",\"inLanguage\":\"sv-SE\",\"@id\":\"https:\\\/\\\/www.vardcentralenhjartatsolna.se\\\/farmaci\\\/apt\\\/beslimmer\\\/#primaryimage\",\"url\":\"https:\\\/\\\/www.vardcentralenhjartatsolna.se\\\/farmaci\\\/wp-content\\\/uploads\\\/2024\\\/11\\\/BeSlimmer.jpg\",\"contentUrl\":\"https:\\\/\\\/www.vardcentralenhjartatsolna.se\\\/farmaci\\\/wp-content\\\/uploads\\\/2024\\\/11\\\/BeSlimmer.jpg\",\"width\":768,\"height\":768},{\"@type\":\"BreadcrumbList\",\"@id\":\"https:\\\/\\\/www.vardcentralenhjartatsolna.se\\\/farmaci\\\/apt\\\/beslimmer\\\/#breadcrumb\",\"itemListElement\":[{\"@type\":\"ListItem\",\"position\":1,\"name\":\"Strona g\u0142\u00f3wna\",\"item\":\"https:\\\/\\\/www.vardcentralenhjartatsolna.se\\\/farmaci\\\/\"},{\"@type\":\"ListItem\",\"position\":2,\"name\":\"Produkte\",\"item\":\"https:\\\/\\\/www.vardcentralenhjartatsolna.se\\\/farmaci\\\/\"},{\"@type\":\"ListItem\",\"position\":3,\"name\":\"BeSlimmer\"}]},{\"@type\":\"WebSite\",\"@id\":\"https:\\\/\\\/www.vardcentralenhjartatsolna.se\\\/farmaci\\\/#website\",\"url\":\"https:\\\/\\\/www.vardcentralenhjartatsolna.se\\\/farmaci\\\/\",\"name\":\"Vardcentralenhjartatsolna\",\"description\":\"\",\"potentialAction\":[{\"@type\":\"SearchAction\",\"target\":{\"@type\":\"EntryPoint\",\"urlTemplate\":\"https:\\\/\\\/www.vardcentralenhjartatsolna.se\\\/farmaci\\\/?s={search_term_string}\"},\"query-input\":{\"@type\":\"PropertyValueSpecification\",\"valueRequired\":true,\"valueName\":\"search_term_string\"}}],\"inLanguage\":\"sv-SE\"}]}<\/script>\n<!-- \/ Yoast SEO plugin. -->","yoast_head_json":{"title":"BeSlimmer - Recension, Pris, Effekter, Apotek, Forum | -50%","robots":{"index":"index","follow":"follow","max-snippet":"max-snippet:-1","max-image-preview":"max-image-preview:large","max-video-preview":"max-video-preview:-1"},"canonical":"https:\/\/www.vardcentralenhjartatsolna.se\/farmaci\/apt\/beslimmer\/","og_locale":"sv_SE","og_type":"article","og_title":"BeSlimmer - Recension, Pris, Effekter, Apotek, Forum | -50%","og_url":"https:\/\/www.vardcentralenhjartatsolna.se\/farmaci\/apt\/beslimmer\/","og_site_name":"Vardcentralenhjartatsolna","article_modified_time":"2024-11-15T12:49:13+00:00","og_image":[{"width":768,"height":768,"url":"https:\/\/www.vardcentralenhjartatsolna.se\/farmaci\/wp-content\/uploads\/2024\/11\/BeSlimmer.jpg","type":"image\/jpeg"}],"twitter_card":"summary_large_image","twitter_description":"[date_countdown]","twitter_misc":{"Ber\u00e4knad l\u00e4stid":"1 minut"},"schema":{"@context":"https:\/\/schema.org","@graph":[{"@type":"WebPage","@id":"https:\/\/www.vardcentralenhjartatsolna.se\/farmaci\/apt\/beslimmer\/","url":"https:\/\/www.vardcentralenhjartatsolna.se\/farmaci\/apt\/beslimmer\/","name":"BeSlimmer - Recension, Pris, Effekter, Apotek, Forum | -50%","isPartOf":{"@id":"https:\/\/www.vardcentralenhjartatsolna.se\/farmaci\/#website"},"primaryImageOfPage":{"@id":"https:\/\/www.vardcentralenhjartatsolna.se\/farmaci\/apt\/beslimmer\/#primaryimage"},"image":{"@id":"https:\/\/www.vardcentralenhjartatsolna.se\/farmaci\/apt\/beslimmer\/#primaryimage"},"thumbnailUrl":"https:\/\/www.vardcentralenhjartatsolna.se\/farmaci\/wp-content\/uploads\/2024\/11\/BeSlimmer.jpg","datePublished":"2024-11-09T14:08:22+00:00","dateModified":"2024-11-15T12:49:13+00:00","breadcrumb":{"@id":"https:\/\/www.vardcentralenhjartatsolna.se\/farmaci\/apt\/beslimmer\/#breadcrumb"},"inLanguage":"sv-SE","potentialAction":[{"@type":"ReadAction","target":["https:\/\/www.vardcentralenhjartatsolna.se\/farmaci\/apt\/beslimmer\/"]}]},{"@type":"ImageObject","inLanguage":"sv-SE","@id":"https:\/\/www.vardcentralenhjartatsolna.se\/farmaci\/apt\/beslimmer\/#primaryimage","url":"https:\/\/www.vardcentralenhjartatsolna.se\/farmaci\/wp-content\/uploads\/2024\/11\/BeSlimmer.jpg","contentUrl":"https:\/\/www.vardcentralenhjartatsolna.se\/farmaci\/wp-content\/uploads\/2024\/11\/BeSlimmer.jpg","width":768,"height":768},{"@type":"BreadcrumbList","@id":"https:\/\/www.vardcentralenhjartatsolna.se\/farmaci\/apt\/beslimmer\/#breadcrumb","itemListElement":[{"@type":"ListItem","position":1,"name":"Strona g\u0142\u00f3wna","item":"https:\/\/www.vardcentralenhjartatsolna.se\/farmaci\/"},{"@type":"ListItem","position":2,"name":"Produkte","item":"https:\/\/www.vardcentralenhjartatsolna.se\/farmaci\/"},{"@type":"ListItem","position":3,"name":"BeSlimmer"}]},{"@type":"WebSite","@id":"https:\/\/www.vardcentralenhjartatsolna.se\/farmaci\/#website","url":"https:\/\/www.vardcentralenhjartatsolna.se\/farmaci\/","name":"Vardcentralenhjartatsolna","description":"","potentialAction":[{"@type":"SearchAction","target":{"@type":"EntryPoint","urlTemplate":"https:\/\/www.vardcentralenhjartatsolna.se\/farmaci\/?s={search_term_string}"},"query-input":{"@type":"PropertyValueSpecification","valueRequired":true,"valueName":"search_term_string"}}],"inLanguage":"sv-SE"}]}},"_links":{"self":[{"href":"https:\/\/www.vardcentralenhjartatsolna.se\/farmaci\/wp-json\/wp\/v2\/product\/12408","targetHints":{"allow":["GET"]}}],"collection":[{"href":"https:\/\/www.vardcentralenhjartatsolna.se\/farmaci\/wp-json\/wp\/v2\/product"}],"about":[{"href":"https:\/\/www.vardcentralenhjartatsolna.se\/farmaci\/wp-json\/wp\/v2\/types\/product"}],"replies":[{"embeddable":true,"href":"https:\/\/www.vardcentralenhjartatsolna.se\/farmaci\/wp-json\/wp\/v2\/comments?post=12408"}],"wp:featuredmedia":[{"embeddable":true,"href":"https:\/\/www.vardcentralenhjartatsolna.se\/farmaci\/wp-json\/wp\/v2\/media\/11927"}],"wp:attachment":[{"href":"https:\/\/www.vardcentralenhjartatsolna.se\/farmaci\/wp-json\/wp\/v2\/media?parent=12408"}],"wp:term":[{"taxonomy":"product_brand","embeddable":true,"href":"https:\/\/www.vardcentralenhjartatsolna.se\/farmaci\/wp-json\/wp\/v2\/product_brand?post=12408"},{"taxonomy":"product_cat","embeddable":true,"href":"https:\/\/www.vardcentralenhjartatsolna.se\/farmaci\/wp-json\/wp\/v2\/product_cat?post=12408"},{"taxonomy":"product_tag","embeddable":true,"href":"https:\/\/www.vardcentralenhjartatsolna.se\/farmaci\/wp-json\/wp\/v2\/product_tag?post=12408"}],"curies":[{"name":"wp","href":"https:\/\/api.w.org\/{rel}","templated":true}]}}