{"id":12403,"date":"2024-11-09T15:08:19","date_gmt":"2024-11-09T14:08:19","guid":{"rendered":"https:\/\/blodsjukdom.se\/farmaci\/apt\/veniseptico\/"},"modified":"2024-11-15T19:24:41","modified_gmt":"2024-11-15T18:24:41","slug":"veniseptico","status":"publish","type":"product","link":"https:\/\/www.vardcentralenhjartatsolna.se\/farmaci\/apt\/veniseptico\/","title":{"rendered":"Veniseptico"},"content":{"rendered":"\n<h2 class=\"wp-block-heading\">Vad \u00e4r Veniseptico och hur fungerar det?<\/h2>\n\n\n\n<p>Veniseptico \u00e4r ett omfattande <em>kosttillskott<\/em> som syftar till att f\u00f6rb\u00e4ttra <em>k\u00e4rlh\u00e4lsan<\/em> och st\u00f6dja cirkulationssystemet. Dess <em>verkan<\/em> baseras p\u00e5 en noggrant utvald blandning av naturliga ingredienser som visar en gynnsam effekt p\u00e5 venernas tillst\u00e5nd och deras elasticitet. Venisepticos ingredienser inkluderar h\u00e4stkastanjextrakt, druvor, ginseng och C-vitamin, som tillsammans bidrar till att minska svullnad och sm\u00e4rta och f\u00f6rhindra \u00e5derbr\u00e5ck.<\/p>\n\n\n\n<p>Till\u00e4gget fungerar genom att \u00f6ka blodfl\u00f6det, vilket i h\u00f6g grad fr\u00e4mjar f\u00f6rb\u00e4ttrad <em>cirkulation<\/em>. Verkningsmekanismerna inkluderar produktion av kv\u00e4veoxid, som slappnar av de sl\u00e4ta musklerna i blodk\u00e4rlen och d\u00e4rigenom underl\u00e4ttar evakueringen av blod. S\u00e5ledes kan regelbunden <b>anv\u00e4ndning av<\/b> Veniseptico under en period av cirka tv\u00e5 veckor leda till en betydande f\u00f6rb\u00e4ttring av <em>k\u00e4rlh\u00e4lsan<\/em>, vilket framg\u00e5r av den entusiastiska feedbacken fr\u00e5n anv\u00e4ndarna.<\/p>\n\n\n\n<p>Veniseptico har blivit popul\u00e4rt i Polen, vilket visar p\u00e5 det v\u00e4xande intresset f\u00f6r naturliga preparat f\u00f6r <em>cirkulationsst\u00f6d<\/em>. Tack vare sina naturliga ingredienser har detta tillskott en minimal risk f\u00f6r biverkningar, vilket g\u00f6r det s\u00e4kert f\u00f6r de flesta m\u00e4nniskor. Den rekommenderade dosen \u00e4r en kapsel per dag, vilket g\u00f6r Veniseptico-tillskott bekv\u00e4mt och tillg\u00e4ngligt f\u00f6r en bred publik.<\/p>\n\n\n\n<figure class=\"wp-block-table\"><table class=\"has-fixed-layout\"><tbody><tr><th>Ingrediens<\/th><th>Effekt<\/th><\/tr><tr><td>Extrakt av h\u00e4stkastanj<\/td><td>St\u00f6djer cirkulationssystemet, minskar svullnad<\/td><\/tr><tr><td>Extrakt av druvk\u00e4rnor<\/td><td>St\u00e4rker <b>blodk\u00e4rlen<\/b>, f\u00f6rb\u00e4ttrar venernas elasticitet<\/td><\/tr><tr><td>Ginseng-extrakt<\/td><td>F\u00f6rb\u00e4ttrar komforten och minskar k\u00e4nslan av tunga ben<\/td><\/tr><tr><td>C-vitamin<\/td><td>St\u00f6djer <b>blodk\u00e4rlens<\/b> h\u00e4lsa, har en antioxidant effekt<\/td><\/tr><\/tbody><\/table><\/figure>\n\n\n\n<h2 class=\"wp-block-heading\">Veniseptico &#8211; effekter<\/h2>\n\n\n\n<p>Veniseptico, ett <b>kosttillskott<\/b> som \u00e4r utformat f\u00f6r personer som k\u00e4mpar med cirkulationsproblem, kan ha m\u00e5nga <b>h\u00e4lsoeffekter<\/b>. Regelbunden <b>anv\u00e4ndning av<\/b> denna produkt leder till f\u00f6rb\u00e4ttringar i cirkulationssystemet. M\u00e5nga m\u00e4nniskor m\u00e4rker en <em>minskning av \u00e5derbr\u00e5ck<\/em> och en minskning av svullnad i benen. Positiva f\u00f6r\u00e4ndringar i den upplevda komforten i livet rapporteras ofta.<\/p>\n\n\n\n<p><b>Effekterna<\/b> av Veniseptico b\u00f6rjar bli uppenbara efter n\u00e5gra veckors regelbunden anv\u00e4ndning. Viktiga ingredienser, s\u00e5som h\u00e4stkastanjextrakt och hesperidin, arbetar f\u00f6r att f\u00f6rb\u00e4ttra blodk\u00e4rlens elasticitet. Detta g\u00f6r det m\u00f6jligt att f\u00f6rsegla k\u00e4rlen och minska symtomen i samband med tunga ben.<\/p>\n\n\n\n<p><b>Anv\u00e4ndarrecensioner<\/b> pekar ocks\u00e5 p\u00e5 produktens effektivitet n\u00e4r det g\u00e4ller att minska sm\u00e4rta och tr\u00f6tthet i benen, vilket \u00e4r direkt kopplat till f\u00f6rb\u00e4ttrad cirkulation. Veniseptico verkar inte bara symptomatiskt utan bek\u00e4mpar ocks\u00e5 de underliggande orsakerna till ven\u00f6sa och vaskul\u00e4ra problem. <b>Anv\u00e4ndarna<\/b> framh\u00e5ller ofta att de k\u00e4nner en l\u00e4tthetsk\u00e4nsla i benen och att de m\u00e4rker att \u00e5derbr\u00e5cken blir mindre synliga.<\/p>\n\n\n\n<p>Alla dessa <b>effekter<\/b> g\u00f6r Veniseptico popul\u00e4rt som ett effektivt s\u00e4tt att st\u00f6dja kardiovaskul\u00e4r h\u00e4lsa. Det \u00e4r d\u00e4rf\u00f6r s\u00e5 m\u00e5nga m\u00e4nniskor v\u00e4ljer detta naturliga tillskott f\u00f6r att f\u00f6rb\u00e4ttra kvaliteten p\u00e5 sitt dagliga liv.<\/p>\n\n\n\n<h2 class=\"wp-block-heading\">Hur man anv\u00e4nder Veniseptico? &#8211; Dosering och rekommendationer<\/h2>\n\n\n\n<p>Veniseptico \u00e4r ett <b>kosttillskott<\/b> som ska <em>anv\u00e4ndas<\/em> i enlighet med tillverkarens rekommendationer. Den optimala dosen \u00e4r en kapsel per dag, helst i samband med en m\u00e5ltid och med rikligt med vatten. Regelbunden <em>anv\u00e4ndning<\/em> \u00e4r nyckeln till att uppn\u00e5 b\u00e4sta resultat, och synliga resultat kan vanligtvis ses efter cirka tv\u00e5 veckor.<\/p>\n\n\n\n<p>Det \u00e4r tillr\u00e5dligt att konsultera en l\u00e4kare innan du b\u00f6rjar Veniseptico, s\u00e4rskilt f\u00f6r dem med redan existerande h\u00e4lsotillst\u00e5nd. Att f\u00f6lja <em>doseringen<\/em> och <em>bruksanvisningen<\/em> kommer att s\u00e4kerst\u00e4lla tillskottets <b>s\u00e4kerhet<\/b> och effektivitet.<\/p>\n\n\n\n<figure class=\"wp-block-table\"><table class=\"has-fixed-layout\"><tbody><tr><th>Aspekt<\/th><th>Detaljerad information<\/th><\/tr><tr><td><em>Dosering<\/em><\/td><td>1 kapsel per dag<\/td><\/tr><tr><td><em>Anv\u00e4ndning<\/em><\/td><td>Drick vatten i samband med m\u00e5ltid<\/td><\/tr><tr><td><em>Varaktighet f\u00f6r anv\u00e4ndning<\/em><\/td><td>Minst 3 m\u00e5nader f\u00f6r b\u00e4sta resultat<\/td><\/tr><tr><td><em>Rekommendationer<\/em><\/td><td>R\u00e5dg\u00f6r med en l\u00e4kare f\u00f6re anv\u00e4ndning<\/td><\/tr><\/tbody><\/table><\/figure>\n\n\n\n<h2 class=\"wp-block-heading\">Veniseptico &#8211; Anv\u00e4ndarrecensioner, forum &#8211; Vad s\u00e4ger anv\u00e4ndarna?<\/h2>\n\n\n\n<p>Veniseptico<b>recensioner<\/b> \u00e4r mestadels positiva och <b>anv\u00e4ndarna<\/b> delar g\u00e4rna med sig av sina <em>erfarenheter<\/em> p\u00e5 <b>forumet<\/b>. M\u00e5nga m\u00e4nniskor som k\u00e4mpar med \u00e5derbr\u00e5ck m\u00e4rker en betydande f\u00f6rb\u00e4ttring efter att ha anv\u00e4nt denna produkt.<\/p>\n\n\n\n<blockquote class=\"wp-block-quote is-layout-flow wp-block-quote-is-layout-flow\">\n<p>&#8221;Efter att ha anv\u00e4nt Veniseptico i n\u00e5gra veckor m\u00e4rkte jag att mina ben var l\u00e4ttare. K\u00e4nslan av tyngd har praktiskt taget f\u00f6rsvunnit. Jag k\u00e4nner att min cirkulation har f\u00f6rb\u00e4ttrats avsev\u00e4rt. Produkten f\u00f6rtj\u00e4nar definitivt att rekommenderas!&#8221; &#8211; Anna<\/p>\n<\/blockquote>\n\n\n\n<p>En annan anv\u00e4ndare, Peter, understryker:<\/p>\n\n\n\n<blockquote class=\"wp-block-quote is-layout-flow wp-block-quote-is-layout-flow\">\n<p>&#8221;Veniseptico har visat sig vara en bra l\u00f6sning f\u00f6r mig. Den fungerar snabbt och effektivt. Efter en l\u00e5ng arbetsdag har jag inte l\u00e4ngre ont i benen och jag k\u00e4nner mig mer l\u00e4ttad.&#8221; &#8211; Piotr<\/p>\n<\/blockquote>\n\n\n\n<p>Marta, som ocks\u00e5 har anv\u00e4nt tillskottet, till\u00e4gger:<\/p>\n\n\n\n<blockquote class=\"wp-block-quote is-layout-flow wp-block-quote-is-layout-flow\">\n<p>&#8221;Jag m\u00e5r mycket b\u00e4ttre! \u00c5derbr\u00e5cken har blivit mindre synliga och r\u00f6relsekomforten har \u00f6kat. Venisepticos <b>naturliga ingredienser<\/b> bekr\u00e4ftar dess <b>s\u00e4kerhet<\/b>.&#8221; &#8211; Marta<\/p>\n<\/blockquote>\n\n\n\n<p><b>Anv\u00e4ndarna<\/b> uppskattar inte bara effekterna utan ocks\u00e5 <b>formuleringen<\/b>, som inneh\u00e5ller <b>naturliga ingredienser<\/b>. Det \u00e4r denna funktion som g\u00f6r Veniseptico mycket uppskattad i onlineforum, d\u00e4r m\u00e5nga m\u00e4nniskor delar sina erfarenheter.<\/p>\n\n\n\n<p>Sammantaget visar <b>anv\u00e4ndarrecensioner<\/b> att Veniseptico \u00e4r mycket effektivt, vilket g\u00f6r denna produkt v\u00e4rd att \u00f6verv\u00e4ga f\u00f6r alla personer med \u00e5derbr\u00e5cksproblem.<\/p>\n\n\n\n<h2 class=\"wp-block-heading\">Veniseptico &#8211; Sammans\u00e4ttning &#8211; Vad inneh\u00e5ller den?<\/h2>\n\n\n\n<p><b>Sammans\u00e4ttningen<\/b> av Veniseptico \u00e4r baserad p\u00e5 noggrant utvalda naturliga ingredienser som st\u00f6der <b>\u00e5derbr\u00e5cksh\u00e4lsa<\/b> och f\u00f6rb\u00e4ttrar cirkulationen. De viktigaste komponenterna i detta till\u00e4gg \u00e4r:<\/p>\n\n\n\n<ul class=\"wp-block-list\">\n<li><em>Diosmin<\/em> &#8211; 90%, som st\u00e4rker <b>blodk\u00e4rlen<\/b> och minskar svullnad.<\/li>\n\n\n\n<li><em>Hesperidin<\/em> &#8211; 10%, som st\u00f6der vaskul\u00e4r elasticitet och f\u00f6rb\u00e4ttrar blodfl\u00f6det.<\/li>\n\n\n\n<li><em>Rosacea extrakt<\/em>, som har en skyddande effekt p\u00e5 k\u00e4rlen och st\u00f6der ocks\u00e5 cirkulationssystemet.<\/li>\n\n\n\n<li><em>H\u00e4stkastanjextrakt<\/em>, som lindrar svullnad och f\u00f6rb\u00e4ttrar venh\u00e4lsan.<\/li>\n\n\n\n<li><em>C-vitamin<\/em>, viktigt f\u00f6r kollagenproduktionen och blodk\u00e4rlens h\u00e4lsa.<\/li>\n\n\n\n<li><em>Druvextrakt<\/em>, som har en st\u00e4rkande effekt p\u00e5 blodk\u00e4rlen.<\/li>\n<\/ul>\n\n\n\n<p>Dessa <em>naturliga ingredienser i<\/em> Veniseptico arbetar tillsammans f\u00f6r att ge optimalt st\u00f6d f\u00f6r cirkulationssystemet. Studier visar att regelbunden <b>anv\u00e4ndning<\/b> kan leda till en m\u00e4rkbar f\u00f6rb\u00e4ttring av symtomen p\u00e5 ven\u00f6s insufficiens.<\/p>\n\n\n\n<p><b>Formuleringen<\/b> av Veniseptico har utvecklats f\u00f6r dem som k\u00e4mpar med problem med ven\u00f6s insufficiens, vilket g\u00f6r det till ett popul\u00e4rt val bland dem som oroar sig f\u00f6r ven\u00f6s och vaskul\u00e4r h\u00e4lsa.<\/p>\n\n\n\n<h2 class=\"wp-block-heading\">Veniseptico pris &#8211; Var kan man k\u00f6pa?<\/h2>\n\n\n\n<p>Veniseptico \u00e4r en produkt som endast kan k\u00f6pas fr\u00e5n <em>tillverkarens officiella webbplats.<\/em> Att k\u00f6pa direkt fr\u00e5n tillverkaren s\u00e4kerst\u00e4ller produktens \u00e4kthet och kvalitet. Veniseptico-priserna kan variera beroende p\u00e5 aktuella kampanjer, vilket \u00e4r v\u00e4rt att ta h\u00e4nsyn till vid k\u00f6p.<\/p>\n\n\n\n<p>Det \u00e4r v\u00e4rt att notera att Veniseptico inte finns i station\u00e4ra apotek, vilket g\u00f6r <em>den officiella tillverkarens webbplats<\/em> till den enda p\u00e5litliga platsen att k\u00f6pa. M\u00e5nga betonar att de med dessa ink\u00f6p undviker risken f\u00f6r att k\u00f6pa f\u00f6rfalskningar, vilket \u00e4r avg\u00f6rande f\u00f6r anv\u00e4ndarnas h\u00e4lsa.<\/p>\n\n\n\n<p>Med Veniseptico som ett v\u00e4xande varum\u00e4rke p\u00e5 marknaden \u00e4r det v\u00e4rt att notera den positiva feedbacken fr\u00e5n anv\u00e4ndarna. M\u00e4nniskor som har anv\u00e4nt Veniseptico indikerar en betydande f\u00f6rb\u00e4ttring av deras v\u00e4lbefinnande, en minskning av svullnad och en \u00f6kad komfort i det dagliga livet.<\/p>\n\n\n\n<p>V\u00e4lj klokt genom att k\u00f6pa Veniseptico fr\u00e5n <em>tillverkarens officiella webbplats<\/em> f\u00f6r att njuta av h\u00e4lsof\u00f6rdelarna med detta till\u00e4gg.<\/p>\n\n\n\n<h2 class=\"wp-block-heading\">Potentiella biverkningar och kontraindikationer av Veniseptico<\/h2>\n\n\n\n<p>Veniseptico har tack vare sina naturliga ingredienser en relativt l\u00e5g risk f\u00f6r biverkningar. Det rekommenderas dock att man h\u00e5ller sig till den rekommenderade dosen f\u00f6r att minimera eventuella biverkningar. Personer som kan vara k\u00e4nsliga f\u00f6r vissa ingredienser, liksom personer med befintliga medicinska tillst\u00e5nd, b\u00f6r s\u00f6ka medicinsk r\u00e5dgivning innan de p\u00e5b\u00f6rjar tillskott.<\/p>\n\n\n\n<p><b>Kontraindikationer<\/b> f\u00f6r anv\u00e4ndning av Veniseptico inkluderar fr\u00e4mst individuell intolerans mot ingredienserna och tillst\u00e5nd som graviditet eller amning. Regelbundna h\u00e4lsokontroller b\u00f6r inte ignoreras, vilket \u00e4r viktigt f\u00f6r att s\u00e4kerst\u00e4lla att tillskott g\u00f6rs p\u00e5 ett s\u00e4kert s\u00e4tt. Att h\u00e5lla ett \u00f6ga p\u00e5 <b>s\u00e4kerheten<\/b> \u00e4r nyckeln, s\u00e4rskilt n\u00e4r man tar kosttillskott.<\/p>\n\n\n\n<p>Det \u00e4r viktigt att vara medveten om att Veniseptico, liksom andra kosttillskott, inte \u00e4r en ers\u00e4ttning f\u00f6r en h\u00e4lsosam kost eller fysisk aktivitet. Om du upplever n\u00e5gra oroande symtom efter att ha p\u00e5b\u00f6rjat behandlingen \u00e4r det v\u00e4rt att omedelbart r\u00e5dfr\u00e5ga din l\u00e4kare f\u00f6r att diskutera n\u00e4sta steg. Att ta hand om din egen h\u00e4lsa och ett medvetet f\u00f6rh\u00e5llningss\u00e4tt till kosttillskott \u00e4r nyckeln till att uppn\u00e5 optimala resultat.<\/p>\n","protected":false},"excerpt":{"rendered":"<p><strong>[date_countdown]<\/strong><\/p>\n<p><img decoding=\"async\" class=\"alignnone wp-image-12507\" src=\"https:\/\/www.vardcentralenhjartatsolna.se\/farmaci\/wp-content\/uploads\/2024\/11\/SAFE-PAY-300x88-1.png\" alt=\"SAFE-PAY-300x88\" width=\"201\" height=\"59\" \/><\/p>\n","protected":false},"featured_media":11925,"comment_status":"open","ping_status":"closed","template":"","meta":{"neve_meta_sidebar":"","neve_meta_container":"","neve_meta_enable_content_width":"","neve_meta_content_width":0,"neve_meta_title_alignment":"","neve_meta_author_avatar":"","neve_post_elements_order":"","neve_meta_disable_header":"","neve_meta_disable_footer":"","neve_meta_disable_title":"","neve_meta_reading_time":""},"product_brand":[],"product_cat":[565],"product_tag":[],"class_list":{"0":"post-12403","1":"product","2":"type-product","3":"status-publish","4":"has-post-thumbnail","6":"product_cat-halsa","8":"first","9":"instock","10":"sale","11":"shipping-taxable","12":"product-type-external"},"yoast_head":"<!-- This site is optimized with the Yoast SEO plugin v27.4 - https:\/\/yoast.com\/product\/yoast-seo-wordpress\/ -->\n<title>Veniseptico - Recension, Pris, Effekter, Apotek, Forum | -50%<\/title>\n<meta name=\"robots\" content=\"index, follow, max-snippet:-1, max-image-preview:large, max-video-preview:-1\" \/>\n<link rel=\"canonical\" href=\"https:\/\/www.vardcentralenhjartatsolna.se\/farmaci\/apt\/veniseptico\/\" \/>\n<meta property=\"og:locale\" content=\"sv_SE\" \/>\n<meta property=\"og:type\" content=\"article\" \/>\n<meta property=\"og:title\" content=\"Veniseptico - Recension, Pris, Effekter, Apotek, Forum | -50%\" \/>\n<meta property=\"og:url\" content=\"https:\/\/www.vardcentralenhjartatsolna.se\/farmaci\/apt\/veniseptico\/\" \/>\n<meta property=\"og:site_name\" content=\"Vardcentralenhjartatsolna\" \/>\n<meta property=\"article:modified_time\" content=\"2024-11-15T18:24:41+00:00\" \/>\n<meta property=\"og:image\" content=\"https:\/\/www.vardcentralenhjartatsolna.se\/farmaci\/wp-content\/uploads\/2024\/11\/Veniseptico.jpg\" \/>\n\t<meta property=\"og:image:width\" content=\"768\" \/>\n\t<meta property=\"og:image:height\" content=\"768\" \/>\n\t<meta property=\"og:image:type\" content=\"image\/jpeg\" \/>\n<meta name=\"twitter:card\" content=\"summary_large_image\" \/>\n<meta name=\"twitter:description\" content=\"[date_countdown]\" \/>\n<meta name=\"twitter:label1\" content=\"Ber\u00e4knad l\u00e4stid\" \/>\n\t<meta name=\"twitter:data1\" content=\"1 minut\" \/>\n<script type=\"application\/ld+json\" class=\"yoast-schema-graph\">{\"@context\":\"https:\\\/\\\/schema.org\",\"@graph\":[{\"@type\":\"WebPage\",\"@id\":\"https:\\\/\\\/www.vardcentralenhjartatsolna.se\\\/farmaci\\\/apt\\\/veniseptico\\\/\",\"url\":\"https:\\\/\\\/www.vardcentralenhjartatsolna.se\\\/farmaci\\\/apt\\\/veniseptico\\\/\",\"name\":\"Veniseptico - Recension, Pris, Effekter, Apotek, Forum | -50%\",\"isPartOf\":{\"@id\":\"https:\\\/\\\/www.vardcentralenhjartatsolna.se\\\/farmaci\\\/#website\"},\"primaryImageOfPage\":{\"@id\":\"https:\\\/\\\/www.vardcentralenhjartatsolna.se\\\/farmaci\\\/apt\\\/veniseptico\\\/#primaryimage\"},\"image\":{\"@id\":\"https:\\\/\\\/www.vardcentralenhjartatsolna.se\\\/farmaci\\\/apt\\\/veniseptico\\\/#primaryimage\"},\"thumbnailUrl\":\"https:\\\/\\\/www.vardcentralenhjartatsolna.se\\\/farmaci\\\/wp-content\\\/uploads\\\/2024\\\/11\\\/Veniseptico.jpg\",\"datePublished\":\"2024-11-09T14:08:19+00:00\",\"dateModified\":\"2024-11-15T18:24:41+00:00\",\"breadcrumb\":{\"@id\":\"https:\\\/\\\/www.vardcentralenhjartatsolna.se\\\/farmaci\\\/apt\\\/veniseptico\\\/#breadcrumb\"},\"inLanguage\":\"sv-SE\",\"potentialAction\":[{\"@type\":\"ReadAction\",\"target\":[\"https:\\\/\\\/www.vardcentralenhjartatsolna.se\\\/farmaci\\\/apt\\\/veniseptico\\\/\"]}]},{\"@type\":\"ImageObject\",\"inLanguage\":\"sv-SE\",\"@id\":\"https:\\\/\\\/www.vardcentralenhjartatsolna.se\\\/farmaci\\\/apt\\\/veniseptico\\\/#primaryimage\",\"url\":\"https:\\\/\\\/www.vardcentralenhjartatsolna.se\\\/farmaci\\\/wp-content\\\/uploads\\\/2024\\\/11\\\/Veniseptico.jpg\",\"contentUrl\":\"https:\\\/\\\/www.vardcentralenhjartatsolna.se\\\/farmaci\\\/wp-content\\\/uploads\\\/2024\\\/11\\\/Veniseptico.jpg\",\"width\":768,\"height\":768},{\"@type\":\"BreadcrumbList\",\"@id\":\"https:\\\/\\\/www.vardcentralenhjartatsolna.se\\\/farmaci\\\/apt\\\/veniseptico\\\/#breadcrumb\",\"itemListElement\":[{\"@type\":\"ListItem\",\"position\":1,\"name\":\"Strona g\u0142\u00f3wna\",\"item\":\"https:\\\/\\\/www.vardcentralenhjartatsolna.se\\\/farmaci\\\/\"},{\"@type\":\"ListItem\",\"position\":2,\"name\":\"Produkte\",\"item\":\"https:\\\/\\\/www.vardcentralenhjartatsolna.se\\\/farmaci\\\/\"},{\"@type\":\"ListItem\",\"position\":3,\"name\":\"Veniseptico\"}]},{\"@type\":\"WebSite\",\"@id\":\"https:\\\/\\\/www.vardcentralenhjartatsolna.se\\\/farmaci\\\/#website\",\"url\":\"https:\\\/\\\/www.vardcentralenhjartatsolna.se\\\/farmaci\\\/\",\"name\":\"Vardcentralenhjartatsolna\",\"description\":\"\",\"potentialAction\":[{\"@type\":\"SearchAction\",\"target\":{\"@type\":\"EntryPoint\",\"urlTemplate\":\"https:\\\/\\\/www.vardcentralenhjartatsolna.se\\\/farmaci\\\/?s={search_term_string}\"},\"query-input\":{\"@type\":\"PropertyValueSpecification\",\"valueRequired\":true,\"valueName\":\"search_term_string\"}}],\"inLanguage\":\"sv-SE\"}]}<\/script>\n<!-- \/ Yoast SEO plugin. -->","yoast_head_json":{"title":"Veniseptico - Recension, Pris, Effekter, Apotek, Forum | -50%","robots":{"index":"index","follow":"follow","max-snippet":"max-snippet:-1","max-image-preview":"max-image-preview:large","max-video-preview":"max-video-preview:-1"},"canonical":"https:\/\/www.vardcentralenhjartatsolna.se\/farmaci\/apt\/veniseptico\/","og_locale":"sv_SE","og_type":"article","og_title":"Veniseptico - Recension, Pris, Effekter, Apotek, Forum | -50%","og_url":"https:\/\/www.vardcentralenhjartatsolna.se\/farmaci\/apt\/veniseptico\/","og_site_name":"Vardcentralenhjartatsolna","article_modified_time":"2024-11-15T18:24:41+00:00","og_image":[{"width":768,"height":768,"url":"https:\/\/www.vardcentralenhjartatsolna.se\/farmaci\/wp-content\/uploads\/2024\/11\/Veniseptico.jpg","type":"image\/jpeg"}],"twitter_card":"summary_large_image","twitter_description":"[date_countdown]","twitter_misc":{"Ber\u00e4knad l\u00e4stid":"1 minut"},"schema":{"@context":"https:\/\/schema.org","@graph":[{"@type":"WebPage","@id":"https:\/\/www.vardcentralenhjartatsolna.se\/farmaci\/apt\/veniseptico\/","url":"https:\/\/www.vardcentralenhjartatsolna.se\/farmaci\/apt\/veniseptico\/","name":"Veniseptico - Recension, Pris, Effekter, Apotek, Forum | -50%","isPartOf":{"@id":"https:\/\/www.vardcentralenhjartatsolna.se\/farmaci\/#website"},"primaryImageOfPage":{"@id":"https:\/\/www.vardcentralenhjartatsolna.se\/farmaci\/apt\/veniseptico\/#primaryimage"},"image":{"@id":"https:\/\/www.vardcentralenhjartatsolna.se\/farmaci\/apt\/veniseptico\/#primaryimage"},"thumbnailUrl":"https:\/\/www.vardcentralenhjartatsolna.se\/farmaci\/wp-content\/uploads\/2024\/11\/Veniseptico.jpg","datePublished":"2024-11-09T14:08:19+00:00","dateModified":"2024-11-15T18:24:41+00:00","breadcrumb":{"@id":"https:\/\/www.vardcentralenhjartatsolna.se\/farmaci\/apt\/veniseptico\/#breadcrumb"},"inLanguage":"sv-SE","potentialAction":[{"@type":"ReadAction","target":["https:\/\/www.vardcentralenhjartatsolna.se\/farmaci\/apt\/veniseptico\/"]}]},{"@type":"ImageObject","inLanguage":"sv-SE","@id":"https:\/\/www.vardcentralenhjartatsolna.se\/farmaci\/apt\/veniseptico\/#primaryimage","url":"https:\/\/www.vardcentralenhjartatsolna.se\/farmaci\/wp-content\/uploads\/2024\/11\/Veniseptico.jpg","contentUrl":"https:\/\/www.vardcentralenhjartatsolna.se\/farmaci\/wp-content\/uploads\/2024\/11\/Veniseptico.jpg","width":768,"height":768},{"@type":"BreadcrumbList","@id":"https:\/\/www.vardcentralenhjartatsolna.se\/farmaci\/apt\/veniseptico\/#breadcrumb","itemListElement":[{"@type":"ListItem","position":1,"name":"Strona g\u0142\u00f3wna","item":"https:\/\/www.vardcentralenhjartatsolna.se\/farmaci\/"},{"@type":"ListItem","position":2,"name":"Produkte","item":"https:\/\/www.vardcentralenhjartatsolna.se\/farmaci\/"},{"@type":"ListItem","position":3,"name":"Veniseptico"}]},{"@type":"WebSite","@id":"https:\/\/www.vardcentralenhjartatsolna.se\/farmaci\/#website","url":"https:\/\/www.vardcentralenhjartatsolna.se\/farmaci\/","name":"Vardcentralenhjartatsolna","description":"","potentialAction":[{"@type":"SearchAction","target":{"@type":"EntryPoint","urlTemplate":"https:\/\/www.vardcentralenhjartatsolna.se\/farmaci\/?s={search_term_string}"},"query-input":{"@type":"PropertyValueSpecification","valueRequired":true,"valueName":"search_term_string"}}],"inLanguage":"sv-SE"}]}},"_links":{"self":[{"href":"https:\/\/www.vardcentralenhjartatsolna.se\/farmaci\/wp-json\/wp\/v2\/product\/12403","targetHints":{"allow":["GET"]}}],"collection":[{"href":"https:\/\/www.vardcentralenhjartatsolna.se\/farmaci\/wp-json\/wp\/v2\/product"}],"about":[{"href":"https:\/\/www.vardcentralenhjartatsolna.se\/farmaci\/wp-json\/wp\/v2\/types\/product"}],"replies":[{"embeddable":true,"href":"https:\/\/www.vardcentralenhjartatsolna.se\/farmaci\/wp-json\/wp\/v2\/comments?post=12403"}],"wp:featuredmedia":[{"embeddable":true,"href":"https:\/\/www.vardcentralenhjartatsolna.se\/farmaci\/wp-json\/wp\/v2\/media\/11925"}],"wp:attachment":[{"href":"https:\/\/www.vardcentralenhjartatsolna.se\/farmaci\/wp-json\/wp\/v2\/media?parent=12403"}],"wp:term":[{"taxonomy":"product_brand","embeddable":true,"href":"https:\/\/www.vardcentralenhjartatsolna.se\/farmaci\/wp-json\/wp\/v2\/product_brand?post=12403"},{"taxonomy":"product_cat","embeddable":true,"href":"https:\/\/www.vardcentralenhjartatsolna.se\/farmaci\/wp-json\/wp\/v2\/product_cat?post=12403"},{"taxonomy":"product_tag","embeddable":true,"href":"https:\/\/www.vardcentralenhjartatsolna.se\/farmaci\/wp-json\/wp\/v2\/product_tag?post=12403"}],"curies":[{"name":"wp","href":"https:\/\/api.w.org\/{rel}","templated":true}]}}