{"id":12401,"date":"2024-11-09T15:08:19","date_gmt":"2024-11-09T14:08:19","guid":{"rendered":"https:\/\/blodsjukdom.se\/farmaci\/apt\/antiapetin\/"},"modified":"2024-11-15T12:56:29","modified_gmt":"2024-11-15T11:56:29","slug":"antiapetin","status":"publish","type":"product","link":"https:\/\/www.vardcentralenhjartatsolna.se\/farmaci\/apt\/antiapetin\/","title":{"rendered":"AntiApetin"},"content":{"rendered":"\n<h2 class=\"wp-block-heading\">Vad \u00e4r AntiApetin och hur fungerar det?<\/h2>\n\n\n\n<p><b>AntiApetin<\/b> \u00e4r ett unikt <b>kosttillskott<\/b> som \u00e4r utformat f\u00f6r att <em>minska aptiten<\/em>. Dess <em>verkan<\/em> baseras p\u00e5 en synergistisk kombination av naturliga ingredienser s\u00e5som afrikanskt mangoextrakt, f\u00e4nk\u00e5l, Malabar tamarind och koffein. Dessa ingredienser st\u00f6der aptitkontroll och fettf\u00f6rbr\u00e4nningsprocesser i kroppen.<\/p>\n\n\n\n<p>Regelbunden <b>anv\u00e4ndning av<\/b> <b>AntiApetin<\/b> kan p\u00e5skynda <em>aptitreduceringseffekterna<\/em>, vilket ofta \u00f6vers\u00e4tts till snabbare uppn\u00e5else av viktminskningsm\u00e5l. <b>Anv\u00e4ndare<\/b> rapporterar m\u00e4rkbara <b>effekter<\/b> efter bara n\u00e5gra dagars anv\u00e4ndning, och vissa studier tyder p\u00e5 att viktminskningsprocessen med detta till\u00e4gg \u00e4r upp till 10-15 g\u00e5nger snabbare \u00e4n med standardmetoder.<\/p>\n\n\n\n<p>N\u00e4r ingredienserna i <em>kosttillskottet<\/em> kommer in i kroppen n\u00e5r de hypotalamus n\u00e4stan omedelbart, vilket g\u00f6r att hunger snabbt kan tillfredsst\u00e4llas och d\u00e4mpa lusten att snacka. AntiApetins <b>dosering<\/b> \u00e4r enkel &#8211; ta bara 1 ml om dagen f\u00f6r att njuta av dess fulla effekt och st\u00f6dja din str\u00e4van efter en h\u00e4lsosam kroppsvikt.<\/p>\n\n\n\n<h2 class=\"wp-block-heading\">F\u00f6rdelar med AntiApetin &#8211; Effekter<\/h2>\n\n\n\n<p><b>Anv\u00e4ndningen<\/b> av AntiApetin har ett antal <b>f\u00f6rdelar<\/b> som avsev\u00e4rt kan st\u00f6dja viktminskning och aptitkontroll. En nyckeleffekt \u00e4r accelerationen av fettf\u00f6rbr\u00e4nning, vilket har bekr\u00e4ftats av m\u00e5nga anv\u00e4ndare av detta till\u00e4gg. Tack vare sin unika formel, som inneh\u00e5ller naturliga ingredienser, arbetar AntiApetin med kroppen f\u00f6r att hj\u00e4lpa till att kontrollera matvanor.<\/p>\n\n\n\n<ul class=\"wp-block-list\">\n<li><em>Minskning av hungerk\u00e4nslor<\/em>: <b>anv\u00e4ndare<\/b> rapporterar en signifikant minskning av \u00f6nskan att snacka, vilket bidrar till b\u00e4ttre efterlevnad av en h\u00e4lsosam kost.<\/li>\n\n\n\n<li><em>\u00d6kad m\u00e4ttnadsk\u00e4nsla<\/em>: AntiApetin \u00f6kar tillfredsst\u00e4llelsen efter m\u00e5ltid, vilket leder till en minskning av oh\u00e4lsosamt sm\u00e5\u00e4tande.<\/li>\n\n\n\n<li><em>St\u00f6d<\/em> f\u00f6r<em>viktminskning<\/em>: M\u00e5nga m\u00e4nniskor har m\u00e4rkt av betydande <b>viktminskningseffekter<\/b>, och vissa anv\u00e4ndare har rapporterat att de har g\u00e5tt ner upp till 15 kg p\u00e5 kort tid.<\/li>\n<\/ul>\n\n\n\n<p>Hittills \u00e4r <em>effekterna av<\/em> AntiApetin utan tvekan positiva, vilket bekr\u00e4ftas av anv\u00e4ndarnas <b>feedback<\/b>. De mest citerade <b>f\u00f6rdelarna<\/b> inkluderar inte bara effektiv <b>fettf\u00f6rbr\u00e4nning<\/b> utan ocks\u00e5 betydande f\u00f6rb\u00e4ttringar av aptitkontrollen.<\/p>\n\n\n\n<p>AntiApetin \u00e4r inte bara <b>ett kosttillskott<\/b>, utan ett omfattande st\u00f6d p\u00e5 v\u00e4gen till din dr\u00f6mvikt. Med naturliga ingredienser som afrikanskt mangoextrakt och koffein blir denna produkt ett s\u00e4kert och effektivt alternativ f\u00f6r dem som vill \u00e4ndra sin livsstil.<\/p>\n\n\n\n<h2 class=\"wp-block-heading\">Hur anv\u00e4nder man AntiApetin? &#8211; Dosering<\/h2>\n\n\n\n<p>AntiApetin \u00e4r ett innovativt <b>kosttillskott<\/b> som st\u00f6djer viktminskningsprocessen. Den rekommenderade dosen \u00e4r <strong>30 droppar<\/strong>, motsvarande <strong>1 ml,<\/strong> och produkten ska tas en g\u00e5ng om dagen. Den kan intas direkt eller l\u00f6sas upp i vatten, vilket g\u00f6r den betydligt enklare att <em>anv\u00e4nda<\/em>.<\/p>\n\n\n\n<p>Det \u00e4r viktigt att anv\u00e4nda AntiApetin regelbundet f\u00f6r att maximera <b>h\u00e4lsof\u00f6rdelarna<\/b>. <b>Anv\u00e4ndare<\/b> rapporterar de f\u00f6rsta effekterna efter bara en vecka, n\u00e4r de rapporterar <strong>en minskning av beg\u00e4ret<\/strong>. <strong>Doseringen<\/strong> b\u00f6r anpassas till individuella behov, vilket fr\u00e4mjar en effektiv aptitkontroll. En klinikstudie visade att AntiApetin-anv\u00e4ndare lyckades g\u00e5 ner i genomsnitt 10 kg p\u00e5 fyra veckors regelbunden anv\u00e4ndning.<\/p>\n\n\n\n<p><b>S\u00e4kerhet<\/b> vid anv\u00e4ndning \u00e4r ett annat viktigt \u00f6verv\u00e4gande. Bristen p\u00e5 rapporterade <strong>biverkningar<\/strong> g\u00f6r AntiApetin till en s\u00e4ker produkt. Det \u00e4r v\u00e4rt att komma ih\u00e5g att kosttillskottet endast kan k\u00f6pas fr\u00e5n <em>tillverkarens officiella webbplats<\/em>, vilket s\u00e4kerst\u00e4ller produktens originalitet och kvalitet.<\/p>\n\n\n\n<h2 class=\"wp-block-heading\">AntiApetin &#8211; \u00c5sikter och recensioner &#8211; Vad s\u00e4ger anv\u00e4ndarna?<\/h2>\n\n\n\n<p><b>Recensionerna<\/b> av AntiApetin \u00e4r mestadels positiva. Anv\u00e4ndare delar g\u00e4rna sina erfarenheter p\u00e5 onlineforum och belyser effektiviteten i detta till\u00e4gg f\u00f6r att undertrycka aptiten och st\u00f6dja viktminskning. H\u00e4r \u00e4r tre specifika <b>recensioner<\/b>:<\/p>\n\n\n\n<blockquote class=\"wp-block-quote is-layout-flow wp-block-quote-is-layout-flow\">\n<p><em>Monika, 32 \u00e5r gammal<\/em>: &#8221;Efter att ha anv\u00e4nt AntiApetin i en m\u00e5nad m\u00e4rkte jag en betydande f\u00f6rb\u00e4ttring av aptitkontrollen. Hungern st\u00f6r mig inte l\u00e4ngre lika mycket som tidigare, plus att jag k\u00e4nner mig mer n\u00f6jd med mina matval. Jag rekommenderar det starkt, s\u00e4rskilt f\u00f6r dem som tycker att det \u00e4r sv\u00e5rt att h\u00e5lla en diet.&#8221;<\/p>\n<\/blockquote>\n\n\n\n<blockquote class=\"wp-block-quote is-layout-flow wp-block-quote-is-layout-flow\">\n<p><em>James, 45 \u00e5r gammal<\/em>: &#8221;Jag b\u00f6rjade ta AntiApetin-droppar i hopp om att g\u00e5 ner i vikt. Effekterna \u00e4r verkligen imponerande. Jag har minskat min kroppsvikt med flera kilo och, viktigast av allt, jag k\u00e4nner att jag har mer kontroll \u00f6ver mina beg\u00e4r. Feedbacken p\u00e5 <b>forumet<\/b> var enh\u00e4llig &#8211; det \u00e4r v\u00e4rt ett f\u00f6rs\u00f6k.&#8221;<\/p>\n<\/blockquote>\n\n\n\n<blockquote class=\"wp-block-quote is-layout-flow wp-block-quote-is-layout-flow\">\n<p><em>Agnieszka, 29 \u00e5r:<\/em>&#8221;Jag k\u00f6pte AntiApetin av nyfikenhet efter att ha l\u00e4st recensioner. Efter n\u00e5gra dagars anv\u00e4ndning m\u00e4rkte jag faktiskt en minskning av aptiten. Tack vare de verktyg som detta till\u00e4gg ger mig, tyckte jag att det var l\u00e4ttare att forts\u00e4tta med min diet. Anv\u00e4ndare p\u00e5 forumet rekommenderar att man h\u00e5ller sig till rekommendationerna och jag \u00e5ngrar inte mitt val!&#8221;<\/p>\n<\/blockquote>\n\n\n\n<p>Den samlade <em>feedbacken<\/em> och <em>recensionerna<\/em> bekr\u00e4ftar att AntiApetin kan vara ett effektivt hj\u00e4lpmedel i kampen mot aptit och \u00f6vervikt. Anv\u00e4ndarna upplever f\u00f6rdelar inte bara i form av viktminskning, utan ocks\u00e5 i form av f\u00f6rb\u00e4ttrat v\u00e4lbefinnande och livskvalitet. Det \u00e4r definitivt v\u00e4rt att \u00f6verv\u00e4ga dess anv\u00e4ndning.<\/p>\n\n\n\n<h2 class=\"wp-block-heading\">AntiApetin sammans\u00e4ttning &#8211; Vad inneh\u00e5ller den?<\/h2>\n\n\n\n<p>AntiApetin \u00e4r ett <em>kosttillskott<\/em> som inneh\u00e5ller en noggrant utvald sammans\u00e4ttning av naturliga aktiva ingredienser som st\u00f6der aptitkontroll och p\u00e5skyndar \u00e4mnesoms\u00e4ttningen. De viktigaste ingredienserna \u00e4r:<\/p>\n\n\n\n<ul class=\"wp-block-list\">\n<li><strong>Afrikanskt mangoextrakt:<\/strong> Kan minska hunger, ge energi och reng\u00f6ra kroppen.<\/li>\n\n\n\n<li><strong>F\u00e4nk\u00e5lsextrakt:<\/strong> St\u00f6djer viktminskning genom att minska aptiten, p\u00e5skynda \u00e4mnesoms\u00e4ttningen och s\u00e4nka kolesterolniv\u00e5erna.<\/li>\n\n\n\n<li><strong>Malabar tamarind extrakt:<\/strong> \u00d6kar kroppstemperaturen och blockerar de enzymer som \u00e4r ansvariga f\u00f6r att omvandla socker till fett.<\/li>\n\n\n\n<li><strong>Koffein:<\/strong> Snabbar upp \u00e4mnesoms\u00e4ttningen, \u00f6kar <b>fettf\u00f6rbr\u00e4nningen<\/b> och ger energi.<\/li>\n<\/ul>\n\n\n\n<p>Tillverkaren rekommenderar att du anv\u00e4nder 1 ml AntiApetin v\u00e4tska en g\u00e5ng om dagen. <em>Regelbunden anv\u00e4ndning av<\/em> detta kosttillskott g\u00f6r att du kan uppn\u00e5 varaktiga resultat med viktminskning och aptitkontroll.<\/p>\n\n\n\n<p>Innan du tar AntiApetin \u00e4r det l\u00e4mpligt att l\u00e4sa kompositionen och doseringsanvisningarna f\u00f6r att undvika potentiella allergiska reaktioner.<\/p>\n\n\n\n<h2 class=\"wp-block-heading\">Var kan man k\u00f6pa och hur mycket kostar AntiApetin &#8211; pris<\/h2>\n\n\n\n<p>AntiApetin \u00e4r endast tillg\u00e4ngligt fr\u00e5n <em>tillverkarens officiella webbplats.<\/em> Det \u00e4r v\u00e4rt att notera att denna produkt inte s\u00e4ljs p\u00e5 station\u00e4ra apotek eller p\u00e5 popul\u00e4ra shoppingplattformar. Att k\u00f6pa direkt fr\u00e5n <em>den officiella tillverkaren<\/em> garanterar inte bara \u00e4kthet utan ocks\u00e5 tillg\u00e5ng till aktuella kampanjer som kan s\u00e4nka <em>priset<\/em> p\u00e5 detta till\u00e4gg avsev\u00e4rt.<\/p>\n\n\n\n<p>N\u00e4r du best\u00e4mmer dig f\u00f6r att k\u00f6pa \u00e4r det v\u00e4rt att komma ih\u00e5g att endast genom <em>den officiella webbplatsen<\/em> kan du s\u00e4kerst\u00e4lla inte bara kvalitet utan ocks\u00e5 de b\u00e4sta priserna. AntiApetin vinner stadigt popularitet bland anv\u00e4ndare som vill kontrollera sin aptit effektivt.<\/p>\n\n\n\n<h2 class=\"wp-block-heading\">AntiApetin &#8211; Biverkningar och kontraindikationer &#8211; S\u00e4kerhet vid anv\u00e4ndning<\/h2>\n\n\n\n<p>Kosttillskottet AntiApetin anses ha en h\u00f6g <strong>s\u00e4kerhetsniv\u00e5<\/strong> tack vare sina noggrant utvalda ingredienser som minimerar risken f\u00f6r <strong>biverkningar<\/strong>. Anv\u00e4ndare rapporterar att tillskottet inte har n\u00e5gra negativa h\u00e4lsoeffekter, vilket g\u00f6r det till ett s\u00e4kert val f\u00f6r de flesta som vill st\u00f6dja sin viktminskning. Som en produkt som \u00e4r utformad f\u00f6r att st\u00f6dja viktminskning p\u00e5 ett naturligt s\u00e4tt f\u00e5r AntiApetin allt st\u00f6rre acceptans bland h\u00e4lsomedvetna individer.<\/p>\n\n\n\n<p>Men som med alla kosttillskott finns det n\u00e5gra <strong>kontraindikationer<\/strong> att vara medveten om. F\u00f6rst och fr\u00e4mst b\u00f6r personer med allergier mot n\u00e5gon av ingredienserna vara f\u00f6rsiktiga innan de b\u00f6rjar tillskott. Det \u00e4r ocks\u00e5 v\u00e4rt att notera att efterlevnad av doseringsrekommendationer \u00e4r nyckeln till att s\u00e4kerst\u00e4lla full s\u00e4kerhet vid anv\u00e4ndning. Det rekommenderas att alla som \u00f6verv\u00e4ger att anv\u00e4nda denna produkt b\u00f6r r\u00e5dfr\u00e5ga sin l\u00e4kare f\u00f6rst, s\u00e4rskilt om de har befintliga h\u00e4lsoproblem.<\/p>\n\n\n\n<p>Sammanfattningsvis erbjuder AntiApetin ett unikt nytta-riskf\u00f6rh\u00e5llande, vilket g\u00f6r att dess anv\u00e4ndning anses vara s\u00e4ker, f\u00f6rutsatt att tillverkarens rekommendationer f\u00f6ljs och patienten \u00e4r medveten. Med r\u00e4tt tillv\u00e4gag\u00e5ngss\u00e4tt kan AntiApetin bli ett effektivt st\u00f6d i str\u00e4van efter en b\u00e4ttre figur och h\u00e4lsa.<\/p>\n","protected":false},"excerpt":{"rendered":"<p><strong>[date_countdown]<\/strong><\/p>\n<p><img decoding=\"async\" class=\"alignnone wp-image-12507\" src=\"https:\/\/www.vardcentralenhjartatsolna.se\/farmaci\/wp-content\/uploads\/2024\/11\/SAFE-PAY-300x88-1.png\" alt=\"SAFE-PAY-300x88\" width=\"201\" height=\"59\" \/><\/p>\n","protected":false},"featured_media":12400,"comment_status":"open","ping_status":"closed","template":"","meta":{"neve_meta_sidebar":"","neve_meta_container":"","neve_meta_enable_content_width":"","neve_meta_content_width":0,"neve_meta_title_alignment":"","neve_meta_author_avatar":"","neve_post_elements_order":"","neve_meta_disable_header":"","neve_meta_disable_footer":"","neve_meta_disable_title":"","neve_meta_reading_time":""},"product_brand":[],"product_cat":[565],"product_tag":[],"class_list":{"0":"post-12401","1":"product","2":"type-product","3":"status-publish","4":"has-post-thumbnail","6":"product_cat-halsa","8":"first","9":"instock","10":"sale","11":"shipping-taxable","12":"product-type-external"},"yoast_head":"<!-- This site is optimized with the Yoast SEO plugin v27.4 - https:\/\/yoast.com\/product\/yoast-seo-wordpress\/ -->\n<title>AntiApetin - Recension, Pris, Effekter, Apotek, Forum | -50%<\/title>\n<meta name=\"robots\" content=\"index, follow, max-snippet:-1, max-image-preview:large, max-video-preview:-1\" \/>\n<link rel=\"canonical\" href=\"https:\/\/www.vardcentralenhjartatsolna.se\/farmaci\/apt\/antiapetin\/\" \/>\n<meta property=\"og:locale\" content=\"sv_SE\" \/>\n<meta property=\"og:type\" content=\"article\" \/>\n<meta property=\"og:title\" content=\"AntiApetin - Recension, Pris, Effekter, Apotek, Forum | -50%\" \/>\n<meta property=\"og:url\" content=\"https:\/\/www.vardcentralenhjartatsolna.se\/farmaci\/apt\/antiapetin\/\" \/>\n<meta property=\"og:site_name\" content=\"Vardcentralenhjartatsolna\" \/>\n<meta property=\"article:modified_time\" content=\"2024-11-15T11:56:29+00:00\" \/>\n<meta property=\"og:image\" content=\"https:\/\/www.vardcentralenhjartatsolna.se\/farmaci\/wp-content\/uploads\/2024\/11\/AntiApetin.jpg\" \/>\n\t<meta property=\"og:image:width\" content=\"768\" \/>\n\t<meta property=\"og:image:height\" content=\"768\" \/>\n\t<meta property=\"og:image:type\" content=\"image\/jpeg\" \/>\n<meta name=\"twitter:card\" content=\"summary_large_image\" \/>\n<meta name=\"twitter:description\" content=\"[date_countdown]\" \/>\n<meta name=\"twitter:label1\" content=\"Ber\u00e4knad l\u00e4stid\" \/>\n\t<meta name=\"twitter:data1\" content=\"1 minut\" \/>\n<script type=\"application\/ld+json\" class=\"yoast-schema-graph\">{\"@context\":\"https:\\\/\\\/schema.org\",\"@graph\":[{\"@type\":\"WebPage\",\"@id\":\"https:\\\/\\\/www.vardcentralenhjartatsolna.se\\\/farmaci\\\/apt\\\/antiapetin\\\/\",\"url\":\"https:\\\/\\\/www.vardcentralenhjartatsolna.se\\\/farmaci\\\/apt\\\/antiapetin\\\/\",\"name\":\"AntiApetin - Recension, Pris, Effekter, Apotek, Forum | -50%\",\"isPartOf\":{\"@id\":\"https:\\\/\\\/www.vardcentralenhjartatsolna.se\\\/farmaci\\\/#website\"},\"primaryImageOfPage\":{\"@id\":\"https:\\\/\\\/www.vardcentralenhjartatsolna.se\\\/farmaci\\\/apt\\\/antiapetin\\\/#primaryimage\"},\"image\":{\"@id\":\"https:\\\/\\\/www.vardcentralenhjartatsolna.se\\\/farmaci\\\/apt\\\/antiapetin\\\/#primaryimage\"},\"thumbnailUrl\":\"https:\\\/\\\/www.vardcentralenhjartatsolna.se\\\/farmaci\\\/wp-content\\\/uploads\\\/2024\\\/11\\\/AntiApetin.jpg\",\"datePublished\":\"2024-11-09T14:08:19+00:00\",\"dateModified\":\"2024-11-15T11:56:29+00:00\",\"breadcrumb\":{\"@id\":\"https:\\\/\\\/www.vardcentralenhjartatsolna.se\\\/farmaci\\\/apt\\\/antiapetin\\\/#breadcrumb\"},\"inLanguage\":\"sv-SE\",\"potentialAction\":[{\"@type\":\"ReadAction\",\"target\":[\"https:\\\/\\\/www.vardcentralenhjartatsolna.se\\\/farmaci\\\/apt\\\/antiapetin\\\/\"]}]},{\"@type\":\"ImageObject\",\"inLanguage\":\"sv-SE\",\"@id\":\"https:\\\/\\\/www.vardcentralenhjartatsolna.se\\\/farmaci\\\/apt\\\/antiapetin\\\/#primaryimage\",\"url\":\"https:\\\/\\\/www.vardcentralenhjartatsolna.se\\\/farmaci\\\/wp-content\\\/uploads\\\/2024\\\/11\\\/AntiApetin.jpg\",\"contentUrl\":\"https:\\\/\\\/www.vardcentralenhjartatsolna.se\\\/farmaci\\\/wp-content\\\/uploads\\\/2024\\\/11\\\/AntiApetin.jpg\",\"width\":768,\"height\":768},{\"@type\":\"BreadcrumbList\",\"@id\":\"https:\\\/\\\/www.vardcentralenhjartatsolna.se\\\/farmaci\\\/apt\\\/antiapetin\\\/#breadcrumb\",\"itemListElement\":[{\"@type\":\"ListItem\",\"position\":1,\"name\":\"Strona g\u0142\u00f3wna\",\"item\":\"https:\\\/\\\/www.vardcentralenhjartatsolna.se\\\/farmaci\\\/\"},{\"@type\":\"ListItem\",\"position\":2,\"name\":\"Produkte\",\"item\":\"https:\\\/\\\/www.vardcentralenhjartatsolna.se\\\/farmaci\\\/\"},{\"@type\":\"ListItem\",\"position\":3,\"name\":\"AntiApetin\"}]},{\"@type\":\"WebSite\",\"@id\":\"https:\\\/\\\/www.vardcentralenhjartatsolna.se\\\/farmaci\\\/#website\",\"url\":\"https:\\\/\\\/www.vardcentralenhjartatsolna.se\\\/farmaci\\\/\",\"name\":\"Vardcentralenhjartatsolna\",\"description\":\"\",\"potentialAction\":[{\"@type\":\"SearchAction\",\"target\":{\"@type\":\"EntryPoint\",\"urlTemplate\":\"https:\\\/\\\/www.vardcentralenhjartatsolna.se\\\/farmaci\\\/?s={search_term_string}\"},\"query-input\":{\"@type\":\"PropertyValueSpecification\",\"valueRequired\":true,\"valueName\":\"search_term_string\"}}],\"inLanguage\":\"sv-SE\"}]}<\/script>\n<!-- \/ Yoast SEO plugin. -->","yoast_head_json":{"title":"AntiApetin - Recension, Pris, Effekter, Apotek, Forum | -50%","robots":{"index":"index","follow":"follow","max-snippet":"max-snippet:-1","max-image-preview":"max-image-preview:large","max-video-preview":"max-video-preview:-1"},"canonical":"https:\/\/www.vardcentralenhjartatsolna.se\/farmaci\/apt\/antiapetin\/","og_locale":"sv_SE","og_type":"article","og_title":"AntiApetin - Recension, Pris, Effekter, Apotek, Forum | -50%","og_url":"https:\/\/www.vardcentralenhjartatsolna.se\/farmaci\/apt\/antiapetin\/","og_site_name":"Vardcentralenhjartatsolna","article_modified_time":"2024-11-15T11:56:29+00:00","og_image":[{"width":768,"height":768,"url":"https:\/\/www.vardcentralenhjartatsolna.se\/farmaci\/wp-content\/uploads\/2024\/11\/AntiApetin.jpg","type":"image\/jpeg"}],"twitter_card":"summary_large_image","twitter_description":"[date_countdown]","twitter_misc":{"Ber\u00e4knad l\u00e4stid":"1 minut"},"schema":{"@context":"https:\/\/schema.org","@graph":[{"@type":"WebPage","@id":"https:\/\/www.vardcentralenhjartatsolna.se\/farmaci\/apt\/antiapetin\/","url":"https:\/\/www.vardcentralenhjartatsolna.se\/farmaci\/apt\/antiapetin\/","name":"AntiApetin - Recension, Pris, Effekter, Apotek, Forum | -50%","isPartOf":{"@id":"https:\/\/www.vardcentralenhjartatsolna.se\/farmaci\/#website"},"primaryImageOfPage":{"@id":"https:\/\/www.vardcentralenhjartatsolna.se\/farmaci\/apt\/antiapetin\/#primaryimage"},"image":{"@id":"https:\/\/www.vardcentralenhjartatsolna.se\/farmaci\/apt\/antiapetin\/#primaryimage"},"thumbnailUrl":"https:\/\/www.vardcentralenhjartatsolna.se\/farmaci\/wp-content\/uploads\/2024\/11\/AntiApetin.jpg","datePublished":"2024-11-09T14:08:19+00:00","dateModified":"2024-11-15T11:56:29+00:00","breadcrumb":{"@id":"https:\/\/www.vardcentralenhjartatsolna.se\/farmaci\/apt\/antiapetin\/#breadcrumb"},"inLanguage":"sv-SE","potentialAction":[{"@type":"ReadAction","target":["https:\/\/www.vardcentralenhjartatsolna.se\/farmaci\/apt\/antiapetin\/"]}]},{"@type":"ImageObject","inLanguage":"sv-SE","@id":"https:\/\/www.vardcentralenhjartatsolna.se\/farmaci\/apt\/antiapetin\/#primaryimage","url":"https:\/\/www.vardcentralenhjartatsolna.se\/farmaci\/wp-content\/uploads\/2024\/11\/AntiApetin.jpg","contentUrl":"https:\/\/www.vardcentralenhjartatsolna.se\/farmaci\/wp-content\/uploads\/2024\/11\/AntiApetin.jpg","width":768,"height":768},{"@type":"BreadcrumbList","@id":"https:\/\/www.vardcentralenhjartatsolna.se\/farmaci\/apt\/antiapetin\/#breadcrumb","itemListElement":[{"@type":"ListItem","position":1,"name":"Strona g\u0142\u00f3wna","item":"https:\/\/www.vardcentralenhjartatsolna.se\/farmaci\/"},{"@type":"ListItem","position":2,"name":"Produkte","item":"https:\/\/www.vardcentralenhjartatsolna.se\/farmaci\/"},{"@type":"ListItem","position":3,"name":"AntiApetin"}]},{"@type":"WebSite","@id":"https:\/\/www.vardcentralenhjartatsolna.se\/farmaci\/#website","url":"https:\/\/www.vardcentralenhjartatsolna.se\/farmaci\/","name":"Vardcentralenhjartatsolna","description":"","potentialAction":[{"@type":"SearchAction","target":{"@type":"EntryPoint","urlTemplate":"https:\/\/www.vardcentralenhjartatsolna.se\/farmaci\/?s={search_term_string}"},"query-input":{"@type":"PropertyValueSpecification","valueRequired":true,"valueName":"search_term_string"}}],"inLanguage":"sv-SE"}]}},"_links":{"self":[{"href":"https:\/\/www.vardcentralenhjartatsolna.se\/farmaci\/wp-json\/wp\/v2\/product\/12401","targetHints":{"allow":["GET"]}}],"collection":[{"href":"https:\/\/www.vardcentralenhjartatsolna.se\/farmaci\/wp-json\/wp\/v2\/product"}],"about":[{"href":"https:\/\/www.vardcentralenhjartatsolna.se\/farmaci\/wp-json\/wp\/v2\/types\/product"}],"replies":[{"embeddable":true,"href":"https:\/\/www.vardcentralenhjartatsolna.se\/farmaci\/wp-json\/wp\/v2\/comments?post=12401"}],"wp:featuredmedia":[{"embeddable":true,"href":"https:\/\/www.vardcentralenhjartatsolna.se\/farmaci\/wp-json\/wp\/v2\/media\/12400"}],"wp:attachment":[{"href":"https:\/\/www.vardcentralenhjartatsolna.se\/farmaci\/wp-json\/wp\/v2\/media?parent=12401"}],"wp:term":[{"taxonomy":"product_brand","embeddable":true,"href":"https:\/\/www.vardcentralenhjartatsolna.se\/farmaci\/wp-json\/wp\/v2\/product_brand?post=12401"},{"taxonomy":"product_cat","embeddable":true,"href":"https:\/\/www.vardcentralenhjartatsolna.se\/farmaci\/wp-json\/wp\/v2\/product_cat?post=12401"},{"taxonomy":"product_tag","embeddable":true,"href":"https:\/\/www.vardcentralenhjartatsolna.se\/farmaci\/wp-json\/wp\/v2\/product_tag?post=12401"}],"curies":[{"name":"wp","href":"https:\/\/api.w.org\/{rel}","templated":true}]}}