{"id":12391,"date":"2024-11-09T15:08:15","date_gmt":"2024-11-09T14:08:15","guid":{"rendered":"https:\/\/blodsjukdom.se\/farmaci\/apt\/follixin\/"},"modified":"2024-11-15T16:56:21","modified_gmt":"2024-11-15T15:56:21","slug":"follixin","status":"publish","type":"product","link":"https:\/\/www.vardcentralenhjartatsolna.se\/farmaci\/apt\/follixin\/","title":{"rendered":"Follixin"},"content":{"rendered":"\n<h2 class=\"wp-block-heading\">Vad \u00e4r Follixin och hur fungerar det?<\/h2>\n\n\n\n<p>Follixin \u00e4r ett modernt <em>kosttillskott<\/em> som \u00e4r utformat f\u00f6r personer med h\u00e5ravfall och h\u00e5rsvaghet. Dess <em>d-\u00e5tg\u00e4rd<\/em> baseras p\u00e5 intensiv n\u00e4ring fr\u00e5n b\u00e5de insidan och utsidan. Formeln inneh\u00e5ller en unik sammans\u00e4ttning av <em>mikron\u00e4rings\u00e4mnen<\/em> som <b>vitaminer<\/b>, <b>v\u00e4xtextrakt<\/b> och aktiva ingredienser, som p\u00e5verkar h\u00e5rets och h\u00e5rbotten.<\/p>\n\n\n\n<p>I sin formel kombinerar Follixin bland annat n\u00e4sselextrakt, vitamin E, zink och kollagen, vilket bidrar till <em>effekter<\/em> som f\u00f6rst\u00e4rkning av h\u00e5rl\u00f6kar och f\u00f6rb\u00e4ttring av deras elasticitet. Regelbunden <b>anv\u00e4ndning<\/b> av produkten resulterar i en f\u00f6rb\u00e4ttring av h\u00e5rets allm\u00e4nna tillst\u00e5nd, vilket hj\u00e4lper till att bek\u00e4mpa h\u00e5ravfall och fr\u00e4mja h\u00e5rregenerering.<\/p>\n\n\n\n<p>Produkten verkar p\u00e5 h\u00e5rs\u00e4ckarna, vilket \u00e4r avg\u00f6rande i processen f\u00f6r h\u00e5rv\u00e4xt. Tack vare Follixins balanserade formel \u00e4r det m\u00f6jligt att inte bara h\u00e4mma h\u00e5ravfall utan ocks\u00e5 att p\u00e5skynda h\u00e5rv\u00e4xten. Anv\u00e4ndare av detta till\u00e4gg m\u00e4rker ofta en f\u00f6rb\u00e4ttring av h\u00e5rkvaliteten och strukturen, vilket g\u00f6r Follixin till ett attraktivt val f\u00f6r dem som vill ta hand om sitt h\u00e5r.<\/p>\n\n\n\n<h2 class=\"wp-block-heading\">Vilka \u00e4r effekterna av Follixin?<\/h2>\n\n\n\n<p><b>Anv\u00e4ndningen<\/b> av Follixin har m\u00e5nga positiva effekter. Data visar att 72% av de tillfr\u00e5gade kunderna m\u00e4rkte de f\u00f6rsta <b>effekterna<\/b> inom den f\u00f6rsta m\u00e5naden efter att ha anv\u00e4nt detta kosttillskott. Detta \u00e4r en signifikant indikator p\u00e5 hur snabbt kroppen reagerar p\u00e5 de aktiva ingredienserna i produkten.<\/p>\n\n\n\n<p>De viktigaste <b>effekterna<\/b> \u00e4r en \u00f6kning av h\u00e5rdensiteten och h\u00e5rf\u00f6rst\u00e4rkningen, vilket har en direkt inverkan p\u00e5 att minska h\u00e5ravfallet. Regelbunden <b>anv\u00e4ndning<\/b> av Follixin kan bidra till f\u00f6rb\u00e4ttrad h\u00e5rvolym och h\u00e4lsa. Produkten, som inneh\u00e5ller extrakt av \u00e5kerfr\u00e4ken och olika <b>vitaminer<\/b>, st\u00f6der effektivt kroppen i kampen mot h\u00e5rproblem som mj\u00e4ll och seborr\u00e9.<\/p>\n\n\n\n<p>Anv\u00e4ndare av Follixin rapporterar ofta en f\u00f6rb\u00e4ttring av h\u00e5rets utseende och tillst\u00e5nd. Efter tre veckors regelbunden anv\u00e4ndning kan m\u00e4rkbara f\u00f6r\u00e4ndringar ses. Anv\u00e4ndare betonar att h\u00e5ret blir fylligare och mer frodigt. Dessutom har produkten utv\u00e4rderats positivt av specialister, vilket kan intyga dess effektivitet.<\/p>\n\n\n\n<ul class=\"wp-block-list\">\n<li>94% h\u00e5rv\u00e4xt i drabbade omr\u00e5den.<\/li>\n\n\n\n<li>F\u00f6rst\u00e4rkning av h\u00e5ret och minskning av h\u00e5ravfall.<\/li>\n\n\n\n<li>\u00d6kad h\u00e5rvolym och densitet.<\/li>\n<\/ul>\n\n\n\n<p>M\u00e5nga anv\u00e4ndare p\u00e5pekar m\u00f6jligheten till minimala biverkningar. \u00c4nd\u00e5, enligt kunderna, resulterar Follixin i mestadels positiva effekter och dess regelbundna anv\u00e4ndning bidrar till en betydande f\u00f6rb\u00e4ttring av h\u00e5rkvaliteten.<\/p>\n\n\n\n<h2 class=\"wp-block-heading\">Hur man anv\u00e4nder Follixin? &#8211; Dosering<\/h2>\n\n\n\n<p>Follixin, som ett <b>kosttillskott<\/b>, b\u00f6r anv\u00e4ndas enligt tillverkarens rekommendationer f\u00f6r att uppn\u00e5 b\u00e4sta resultat. <em>Doseringen<\/em> av Follixin-tillskottet \u00e4r att ta en eller tv\u00e5 kapslar per dag, vilket avsev\u00e4rt st\u00f6der dess <b>effektivitet<\/b> i kampen mot h\u00e5ravfall. Det rekommenderas att kapslarna tas med en m\u00e5ltid, vilket fr\u00e4mjar b\u00e4ttre absorption av n\u00e4rings\u00e4mnena i produkten.<\/p>\n\n\n\n<p>Den rekommenderade dosen \u00e4r vanligtvis 2 kapslar per dag &#8211; en p\u00e5 morgonen och den andra p\u00e5 kv\u00e4llen. Regelbunden <em>anv\u00e4ndning<\/em> av Follixin i minst tre m\u00e5nader g\u00f6r det m\u00f6jligt att observera en f\u00f6rb\u00e4ttring av h\u00e5rets tillst\u00e5nd, vilket bekr\u00e4ftas av m\u00e5nga kliniska studier. Anv\u00e4ndare av detta kosttillskott m\u00e4rker h\u00e5rv\u00e4xt i omr\u00e5den d\u00e4r h\u00e5ravfall tidigare intr\u00e4ffade.<\/p>\n\n\n\n<p>Det \u00e4r v\u00e4rt att komma ih\u00e5g att korrekt <em>anv\u00e4ndning<\/em> och <b>dosering<\/b> \u00e4r nyckeln. Regelbundenhet \u00e4r av yttersta vikt, eftersom endast genom systematiskt intag kan tillfredsst\u00e4llande <b>resultat<\/b> uppn\u00e5s i kampen mot h\u00e5ravfall. Om du upplever n\u00e5gra allergiska reaktioner eller magproblem b\u00f6r du r\u00e5dfr\u00e5ga din l\u00e4kare.<\/p>\n\n\n\n<p>I allm\u00e4nhet anses Follixin vara ett s\u00e4kert preparat, men det \u00e4r alltid tillr\u00e5dligt att se till att det inte finns n\u00e5gra <b>kontraindikationer<\/b> f\u00f6r dess <em>anv\u00e4ndning<\/em> innan behandlingen p\u00e5b\u00f6rjas. Follixin <b>kosttillskott<\/b> b\u00f6r endast k\u00f6pas fr\u00e5n tillverkarens officiella webbplats f\u00f6r att s\u00e4kerst\u00e4lla dess \u00e4kthet och <b>effektivitet<\/b>.<\/p>\n\n\n\n<h2 class=\"wp-block-heading\">Follixin &#8211; \u00c5sikter och recensioner, Forum<\/h2>\n\n\n\n<p>Follixin<b>recensioner<\/b> \u00e4r mycket positiva, med anv\u00e4ndare som noterar dess effektivitet mot h\u00e5ravfall. M\u00e5nga <b>forumrecensioner<\/b> belyser betydande f\u00f6rb\u00e4ttringar i h\u00e5rf\u00f6rh\u00e5llandet efter bara n\u00e5gra m\u00e5naders anv\u00e4ndning. H\u00e4r \u00e4r n\u00e5gra exempel p\u00e5 recensioner:<\/p>\n\n\n\n<blockquote class=\"wp-block-quote is-layout-flow wp-block-quote-is-layout-flow\">\n<p><em>Marta<\/em>: &#8221;Jag har anv\u00e4nt Follixin i 3 m\u00e5nader och har m\u00e4rkt en betydande f\u00f6rb\u00e4ttring av min h\u00e5rt\u00e4thet. Mitt h\u00e5r faller inte l\u00e4ngre ut s\u00e5 mycket som tidigare! Jag har g\u00e5tt igenom m\u00e5nga olika kosttillskott men den h\u00e4r har \u00f6verraskat mig positivt. Det k\u00e4nns som om mitt h\u00e5r \u00e4r starkare och glansigare.&#8221;<\/p>\n<\/blockquote>\n\n\n\n<blockquote class=\"wp-block-quote is-layout-flow wp-block-quote-is-layout-flow\">\n<p><em>Peter<\/em>: &#8221;Jag var skeptisk, men Follixin \u00f6verraskade mig positivt. Mitt h\u00e5r har blivit starkare, med mindre avbrott. Dessutom har jag m\u00e4rkt att deras tillst\u00e5nd har f\u00f6rb\u00e4ttrats avsev\u00e4rt. Jag kan \u00e4ntligen njuta av en fylligare frisyr! Om n\u00e5gon k\u00e4mpar med h\u00e5ravfall rekommenderar jag definitivt att prova det.&#8221;<\/p>\n<\/blockquote>\n\n\n\n<blockquote class=\"wp-block-quote is-layout-flow wp-block-quote-is-layout-flow\">\n<p><em>Ania<\/em>: &#8221;Efter en l\u00e5ng s\u00f6kning efter ett effektivt tillskott visade sig Follixin vara en hit. Jag har nu tjockare och friskare h\u00e5r. Effekterna b\u00f6rjade bli synliga efter cirka 2 m\u00e5nader. Jag k\u00e4nner mig mer sj\u00e4lvs\u00e4ker eftersom mitt h\u00e5r faktiskt har blivit vackrare.&#8221;<\/p>\n<\/blockquote>\n\n\n\n<p>Anv\u00e4ndarrecensioner indikerar en positiv upplevelse av att ta Follixin. Forumdiskussioner inkluderar ocks\u00e5 rekommendationer om anv\u00e4ndning av till\u00e4gget och r\u00e5d om h\u00e4lsoaspekter relaterade till h\u00e5rh\u00e4lsa.<\/p>\n\n\n\n<h2 class=\"wp-block-heading\">Follixin &#8211; Sammans\u00e4ttning<\/h2>\n\n\n\n<p>Follixin \u00e4r ett <b>kosttillskott<\/b> som sticker ut f\u00f6r sin noggrant utvalda sammans\u00e4ttning. De viktigaste ingredienserna p\u00e5verkar h\u00e5rh\u00e4lsan, motverkar h\u00e5ravfall och stimulerar h\u00e5rv\u00e4xt. Nedan f\u00f6ljer de viktigaste elementen som utg\u00f6r denna effektiva formel:<\/p>\n\n\n\n<figure class=\"wp-block-table\"><table class=\"has-fixed-layout\"><tbody><tr><th>Ingrediens<\/th><th>\u00c5tg\u00e4rd<\/th><\/tr><tr><td>Extrakt av \u00e5kerfr\u00e4ken<\/td><td>St\u00e4rker h\u00e5ret och f\u00f6rebygger h\u00e5ravfall.<\/td><\/tr><tr><td>Vitamin E<\/td><td>Fr\u00e4mjar h\u00e5rv\u00e4xt, har en antioxidant effekt.<\/td><\/tr><tr><td>Zink<\/td><td>Nyckeln till h\u00e5rets h\u00e4lsa, fr\u00e4mjar h\u00e5r\u00e5terst\u00e4llning.<\/td><\/tr><tr><td>Hydrolysat av kollagenprotein<\/td><td>Regenererar och ger n\u00e4ring \u00e5t h\u00e5ret.<\/td><\/tr><tr><td><b>B-vitaminer<\/b> <\/td><td>Spelar en viktig roll i h\u00e5rh\u00e4lsan och f\u00f6rhindrar h\u00e5ravfall.<\/td><\/tr><\/tbody><\/table><\/figure>\n\n\n\n<p>Vitamin B7 (biotin) \u00e4r s\u00e4rskilt viktigt eftersom det f\u00f6rhindrar skallighet och gr\u00e5het. C-vitamin f\u00f6rb\u00e4ttrar cirkulationen i h\u00e5rbotten. L-cystin \u00e4r ocks\u00e5 viktigt, vilket minskar h\u00e5ravfall och stimulerar <b>h\u00e5rv\u00e4xt<\/b>.<\/p>\n\n\n\n<p>Follixin har skapats med hj\u00e4lp av den innovativa Bioactiv Hair Regrowth\u2122 Blend-formeln. Kosttillskottet inneh\u00e5ller <b>extrakt<\/b> som st\u00f6der regenerering av h\u00e5rs\u00e4ckar och stimulerar ocks\u00e5 immunsystemet. Anv\u00e4ndare av Follixin kan f\u00f6rv\u00e4nta sig gradvisa effekter som blir mest m\u00e4rkbara efter sex m\u00e5naders anv\u00e4ndning.<\/p>\n\n\n\n<h2 class=\"wp-block-heading\">Var kan man k\u00f6pa och vad \u00e4r priset p\u00e5 Follixin?<\/h2>\n\n\n\n<p>Follixin kan <em>endast<\/em> k\u00f6pas <em>fr\u00e5n tillverkarens officiella webbplats.<\/em> Ink\u00f6p som g\u00f6rs via denna kanal garanterar produktens originalitet och tillg\u00e5ng till aktuella, attraktiva kampanjer. <b>Priset<\/b> p\u00e5 Follixin beror p\u00e5 aktuella erbjudanden, vilket \u00e4r v\u00e4rt att f\u00f6lja f\u00f6r att dra nytta av gynnsamma k\u00f6pvillkor.<\/p>\n\n\n\n<p>Det \u00e4r v\u00e4rt att notera att Follixin inte finns i station\u00e4ra apotek eller butiker. Genom att v\u00e4lja <em>en officiell tillverkare<\/em> minimeras risken f\u00f6r att k\u00f6pa f\u00f6rfalskningar. S\u00e5dana produkter kan vara av l\u00e5g kvalitet och kanske inte ha de f\u00f6rv\u00e4ntade effekterna. Dessutom behandlas best\u00e4llningar effektivt, med en leveranstid p\u00e5 1 till 3 arbetsdagar, vilket g\u00f6r att behandlingen kan b\u00f6rja snabbt.<\/p>\n\n\n\n<p>N\u00e4r man beslutar om Follixin \u00e4r det v\u00e4rt att notera att med regelbunden anv\u00e4ndning kan cirka 95% av m\u00e4nnen uppleva positiva resultat. Anv\u00e4ndarrecensioner bekr\u00e4ftar effektiviteten av detta till\u00e4gg under cirka 4 m\u00e5naders anv\u00e4ndning.<\/p>\n\n\n\n<h2 class=\"wp-block-heading\">Potentiella biverkningar och kontraindikationer av Follixin<\/h2>\n\n\n\n<p>Follixin anses vara ett kroppsv\u00e4nligt tillskott, men dess anv\u00e4ndning kan vara f\u00f6rknippad med vissa biverkningar hos vissa anv\u00e4ndare. \u00c4ven om m\u00e5nga anv\u00e4nder den h\u00e4r produkten utan problem, kan vissa uppleva allergiska reaktioner. Det \u00e4r d\u00e4rf\u00f6r viktigt att vara uppm\u00e4rksam p\u00e5 kroppens reaktioner n\u00e4r du anv\u00e4nder Follixin.<\/p>\n\n\n\n<p>En av de viktigaste kontraindikationerna \u00e4r behovet av att personer som tar mediciner f\u00f6r kroniska sjukdomar eller som har andra h\u00e4lsotillst\u00e5nd ska konsultera en l\u00e4kare. <b>S\u00e4kerheten<\/b> vid anv\u00e4ndning av Follixin f\u00f6rb\u00e4ttras genom medvetenhet om ens egen h\u00e4lsostatus, liksom uppm\u00e4rksamhet p\u00e5 eventuella negativa reaktioner i kroppen. Personer som \u00e4r gravida, ammande och barn b\u00f6r inte anv\u00e4nda Follixin utan att f\u00f6rst r\u00e5dfr\u00e5ga en specialist.<\/p>\n\n\n\n<p>Sammanfattningsvis, \u00e4ven om Follixin i allm\u00e4nhet \u00e4r ett s\u00e4kert tillskott, b\u00f6r alla \u00f6verv\u00e4ga de potentiella <b>biverkningarna<\/b> och <b>kontraindikationerna<\/b> i samband med dess anv\u00e4ndning. Kom ih\u00e5g att korrekt information och medicinsk konsultation \u00e4r viktiga element f\u00f6r s\u00e4ker tillskott.<\/p>\n","protected":false},"excerpt":{"rendered":"<p><strong>[date_countdown]<\/strong><\/p>\n<p><img decoding=\"async\" class=\"alignnone wp-image-12507\" src=\"https:\/\/www.vardcentralenhjartatsolna.se\/farmaci\/wp-content\/uploads\/2024\/11\/SAFE-PAY-300x88-1.png\" alt=\"SAFE-PAY-300x88\" width=\"201\" height=\"59\" \/><\/p>\n","protected":false},"featured_media":11899,"comment_status":"open","ping_status":"closed","template":"","meta":{"neve_meta_sidebar":"","neve_meta_container":"","neve_meta_enable_content_width":"","neve_meta_content_width":0,"neve_meta_title_alignment":"","neve_meta_author_avatar":"","neve_post_elements_order":"","neve_meta_disable_header":"","neve_meta_disable_footer":"","neve_meta_disable_title":"","neve_meta_reading_time":""},"product_brand":[],"product_cat":[566],"product_tag":[],"class_list":{"0":"post-12391","1":"product","2":"type-product","3":"status-publish","4":"has-post-thumbnail","6":"product_cat-skonhet","8":"first","9":"instock","10":"sale","11":"shipping-taxable","12":"product-type-external"},"yoast_head":"<!-- This site is optimized with the Yoast SEO plugin v27.4 - https:\/\/yoast.com\/product\/yoast-seo-wordpress\/ -->\n<title>Follixin - Recension, Pris, Effekter, Apotek, Forum | -50%<\/title>\n<meta name=\"robots\" content=\"index, follow, max-snippet:-1, max-image-preview:large, max-video-preview:-1\" \/>\n<link rel=\"canonical\" href=\"https:\/\/www.vardcentralenhjartatsolna.se\/farmaci\/apt\/follixin\/\" \/>\n<meta property=\"og:locale\" content=\"sv_SE\" \/>\n<meta property=\"og:type\" content=\"article\" \/>\n<meta property=\"og:title\" content=\"Follixin - Recension, Pris, Effekter, Apotek, Forum | -50%\" \/>\n<meta property=\"og:url\" content=\"https:\/\/www.vardcentralenhjartatsolna.se\/farmaci\/apt\/follixin\/\" \/>\n<meta property=\"og:site_name\" content=\"Vardcentralenhjartatsolna\" \/>\n<meta property=\"article:modified_time\" content=\"2024-11-15T15:56:21+00:00\" \/>\n<meta property=\"og:image\" content=\"https:\/\/www.vardcentralenhjartatsolna.se\/farmaci\/wp-content\/uploads\/2024\/11\/Follixin.jpg\" \/>\n\t<meta property=\"og:image:width\" content=\"768\" \/>\n\t<meta property=\"og:image:height\" content=\"768\" \/>\n\t<meta property=\"og:image:type\" content=\"image\/jpeg\" \/>\n<meta name=\"twitter:card\" content=\"summary_large_image\" \/>\n<meta name=\"twitter:description\" content=\"[date_countdown]\" \/>\n<meta name=\"twitter:label1\" content=\"Ber\u00e4knad l\u00e4stid\" \/>\n\t<meta name=\"twitter:data1\" content=\"1 minut\" \/>\n<script type=\"application\/ld+json\" class=\"yoast-schema-graph\">{\"@context\":\"https:\\\/\\\/schema.org\",\"@graph\":[{\"@type\":\"WebPage\",\"@id\":\"https:\\\/\\\/www.vardcentralenhjartatsolna.se\\\/farmaci\\\/apt\\\/follixin\\\/\",\"url\":\"https:\\\/\\\/www.vardcentralenhjartatsolna.se\\\/farmaci\\\/apt\\\/follixin\\\/\",\"name\":\"Follixin - Recension, Pris, Effekter, Apotek, Forum | -50%\",\"isPartOf\":{\"@id\":\"https:\\\/\\\/www.vardcentralenhjartatsolna.se\\\/farmaci\\\/#website\"},\"primaryImageOfPage\":{\"@id\":\"https:\\\/\\\/www.vardcentralenhjartatsolna.se\\\/farmaci\\\/apt\\\/follixin\\\/#primaryimage\"},\"image\":{\"@id\":\"https:\\\/\\\/www.vardcentralenhjartatsolna.se\\\/farmaci\\\/apt\\\/follixin\\\/#primaryimage\"},\"thumbnailUrl\":\"https:\\\/\\\/www.vardcentralenhjartatsolna.se\\\/farmaci\\\/wp-content\\\/uploads\\\/2024\\\/11\\\/Follixin.jpg\",\"datePublished\":\"2024-11-09T14:08:15+00:00\",\"dateModified\":\"2024-11-15T15:56:21+00:00\",\"breadcrumb\":{\"@id\":\"https:\\\/\\\/www.vardcentralenhjartatsolna.se\\\/farmaci\\\/apt\\\/follixin\\\/#breadcrumb\"},\"inLanguage\":\"sv-SE\",\"potentialAction\":[{\"@type\":\"ReadAction\",\"target\":[\"https:\\\/\\\/www.vardcentralenhjartatsolna.se\\\/farmaci\\\/apt\\\/follixin\\\/\"]}]},{\"@type\":\"ImageObject\",\"inLanguage\":\"sv-SE\",\"@id\":\"https:\\\/\\\/www.vardcentralenhjartatsolna.se\\\/farmaci\\\/apt\\\/follixin\\\/#primaryimage\",\"url\":\"https:\\\/\\\/www.vardcentralenhjartatsolna.se\\\/farmaci\\\/wp-content\\\/uploads\\\/2024\\\/11\\\/Follixin.jpg\",\"contentUrl\":\"https:\\\/\\\/www.vardcentralenhjartatsolna.se\\\/farmaci\\\/wp-content\\\/uploads\\\/2024\\\/11\\\/Follixin.jpg\",\"width\":768,\"height\":768},{\"@type\":\"BreadcrumbList\",\"@id\":\"https:\\\/\\\/www.vardcentralenhjartatsolna.se\\\/farmaci\\\/apt\\\/follixin\\\/#breadcrumb\",\"itemListElement\":[{\"@type\":\"ListItem\",\"position\":1,\"name\":\"Strona g\u0142\u00f3wna\",\"item\":\"https:\\\/\\\/www.vardcentralenhjartatsolna.se\\\/farmaci\\\/\"},{\"@type\":\"ListItem\",\"position\":2,\"name\":\"Produkte\",\"item\":\"https:\\\/\\\/www.vardcentralenhjartatsolna.se\\\/farmaci\\\/\"},{\"@type\":\"ListItem\",\"position\":3,\"name\":\"Follixin\"}]},{\"@type\":\"WebSite\",\"@id\":\"https:\\\/\\\/www.vardcentralenhjartatsolna.se\\\/farmaci\\\/#website\",\"url\":\"https:\\\/\\\/www.vardcentralenhjartatsolna.se\\\/farmaci\\\/\",\"name\":\"Vardcentralenhjartatsolna\",\"description\":\"\",\"potentialAction\":[{\"@type\":\"SearchAction\",\"target\":{\"@type\":\"EntryPoint\",\"urlTemplate\":\"https:\\\/\\\/www.vardcentralenhjartatsolna.se\\\/farmaci\\\/?s={search_term_string}\"},\"query-input\":{\"@type\":\"PropertyValueSpecification\",\"valueRequired\":true,\"valueName\":\"search_term_string\"}}],\"inLanguage\":\"sv-SE\"}]}<\/script>\n<!-- \/ Yoast SEO plugin. -->","yoast_head_json":{"title":"Follixin - Recension, Pris, Effekter, Apotek, Forum | -50%","robots":{"index":"index","follow":"follow","max-snippet":"max-snippet:-1","max-image-preview":"max-image-preview:large","max-video-preview":"max-video-preview:-1"},"canonical":"https:\/\/www.vardcentralenhjartatsolna.se\/farmaci\/apt\/follixin\/","og_locale":"sv_SE","og_type":"article","og_title":"Follixin - Recension, Pris, Effekter, Apotek, Forum | -50%","og_url":"https:\/\/www.vardcentralenhjartatsolna.se\/farmaci\/apt\/follixin\/","og_site_name":"Vardcentralenhjartatsolna","article_modified_time":"2024-11-15T15:56:21+00:00","og_image":[{"width":768,"height":768,"url":"https:\/\/www.vardcentralenhjartatsolna.se\/farmaci\/wp-content\/uploads\/2024\/11\/Follixin.jpg","type":"image\/jpeg"}],"twitter_card":"summary_large_image","twitter_description":"[date_countdown]","twitter_misc":{"Ber\u00e4knad l\u00e4stid":"1 minut"},"schema":{"@context":"https:\/\/schema.org","@graph":[{"@type":"WebPage","@id":"https:\/\/www.vardcentralenhjartatsolna.se\/farmaci\/apt\/follixin\/","url":"https:\/\/www.vardcentralenhjartatsolna.se\/farmaci\/apt\/follixin\/","name":"Follixin - Recension, Pris, Effekter, Apotek, Forum | -50%","isPartOf":{"@id":"https:\/\/www.vardcentralenhjartatsolna.se\/farmaci\/#website"},"primaryImageOfPage":{"@id":"https:\/\/www.vardcentralenhjartatsolna.se\/farmaci\/apt\/follixin\/#primaryimage"},"image":{"@id":"https:\/\/www.vardcentralenhjartatsolna.se\/farmaci\/apt\/follixin\/#primaryimage"},"thumbnailUrl":"https:\/\/www.vardcentralenhjartatsolna.se\/farmaci\/wp-content\/uploads\/2024\/11\/Follixin.jpg","datePublished":"2024-11-09T14:08:15+00:00","dateModified":"2024-11-15T15:56:21+00:00","breadcrumb":{"@id":"https:\/\/www.vardcentralenhjartatsolna.se\/farmaci\/apt\/follixin\/#breadcrumb"},"inLanguage":"sv-SE","potentialAction":[{"@type":"ReadAction","target":["https:\/\/www.vardcentralenhjartatsolna.se\/farmaci\/apt\/follixin\/"]}]},{"@type":"ImageObject","inLanguage":"sv-SE","@id":"https:\/\/www.vardcentralenhjartatsolna.se\/farmaci\/apt\/follixin\/#primaryimage","url":"https:\/\/www.vardcentralenhjartatsolna.se\/farmaci\/wp-content\/uploads\/2024\/11\/Follixin.jpg","contentUrl":"https:\/\/www.vardcentralenhjartatsolna.se\/farmaci\/wp-content\/uploads\/2024\/11\/Follixin.jpg","width":768,"height":768},{"@type":"BreadcrumbList","@id":"https:\/\/www.vardcentralenhjartatsolna.se\/farmaci\/apt\/follixin\/#breadcrumb","itemListElement":[{"@type":"ListItem","position":1,"name":"Strona g\u0142\u00f3wna","item":"https:\/\/www.vardcentralenhjartatsolna.se\/farmaci\/"},{"@type":"ListItem","position":2,"name":"Produkte","item":"https:\/\/www.vardcentralenhjartatsolna.se\/farmaci\/"},{"@type":"ListItem","position":3,"name":"Follixin"}]},{"@type":"WebSite","@id":"https:\/\/www.vardcentralenhjartatsolna.se\/farmaci\/#website","url":"https:\/\/www.vardcentralenhjartatsolna.se\/farmaci\/","name":"Vardcentralenhjartatsolna","description":"","potentialAction":[{"@type":"SearchAction","target":{"@type":"EntryPoint","urlTemplate":"https:\/\/www.vardcentralenhjartatsolna.se\/farmaci\/?s={search_term_string}"},"query-input":{"@type":"PropertyValueSpecification","valueRequired":true,"valueName":"search_term_string"}}],"inLanguage":"sv-SE"}]}},"_links":{"self":[{"href":"https:\/\/www.vardcentralenhjartatsolna.se\/farmaci\/wp-json\/wp\/v2\/product\/12391","targetHints":{"allow":["GET"]}}],"collection":[{"href":"https:\/\/www.vardcentralenhjartatsolna.se\/farmaci\/wp-json\/wp\/v2\/product"}],"about":[{"href":"https:\/\/www.vardcentralenhjartatsolna.se\/farmaci\/wp-json\/wp\/v2\/types\/product"}],"replies":[{"embeddable":true,"href":"https:\/\/www.vardcentralenhjartatsolna.se\/farmaci\/wp-json\/wp\/v2\/comments?post=12391"}],"wp:featuredmedia":[{"embeddable":true,"href":"https:\/\/www.vardcentralenhjartatsolna.se\/farmaci\/wp-json\/wp\/v2\/media\/11899"}],"wp:attachment":[{"href":"https:\/\/www.vardcentralenhjartatsolna.se\/farmaci\/wp-json\/wp\/v2\/media?parent=12391"}],"wp:term":[{"taxonomy":"product_brand","embeddable":true,"href":"https:\/\/www.vardcentralenhjartatsolna.se\/farmaci\/wp-json\/wp\/v2\/product_brand?post=12391"},{"taxonomy":"product_cat","embeddable":true,"href":"https:\/\/www.vardcentralenhjartatsolna.se\/farmaci\/wp-json\/wp\/v2\/product_cat?post=12391"},{"taxonomy":"product_tag","embeddable":true,"href":"https:\/\/www.vardcentralenhjartatsolna.se\/farmaci\/wp-json\/wp\/v2\/product_tag?post=12391"}],"curies":[{"name":"wp","href":"https:\/\/api.w.org\/{rel}","templated":true}]}}