{"id":12388,"date":"2024-11-09T15:08:14","date_gmt":"2024-11-09T14:08:14","guid":{"rendered":"https:\/\/blodsjukdom.se\/farmaci\/apt\/derminax\/"},"modified":"2024-11-15T16:41:38","modified_gmt":"2024-11-15T15:41:38","slug":"derminax","status":"publish","type":"product","link":"https:\/\/www.vardcentralenhjartatsolna.se\/farmaci\/apt\/derminax\/","title":{"rendered":"Derminax"},"content":{"rendered":"\n<h2 class=\"wp-block-heading\">Vad \u00e4r Derminax och hur fungerar det?<\/h2>\n\n\n\n<p>Derminax \u00e4r ett naturligt kosttillskott som \u00e4r utformat f\u00f6r personer som k\u00e4mpar med akne. Produkten k\u00e4nnetecknas av att den verkar <em>inifr\u00e5n<\/em> och eliminerar toxiner och bakterier som kan bidra till att finnar bildas. Tack vare sin unika formel reglerar Derminax talguts\u00f6ndringen, vilket avsev\u00e4rt minskar imperfektioner.<\/p>\n\n\n\n<p><b>Derminax<\/b> inneh\u00e5ller ingredienser som n\u00e4ssla, \u00e5kerfr\u00e4ken och kollagen. Var och en av dessa element har starka antiinflammatoriska egenskaper och st\u00f6der hudens regenerering. N\u00e4rvaron av mikron\u00e4rings\u00e4mnen som zink och koppar, i kombination med vitaminerna C, E, B2, g\u00f6r Derminax till en effektiv aknebek\u00e4mpare.<\/p>\n\n\n\n<p>Det \u00f6vergripande m\u00e5let med <em>aknetillskott<\/em> som Derminax \u00e4r att f\u00f6rb\u00e4ttra hudens tillst\u00e5nd genom en omfattande \u00e5tg\u00e4rd. Anv\u00e4ndare kan m\u00e4rka effekterna av anv\u00e4ndningen efter bara n\u00e5gra veckors regelbundet intag, vilket bekr\u00e4ftas av de positiva recensionerna av denna produkt.<\/p>\n\n\n\n<p>Tack vare de n\u00e4rande och regenerativa egenskaperna hos de ingredienser som ing\u00e5r, kan <em>Derminax verkan<\/em> ge betydande l\u00e4ttnad f\u00f6r dem som lider av akne och relaterade hudproblem.<\/p>\n\n\n\n<h2 class=\"wp-block-heading\">Derminax &#8211; effekter<\/h2>\n\n\n\n<p><b>Effekterna av Derminax<\/b> \u00e4r m\u00e4rkbara efter bara 2-4 veckors anv\u00e4ndning. Anv\u00e4ndarna rapporterar en betydande f\u00f6rb\u00e4ttring av sin hy, vilket visas genom en minskning av antalet blemmor och en \u00f6vergripande f\u00f6rb\u00e4ttring av hudtonen. <b>Slutresultatet<\/b> kan ses efter tre m\u00e5naders regelbundet intag, vilket inneb\u00e4r att man tar tv\u00e5 tabletter dagligen.<\/p>\n\n\n\n<p>Derminax st\u00f6der effektivt kampen mot akne\u00e4rrbildning, vilket ytterligare \u00f6kar v\u00e4rdet av tillskottet i \u00f6gonen p\u00e5 dem som k\u00e4mpar med hudproblem. Spanska kliniska studier bekr\u00e4ftar produktens <b>s\u00e4kerhet<\/b> och brist p\u00e5 biverkningar. Anv\u00e4ndare v\u00e4rdes\u00e4tter Derminax f\u00f6r sina snabba resultat och synliga f\u00f6rb\u00e4ttringar av hudf\u00e4rgen utan risk f\u00f6r biverkningar.<\/p>\n\n\n\n<h2 class=\"wp-block-heading\">Hur man anv\u00e4nder Derminax &#8211; Instruktioner f\u00f6r anv\u00e4ndning och dosering<\/h2>\n\n\n\n<p><b>Derminax<\/b> ska anv\u00e4ndas enligt <em>tillverkarens anvisningar<\/em>, vilket \u00e4r ett viktigt steg f\u00f6r att uppn\u00e5 optimala resultat. <b>Doseringen<\/b> \u00e4r en viktig del av behandlingen, s\u00e5 det \u00e4r v\u00e4rt att \u00e4gna s\u00e4rskild uppm\u00e4rksamhet \u00e5t detta.<\/p>\n\n\n\n<p>Det rekommenderas vanligtvis att ta tv\u00e5 kapslar om dagen, helst i samband med m\u00e5ltid. Genom att s\u00e4kerst\u00e4lla regelbunden anv\u00e4ndning av Derminax kan produktens effektivitet i kampen mot akne och dess symtom, som kan inkludera finnar s\u00e5v\u00e4l som pormaskar, \u00f6kas avsev\u00e4rt.<\/p>\n\n\n\n<figure class=\"wp-block-table\"><table class=\"has-fixed-layout\"><tbody><tr><th>Aspekt<\/th><th>Rekommendationer<\/th><\/tr><tr><td><b>Dosering<\/b><\/td><td>2 kapslar per dag<\/td><\/tr><tr><td>Under hur l\u00e5ng tid?<\/td><td>Minst 3 m\u00e5nader<\/td><\/tr><tr><td>Under vilka m\u00e5ltider?<\/td><td>Under m\u00e5ltiderna<\/td><\/tr><tr><td>Vad ska man dricka?<\/td><td>Massor av vatten<\/td><\/tr><\/tbody><\/table><\/figure>\n\n\n\n<p>Att f\u00f6lja ovanst\u00e5ende <em>instruktioner f\u00f6r<\/em> anv\u00e4ndning av Derminax \u00e4r nyckeln till att uppn\u00e5 \u00f6nskade resultat. Det \u00e4r ocks\u00e5 v\u00e4rt att n\u00e4mna att studier har visat att majoriteten av anv\u00e4ndarna m\u00e4rkte en f\u00f6rb\u00e4ttring av deras hudtillst\u00e5nd efter bara en veckas anv\u00e4ndning. Att ta kapslarna regelbundet har en betydande inverkan p\u00e5 produktens effektivitet.<\/p>\n\n\n\n<h2 class=\"wp-block-heading\">Derminax recensioner &#8211; vad s\u00e4ger anv\u00e4ndarna i forumen?<\/h2>\n\n\n\n<p>Anv\u00e4ndare i <em>forumen<\/em> uttrycker en m\u00e4ngd olika <em>\u00e5sikter om Derminax<\/em>. De allra flesta recensioner indikerar en positiv upplevelse, vilket kan uppmuntra framtida kunder att testa detta till\u00e4gg. H\u00e4r \u00e4r tre speciella recensioner:<\/p>\n\n\n\n<blockquote class=\"wp-block-quote is-layout-flow wp-block-quote-is-layout-flow\">\n<p><strong>Kasia<\/strong>: &#8221;Efter att ha anv\u00e4nt Derminax i en m\u00e5nad m\u00e4rkte jag en betydande f\u00f6rb\u00e4ttring av min hud. De finnar som tidigare st\u00f6rde mitt dagliga liv har blivit mindre synliga. Jag m\u00e5ste ta fram smink mindre ofta. Dessutom har jag m\u00e4rkt att mitt hum\u00f6r ocks\u00e5 har f\u00f6rb\u00e4ttrats. Tidigare fick jag d\u00e5ligt sj\u00e4lvf\u00f6rtroende p\u00e5 grund av hudproblemen, men nu m\u00e5r jag mycket b\u00e4ttre.&#8221;<\/p>\n<\/blockquote>\n\n\n\n<blockquote class=\"wp-block-quote is-layout-flow wp-block-quote-is-layout-flow\">\n<p><strong>Bella:<\/strong>&#8221;F\u00f6rst var jag skeptisk till om Derminax skulle fungera. Efter cirka tre m\u00e5nader m\u00e4rkte jag resultat, men de var inte lika spektakul\u00e4ra som hos systerprodukten Royal Skin 500. Jag \u00e4r \u00e4nd\u00e5 n\u00f6jd med f\u00f6rb\u00e4ttringen. Det \u00e4r d\u00e4rf\u00f6r jag r\u00e5der alla att ha t\u00e5lamod, eftersom effekterna varierar fr\u00e5n person till person.&#8221;<\/p>\n<\/blockquote>\n\n\n\n<blockquote class=\"wp-block-quote is-layout-flow wp-block-quote-is-layout-flow\">\n<p><strong>HigherLover<\/strong>: &#8221;Trots de positiva recensionerna p\u00e5 <b>forumet<\/b> f\u00f6rv\u00e4ntade jag mig snabba resultat, vilket jag dock inte m\u00e4rkte. Jag skulle d\u00e4rf\u00f6r rekommendera att du konsulterar en specialist innan du p\u00e5b\u00f6rjar en Derminax-behandling. Jag p\u00e5minde mig sj\u00e4lv om att det \u00e4r lika viktigt att avgifta levern som att l\u00f6sa akneproblemet.&#8221;<\/p>\n<\/blockquote>\n\n\n\n<p>Sammantaget visar <em>anv\u00e4ndarupplevelsen<\/em> att effektiviteten hos Derminax kan bero p\u00e5 hur l\u00e4nge man anv\u00e4nder l\u00e4kemedlet och p\u00e5 individuella f\u00f6ruts\u00e4ttningar. Regelbunden \u00f6vervakning av kommentarer och <em>recensioner<\/em> p\u00e5 forum kan ge v\u00e4rdefull information f\u00f6r dem som \u00f6verv\u00e4ger att anv\u00e4nda detta till\u00e4gg.<\/p>\n\n\n\n<h2 class=\"wp-block-heading\">Derminax sammans\u00e4ttning &#8211; Analys av ingredienser<\/h2>\n\n\n\n<p><b>Sammans\u00e4ttningen av Derminax<\/b> kombinerar ett antal naturliga v\u00e4xtextrakt som har valts noggrant f\u00f6r att st\u00f6dja hudens h\u00e4lsa. Dessa inkluderar <em>n\u00e4sselextrakt,<\/em> <em>\u00e5kerfr\u00e4ken<\/em> och <em>ginsengrot<\/em>, som alla bidrar till en f\u00f6rb\u00e4ttrad hudf\u00e4rg. Namnet Derminax dyker ofta upp i samband med ingrediensanalys, s\u00e4rskilt eftersom var och en spelar en viktig roll i kampen mot akne.<\/p>\n\n\n\n<p>Exempelvis k\u00e4nnetecknas extrakt fr\u00e5n \u00e5kerfr\u00e4ken av sin antiinflammatoriska verkan, vilket kan bidra till att minska rodnad och svullnad i samband med hudproblem. Vitamin E och C fungerar som antioxidanter och kollagen st\u00f6der hudens f\u00f6rnyelse, vilket alla bidrar till att ingredienserna i detta tillskott blir mer effektiva.<\/p>\n\n\n\n<figure class=\"wp-block-table\"><table class=\"has-fixed-layout\"><tbody><tr><th>Ingrediens<\/th><th>Effekt<\/th><\/tr><tr><td>N\u00e4sselextrakt<\/td><td>St\u00f6djer hudens h\u00e4lsa, har en antiinflammatorisk effekt<\/td><\/tr><tr><td>\u00c5kerfr\u00e4ken<\/td><td>Minskar rodnad, st\u00f6djer avgiftning<\/td><\/tr><tr><td>Ginsengrot<\/td><td>Stimulerar cellf\u00f6rnyelse, f\u00f6rb\u00e4ttrar hudens elasticitet<\/td><\/tr><tr><td>Vitaminerna E och C<\/td><td>Skyddar mot oxidativ stress<\/td><\/tr><tr><td>Kollagen<\/td><td>St\u00f6djer hudens struktur och regenerering<\/td><\/tr><\/tbody><\/table><\/figure>\n\n\n\n<p>Att f\u00f6rst\u00e5 sammans\u00e4ttningen av Derminax \u00e4r avg\u00f6rande f\u00f6r att bed\u00f6ma effektiviteten hos dess ingredienser. V\u00e4xtextrakten i detta tillskott st\u00e4rker hudbarri\u00e4ren och bidrar till en h\u00e4lsosam hy, vilket noterats av anv\u00e4ndare och dermatologiprofessionella. Korrekt n\u00e4ring av huden \u00e4r ett av de viktigaste stegen mot ett vackert och v\u00e4lsk\u00f6tt utseende.<\/p>\n\n\n\n<h2 class=\"wp-block-heading\">Var kan jag k\u00f6pa Derminax och vad kostar det?<\/h2>\n\n\n\n<p>Derminax \u00e4r endast tillg\u00e4ngligt fr\u00e5n <em>tillverkarens officiella webbplats<\/em>, vilket \u00e4r en garanti f\u00f6r produktens \u00e4kthet. Att k\u00f6pa h\u00e4r \u00e4r det b\u00e4sta alternativet f\u00f6r att undvika obeh\u00f6riga k\u00e4llor som kan erbjuda f\u00f6rfalskningar eller minskad kvalitet p\u00e5 till\u00e4gget. Kunderna kan dra nytta av aktuella kampanjer, vilket p\u00e5verkar <em>priset<\/em>, vilket g\u00f6r erbjudandet \u00e4nnu mer attraktivt.<\/p>\n\n\n\n<p>Produkten \u00e4r inte tillg\u00e4nglig p\u00e5 station\u00e4ra apotek, vilket inneb\u00e4r att ink\u00f6p endast kan g\u00f6ras online. Best\u00e4llningar behandlas vanligtvis inom 1-3 dagar, vilket p\u00e5skyndar leveransprocessen. K\u00f6pare drar ocks\u00e5 nytta av en 90-dagars pengarna-tillbaka-garanti, vilket g\u00f6r k\u00f6pet s\u00e4krare. N\u00e4r man st\u00e5r inf\u00f6r hudproblem som akne lovar Derminax effektiva l\u00f6sningar som \u00f6nskas av ett brett spektrum av konsumenter.<\/p>\n\n\n\n<h2 class=\"wp-block-heading\">Derminax &#8211; Potentiella biverkningar och kontraindikationer f\u00f6r anv\u00e4ndning<\/h2>\n\n\n\n<p>\u00c4ven om Derminax har f\u00e5tt positiv feedback fr\u00e5n anv\u00e4ndarna \u00e4r det viktigt att vara medveten om eventuella biverkningar. De vanligaste reaktionerna \u00e4r hudirritation och allergiska reaktioner. D\u00e4rf\u00f6r b\u00f6r de med k\u00e4nslighet f\u00f6r de aktiva ingredienserna konsultera en l\u00e4kare innan behandlingen p\u00e5b\u00f6rjas f\u00f6r att s\u00e4kerst\u00e4lla full <b>s\u00e4kerhet vid anv\u00e4ndning<\/b>.<\/p>\n\n\n\n<p>Det \u00e4r ocks\u00e5 v\u00e4rt att notera att Derminax inte rekommenderas f\u00f6r gravida och ammande kvinnor. Dessa individer b\u00f6r undvika tillskott f\u00f6r att inte uts\u00e4tta sig f\u00f6r eventuella risker. Dessa <b>kontraindikationer<\/b> \u00e4r viktiga, s\u00e4rskilt f\u00f6r h\u00e4lsan hos blivande m\u00f6drar och deras barn.<\/p>\n\n\n\n<p>Sammantaget, n\u00e4r du anv\u00e4nder Derminax, \u00e4r det en bra id\u00e9 att vara medveten om b\u00e5de dess f\u00f6rdelar och m\u00f6jliga biverkningar. Att uppr\u00e4tth\u00e5lla korrekt medicinsk \u00f6vervakning och skr\u00e4ddarsy tillskott till individuella behov kan avsev\u00e4rt \u00f6ka <b>s\u00e4kerheten f\u00f6r<\/b> denna produkt.<\/p>\n","protected":false},"excerpt":{"rendered":"<p><strong>[date_countdown]<\/strong><\/p>\n<p><img decoding=\"async\" class=\"alignnone wp-image-12507\" src=\"https:\/\/www.vardcentralenhjartatsolna.se\/farmaci\/wp-content\/uploads\/2024\/11\/SAFE-PAY-300x88-1.png\" alt=\"SAFE-PAY-300x88\" width=\"201\" height=\"59\" \/><\/p>\n","protected":false},"featured_media":11893,"comment_status":"open","ping_status":"closed","template":"","meta":{"neve_meta_sidebar":"","neve_meta_container":"","neve_meta_enable_content_width":"","neve_meta_content_width":0,"neve_meta_title_alignment":"","neve_meta_author_avatar":"","neve_post_elements_order":"","neve_meta_disable_header":"","neve_meta_disable_footer":"","neve_meta_disable_title":"","neve_meta_reading_time":""},"product_brand":[],"product_cat":[566],"product_tag":[],"class_list":{"0":"post-12388","1":"product","2":"type-product","3":"status-publish","4":"has-post-thumbnail","6":"product_cat-skonhet","8":"first","9":"instock","10":"sale","11":"shipping-taxable","12":"product-type-external"},"yoast_head":"<!-- This site is optimized with the Yoast SEO plugin v27.4 - https:\/\/yoast.com\/product\/yoast-seo-wordpress\/ -->\n<title>Derminax - Recension, Pris, Effekter, Apotek, Forum | -50%<\/title>\n<meta name=\"robots\" content=\"index, follow, max-snippet:-1, max-image-preview:large, max-video-preview:-1\" \/>\n<link rel=\"canonical\" href=\"https:\/\/www.vardcentralenhjartatsolna.se\/farmaci\/apt\/derminax\/\" \/>\n<meta property=\"og:locale\" content=\"sv_SE\" \/>\n<meta property=\"og:type\" content=\"article\" \/>\n<meta property=\"og:title\" content=\"Derminax - Recension, Pris, Effekter, Apotek, Forum | -50%\" \/>\n<meta property=\"og:url\" content=\"https:\/\/www.vardcentralenhjartatsolna.se\/farmaci\/apt\/derminax\/\" \/>\n<meta property=\"og:site_name\" content=\"Vardcentralenhjartatsolna\" \/>\n<meta property=\"article:modified_time\" content=\"2024-11-15T15:41:38+00:00\" \/>\n<meta property=\"og:image\" content=\"https:\/\/www.vardcentralenhjartatsolna.se\/farmaci\/wp-content\/uploads\/2024\/11\/Derminax.jpg\" \/>\n\t<meta property=\"og:image:width\" content=\"768\" \/>\n\t<meta property=\"og:image:height\" content=\"768\" \/>\n\t<meta property=\"og:image:type\" content=\"image\/jpeg\" \/>\n<meta name=\"twitter:card\" content=\"summary_large_image\" \/>\n<meta name=\"twitter:description\" content=\"[date_countdown]\" \/>\n<meta name=\"twitter:label1\" content=\"Ber\u00e4knad l\u00e4stid\" \/>\n\t<meta name=\"twitter:data1\" content=\"1 minut\" \/>\n<script type=\"application\/ld+json\" class=\"yoast-schema-graph\">{\"@context\":\"https:\\\/\\\/schema.org\",\"@graph\":[{\"@type\":\"WebPage\",\"@id\":\"https:\\\/\\\/www.vardcentralenhjartatsolna.se\\\/farmaci\\\/apt\\\/derminax\\\/\",\"url\":\"https:\\\/\\\/www.vardcentralenhjartatsolna.se\\\/farmaci\\\/apt\\\/derminax\\\/\",\"name\":\"Derminax - Recension, Pris, Effekter, Apotek, Forum | -50%\",\"isPartOf\":{\"@id\":\"https:\\\/\\\/www.vardcentralenhjartatsolna.se\\\/farmaci\\\/#website\"},\"primaryImageOfPage\":{\"@id\":\"https:\\\/\\\/www.vardcentralenhjartatsolna.se\\\/farmaci\\\/apt\\\/derminax\\\/#primaryimage\"},\"image\":{\"@id\":\"https:\\\/\\\/www.vardcentralenhjartatsolna.se\\\/farmaci\\\/apt\\\/derminax\\\/#primaryimage\"},\"thumbnailUrl\":\"https:\\\/\\\/www.vardcentralenhjartatsolna.se\\\/farmaci\\\/wp-content\\\/uploads\\\/2024\\\/11\\\/Derminax.jpg\",\"datePublished\":\"2024-11-09T14:08:14+00:00\",\"dateModified\":\"2024-11-15T15:41:38+00:00\",\"breadcrumb\":{\"@id\":\"https:\\\/\\\/www.vardcentralenhjartatsolna.se\\\/farmaci\\\/apt\\\/derminax\\\/#breadcrumb\"},\"inLanguage\":\"sv-SE\",\"potentialAction\":[{\"@type\":\"ReadAction\",\"target\":[\"https:\\\/\\\/www.vardcentralenhjartatsolna.se\\\/farmaci\\\/apt\\\/derminax\\\/\"]}]},{\"@type\":\"ImageObject\",\"inLanguage\":\"sv-SE\",\"@id\":\"https:\\\/\\\/www.vardcentralenhjartatsolna.se\\\/farmaci\\\/apt\\\/derminax\\\/#primaryimage\",\"url\":\"https:\\\/\\\/www.vardcentralenhjartatsolna.se\\\/farmaci\\\/wp-content\\\/uploads\\\/2024\\\/11\\\/Derminax.jpg\",\"contentUrl\":\"https:\\\/\\\/www.vardcentralenhjartatsolna.se\\\/farmaci\\\/wp-content\\\/uploads\\\/2024\\\/11\\\/Derminax.jpg\",\"width\":768,\"height\":768},{\"@type\":\"BreadcrumbList\",\"@id\":\"https:\\\/\\\/www.vardcentralenhjartatsolna.se\\\/farmaci\\\/apt\\\/derminax\\\/#breadcrumb\",\"itemListElement\":[{\"@type\":\"ListItem\",\"position\":1,\"name\":\"Strona g\u0142\u00f3wna\",\"item\":\"https:\\\/\\\/www.vardcentralenhjartatsolna.se\\\/farmaci\\\/\"},{\"@type\":\"ListItem\",\"position\":2,\"name\":\"Produkte\",\"item\":\"https:\\\/\\\/www.vardcentralenhjartatsolna.se\\\/farmaci\\\/\"},{\"@type\":\"ListItem\",\"position\":3,\"name\":\"Derminax\"}]},{\"@type\":\"WebSite\",\"@id\":\"https:\\\/\\\/www.vardcentralenhjartatsolna.se\\\/farmaci\\\/#website\",\"url\":\"https:\\\/\\\/www.vardcentralenhjartatsolna.se\\\/farmaci\\\/\",\"name\":\"Vardcentralenhjartatsolna\",\"description\":\"\",\"potentialAction\":[{\"@type\":\"SearchAction\",\"target\":{\"@type\":\"EntryPoint\",\"urlTemplate\":\"https:\\\/\\\/www.vardcentralenhjartatsolna.se\\\/farmaci\\\/?s={search_term_string}\"},\"query-input\":{\"@type\":\"PropertyValueSpecification\",\"valueRequired\":true,\"valueName\":\"search_term_string\"}}],\"inLanguage\":\"sv-SE\"}]}<\/script>\n<!-- \/ Yoast SEO plugin. -->","yoast_head_json":{"title":"Derminax - Recension, Pris, Effekter, Apotek, Forum | -50%","robots":{"index":"index","follow":"follow","max-snippet":"max-snippet:-1","max-image-preview":"max-image-preview:large","max-video-preview":"max-video-preview:-1"},"canonical":"https:\/\/www.vardcentralenhjartatsolna.se\/farmaci\/apt\/derminax\/","og_locale":"sv_SE","og_type":"article","og_title":"Derminax - Recension, Pris, Effekter, Apotek, Forum | -50%","og_url":"https:\/\/www.vardcentralenhjartatsolna.se\/farmaci\/apt\/derminax\/","og_site_name":"Vardcentralenhjartatsolna","article_modified_time":"2024-11-15T15:41:38+00:00","og_image":[{"width":768,"height":768,"url":"https:\/\/www.vardcentralenhjartatsolna.se\/farmaci\/wp-content\/uploads\/2024\/11\/Derminax.jpg","type":"image\/jpeg"}],"twitter_card":"summary_large_image","twitter_description":"[date_countdown]","twitter_misc":{"Ber\u00e4knad l\u00e4stid":"1 minut"},"schema":{"@context":"https:\/\/schema.org","@graph":[{"@type":"WebPage","@id":"https:\/\/www.vardcentralenhjartatsolna.se\/farmaci\/apt\/derminax\/","url":"https:\/\/www.vardcentralenhjartatsolna.se\/farmaci\/apt\/derminax\/","name":"Derminax - Recension, Pris, Effekter, Apotek, Forum | -50%","isPartOf":{"@id":"https:\/\/www.vardcentralenhjartatsolna.se\/farmaci\/#website"},"primaryImageOfPage":{"@id":"https:\/\/www.vardcentralenhjartatsolna.se\/farmaci\/apt\/derminax\/#primaryimage"},"image":{"@id":"https:\/\/www.vardcentralenhjartatsolna.se\/farmaci\/apt\/derminax\/#primaryimage"},"thumbnailUrl":"https:\/\/www.vardcentralenhjartatsolna.se\/farmaci\/wp-content\/uploads\/2024\/11\/Derminax.jpg","datePublished":"2024-11-09T14:08:14+00:00","dateModified":"2024-11-15T15:41:38+00:00","breadcrumb":{"@id":"https:\/\/www.vardcentralenhjartatsolna.se\/farmaci\/apt\/derminax\/#breadcrumb"},"inLanguage":"sv-SE","potentialAction":[{"@type":"ReadAction","target":["https:\/\/www.vardcentralenhjartatsolna.se\/farmaci\/apt\/derminax\/"]}]},{"@type":"ImageObject","inLanguage":"sv-SE","@id":"https:\/\/www.vardcentralenhjartatsolna.se\/farmaci\/apt\/derminax\/#primaryimage","url":"https:\/\/www.vardcentralenhjartatsolna.se\/farmaci\/wp-content\/uploads\/2024\/11\/Derminax.jpg","contentUrl":"https:\/\/www.vardcentralenhjartatsolna.se\/farmaci\/wp-content\/uploads\/2024\/11\/Derminax.jpg","width":768,"height":768},{"@type":"BreadcrumbList","@id":"https:\/\/www.vardcentralenhjartatsolna.se\/farmaci\/apt\/derminax\/#breadcrumb","itemListElement":[{"@type":"ListItem","position":1,"name":"Strona g\u0142\u00f3wna","item":"https:\/\/www.vardcentralenhjartatsolna.se\/farmaci\/"},{"@type":"ListItem","position":2,"name":"Produkte","item":"https:\/\/www.vardcentralenhjartatsolna.se\/farmaci\/"},{"@type":"ListItem","position":3,"name":"Derminax"}]},{"@type":"WebSite","@id":"https:\/\/www.vardcentralenhjartatsolna.se\/farmaci\/#website","url":"https:\/\/www.vardcentralenhjartatsolna.se\/farmaci\/","name":"Vardcentralenhjartatsolna","description":"","potentialAction":[{"@type":"SearchAction","target":{"@type":"EntryPoint","urlTemplate":"https:\/\/www.vardcentralenhjartatsolna.se\/farmaci\/?s={search_term_string}"},"query-input":{"@type":"PropertyValueSpecification","valueRequired":true,"valueName":"search_term_string"}}],"inLanguage":"sv-SE"}]}},"_links":{"self":[{"href":"https:\/\/www.vardcentralenhjartatsolna.se\/farmaci\/wp-json\/wp\/v2\/product\/12388","targetHints":{"allow":["GET"]}}],"collection":[{"href":"https:\/\/www.vardcentralenhjartatsolna.se\/farmaci\/wp-json\/wp\/v2\/product"}],"about":[{"href":"https:\/\/www.vardcentralenhjartatsolna.se\/farmaci\/wp-json\/wp\/v2\/types\/product"}],"replies":[{"embeddable":true,"href":"https:\/\/www.vardcentralenhjartatsolna.se\/farmaci\/wp-json\/wp\/v2\/comments?post=12388"}],"wp:featuredmedia":[{"embeddable":true,"href":"https:\/\/www.vardcentralenhjartatsolna.se\/farmaci\/wp-json\/wp\/v2\/media\/11893"}],"wp:attachment":[{"href":"https:\/\/www.vardcentralenhjartatsolna.se\/farmaci\/wp-json\/wp\/v2\/media?parent=12388"}],"wp:term":[{"taxonomy":"product_brand","embeddable":true,"href":"https:\/\/www.vardcentralenhjartatsolna.se\/farmaci\/wp-json\/wp\/v2\/product_brand?post=12388"},{"taxonomy":"product_cat","embeddable":true,"href":"https:\/\/www.vardcentralenhjartatsolna.se\/farmaci\/wp-json\/wp\/v2\/product_cat?post=12388"},{"taxonomy":"product_tag","embeddable":true,"href":"https:\/\/www.vardcentralenhjartatsolna.se\/farmaci\/wp-json\/wp\/v2\/product_tag?post=12388"}],"curies":[{"name":"wp","href":"https:\/\/api.w.org\/{rel}","templated":true}]}}