{"id":12387,"date":"2024-11-09T15:08:14","date_gmt":"2024-11-09T14:08:14","guid":{"rendered":"https:\/\/blodsjukdom.se\/farmaci\/apt\/climax-control\/"},"modified":"2024-11-15T16:38:50","modified_gmt":"2024-11-15T15:38:50","slug":"climax-control","status":"publish","type":"product","link":"https:\/\/www.vardcentralenhjartatsolna.se\/farmaci\/apt\/climax-control\/","title":{"rendered":"Climax Control"},"content":{"rendered":"\n<h2 class=\"wp-block-heading\">Vad \u00e4r Climax Control och hur fungerar det?<\/h2>\n\n\n\n<p><b>Climax Control<\/b> \u00e4r ett innovativt <b>kosttillskott<\/b> som har skapats f\u00f6r m\u00e4n som k\u00e4mpar med sexuella problem som <b>f\u00f6r tidig utl\u00f6sning<\/b> eller l\u00e5g <b>potens<\/b>. Produkter av detta slag blir alltmer popul\u00e4ra, eftersom cirka 30% av m\u00e4nnen i v\u00e4rlden upplever f\u00f6r tidig utl\u00f6sning. Climax Controls <b>verkan<\/b> \u00e4r baserad p\u00e5 regleringen av serotoninniv\u00e5erna i kroppen, vilket p\u00e5verkar kontrollen av sexuella k\u00e4nslor.<\/p>\n\n\n\n<p>Regelbunden <b>anv\u00e4ndning av<\/b> Climax Control bidrar till \u00f6kad kontroll \u00f6ver ejakulations\u00f6gonblicket och f\u00f6rl\u00e4nger samlagets varaktighet. Tack vare naturliga ingredienser som ginsengrotsextrakt, sarsaparilla och tribulus terrestris st\u00f6der detta tillskott kroppen f\u00f6r att uppn\u00e5 en erektion av b\u00e4ttre kvalitet, liksom att ha en positiv effekt p\u00e5 libido och \u00f6ka \u00f6nskan om sex.<\/p>\n\n\n\n<p>I studier har det noterats att <b>anv\u00e4ndningen av<\/b> Climax Control ocks\u00e5 kan minska stress- och \u00e5ngestniv\u00e5er, vilket bidrar avsev\u00e4rt till att f\u00f6rb\u00e4ttra m\u00e4ns f\u00f6rm\u00e5ga att kontrollera utl\u00f6sning. Exempel p\u00e5 <b>effekter<\/b> inkluderar:<\/p>\n\n\n\n<ul class=\"wp-block-list\">\n<li>\u00d6kad varaktighet av samlag<\/li>\n\n\n\n<li>F\u00f6rb\u00e4ttrad erektionskvalitet<\/li>\n\n\n\n<li>\u00d6kad libido<\/li>\n\n\n\n<li>Minskning av stress relaterad till sexlivet<\/li>\n<\/ul>\n\n\n\n<p>F\u00f6r att uppn\u00e5 ovann\u00e4mnda f\u00f6rdelar \u00e4r det viktigt att f\u00f6lja r\u00e4tt dosering och uppr\u00e4tth\u00e5lla en h\u00e4lsosam livsstil. Climax Control \u00e4r endast tillg\u00e4ngligt fr\u00e5n den officiella tillverkarens webbplats, vilket s\u00e4kerst\u00e4ller att du garanterat f\u00e5r en originalprodukt. Risken f\u00f6r att k\u00f6pa f\u00f6rfalskningar kan minimeras genom att undvika station\u00e4ra apotek och f\u00f6redra online-shopping.<\/p>\n\n\n\n<h2 class=\"wp-block-heading\">Climax Control &#8211; effekter av anv\u00e4ndning<\/h2>\n\n\n\n<p><b>Anv\u00e4ndningen<\/b> av Climax Control ger m\u00e4rkbara <em>effekter<\/em> efter bara en kort tidsperiod. Anv\u00e4ndare rapporterar att de f\u00f6rsta resultaten kan k\u00e4nnas efter endast 7-14 dagars anv\u00e4ndning. De viktigaste f\u00f6rdelarna inkluderar en f\u00f6rl\u00e4ngning av samlag med upp till 30 minuter, vilket leder till st\u00f6rre sexuell tillfredsst\u00e4llelse. Detta <b>kosttillskott<\/b> som syftar till <em>f\u00f6r tidig utl\u00f6sning<\/em> och <em>f\u00f6rb\u00e4ttring av styrkan<\/em> p\u00e5verkar inte bara samlagets l\u00e4ngd utan st\u00e4rker ocks\u00e5 erektioner och \u00f6kar libido, vilket g\u00f6r att intima stunder kan upplevas mer fullst\u00e4ndigt.<\/p>\n\n\n\n<p>De fulla <em>effekterna av<\/em> Climax Control \u00e4r synliga efter cirka tre m\u00e5naders regelbundet intag. Anv\u00e4ndarna m\u00e4rker en f\u00f6rb\u00e4ttring av kvaliteten p\u00e5 deras sexuella upplevelse och st\u00f6rre kontroll \u00f6ver utl\u00f6sning. F\u00f6rm\u00e5gan att uppn\u00e5 en full erektion under hela sexuell aktivitet blir standard f\u00f6r dem som n\u00e5r detta till\u00e4gg.<\/p>\n\n\n\n<figure class=\"wp-block-table\"><table class=\"has-fixed-layout\"><tbody><tr><th>Effekt<\/th><th>Tid att m\u00e4rka<\/th><\/tr><tr><td>F\u00f6rl\u00e4ngning av samlag<\/td><td>upp till 30 minuter<\/td><\/tr><tr><td>Erektil f\u00f6rb\u00e4ttring<\/td><td>7-14 dagar<\/td><\/tr><tr><td>F\u00f6rb\u00e4ttring av libido<\/td><td>cirka 1 m\u00e5nad<\/td><\/tr><tr><td>Kontroll av ejakulation<\/td><td>cirka 3-4 m\u00e5nader<\/td><\/tr><\/tbody><\/table><\/figure>\n\n\n\n<p>Sammanfattningsvis erbjuder Climax Control en rad <em>effekter<\/em> som kan g\u00f6ra en betydande skillnad f\u00f6r det intima livet. Den s\u00e4kra <b>formuleringen<\/b> och de <b>naturliga ingredienserna<\/b> g\u00f6r detta till\u00e4gg till ett attraktivt val f\u00f6r m\u00e4n som vill f\u00f6rb\u00e4ttra sin styrka och njuta av intimitet med sin partner l\u00e4ngre.<\/p>\n\n\n\n<h2 class=\"wp-block-heading\">Hur man anv\u00e4nder Climax Control? &#8211; Dosering och rekommendationer<\/h2>\n\n\n\n<p>Anv\u00e4ndningen av Climax Control kr\u00e4ver efterlevnad av vissa regler f\u00f6r att s\u00e4kerst\u00e4lla b\u00e4sta m\u00f6jliga resultat. Den rekommenderade <b>dosen<\/b> av detta tillskott \u00e4r <em>tv\u00e5 kapslar per dag<\/em>, helst tas f\u00f6re m\u00e5ltiderna. Denna regelbundenhet av anv\u00e4ndningen \u00e4r nyckeln till att uppn\u00e5 optimala resultat.<\/p>\n\n\n\n<p>En viktig aspekt av att anv\u00e4nda Climax Control \u00e4r att undvika att \u00f6verskrida den rekommenderade dosen. Det \u00e4r alltid tillr\u00e5dligt att konsultera din l\u00e4kare innan du p\u00e5b\u00f6rjar behandlingen, s\u00e4rskilt om du har ett befintligt medicinskt tillst\u00e5nd eller tar andra mediciner. Detta kommer att bidra till att undvika potentiella interaktioner och s\u00e4kerst\u00e4lla <b>s\u00e4kerhet<\/b> i tillskottsprocessen.<\/p>\n\n\n\n<p>F\u00f6rutom att ta Climax Control \u00e4r det lika viktigt att uppr\u00e4tth\u00e5lla en h\u00e4lsosam livsstil. Regelbunden fysisk aktivitet, en balanserad kost och tillr\u00e4cklig s\u00f6mn st\u00f6der <b>effekterna av<\/b> till\u00e4gget och bidrar till ett f\u00f6rb\u00e4ttrat allm\u00e4nt v\u00e4lbefinnande.<\/p>\n\n\n\n<p>Sammanfattningsvis kan anv\u00e4ndning av Climax Control enligt rekommendation och att ta hand om din dagliga h\u00e4lsorutin ha en betydande inverkan p\u00e5 <b>effekterna<\/b> av behandlingen. Det \u00e4r v\u00e4rt att n\u00e4rma sig \u00e4mnet med full medvetenhet om dig sj\u00e4lv och din kropp f\u00f6r att uppn\u00e5 dina m\u00e5l.<\/p>\n\n\n\n<h2 class=\"wp-block-heading\">Climax Control &#8211; Anv\u00e4ndarrecensioner, forum &#8211; Vad s\u00e4ger anv\u00e4ndarna?<\/h2>\n\n\n\n<p><b>\u00c5sikter<\/b> fr\u00e5n Climax Control-anv\u00e4ndare \u00e4r mestadels positiva. Du kan hitta entusiastiska recensioner p\u00e5 m\u00e5nga forum och webbplatser f\u00f6r sexuell h\u00e4lsa. Anv\u00e4ndare ber\u00f6mmer effekterna av till\u00e4gget f\u00f6r att bek\u00e4mpa f\u00f6r tidig utl\u00f6sning och f\u00f6rb\u00e4ttra den \u00f6vergripande kvaliteten p\u00e5 det intima livet.<\/p>\n\n\n\n<blockquote class=\"wp-block-quote is-layout-flow wp-block-quote-is-layout-flow\">\n<p><em>Markera<\/em>: &#8221;Jag har anv\u00e4nt Climax Control i en m\u00e5nad nu. Jag har m\u00e4rkt en betydande f\u00f6rb\u00e4ttring. Samlaget \u00e4r l\u00e4ngre och jag k\u00e4nner mig mer sj\u00e4lvs\u00e4ker. Jag skulle rekommendera det till alla med liknande problem.&#8221;<\/p>\n<\/blockquote>\n\n\n\n<blockquote class=\"wp-block-quote is-layout-flow wp-block-quote-is-layout-flow\">\n<p><em>Christopher<\/em>: &#8221;Jag har \u00e4ntligen kontroll \u00f6ver vad som h\u00e4nder i sovrummet. Climax Control har hj\u00e4lpt mig att \u00f6vervinna min skam och f\u00f6rb\u00e4ttra v\u00e5rt sexliv. Effekterna \u00e4r fantastiska.&#8221;<\/p>\n<\/blockquote>\n\n\n\n<blockquote class=\"wp-block-quote is-layout-flow wp-block-quote-is-layout-flow\">\n<p><em>Thomas:<\/em>&#8221;Jag trodde inte att jag skulle hitta en l\u00f6sning p\u00e5 mina problem. Climax Control har visat sig vara en r\u00e4ddare! Sj\u00e4lvk\u00e4nslan och kvaliteten p\u00e5 erektionerna har f\u00f6rb\u00e4ttrats avsev\u00e4rt.&#8221;<\/p>\n<\/blockquote>\n\n\n\n<p>Anv\u00e4ndarnas<b>erfarenheter<\/b> visar tydligt att Climax Control bidrar till ett f\u00f6rb\u00e4ttrat sexliv. Den stora majoriteten av positiv feedback p\u00e5 forum och i recensioner indikerar tillfredsst\u00e4llelse med effekterna av detta till\u00e4gg. Tack vare de sammansatta ingredienserna, s\u00e5som Tribulus terrestris och L-karnitin, kan m\u00e4rkbara resultat ses efter bara n\u00e5gra dagar, med optimala resultat ses efter 3-4 m\u00e5naders anv\u00e4ndning.<\/p>\n\n\n\n<h2 class=\"wp-block-heading\">Climax Control &#8211; Sammans\u00e4ttning &#8211; Ingrediensanalys<\/h2>\n\n\n\n<p>Climax Control \u00e4r ett kosttillskott som inneh\u00e5ller noggrant utvalda <b>naturliga ingredienser<\/b> som st\u00f6der ejakulationskontroll och potensering av potens. Formuleringen inneh\u00e5ller m\u00e5nga v\u00e4rdefulla biologiska element som bidrar till \u00f6kad sexuell tillfredsst\u00e4llelse. <b>Analys av<\/b> ingredienserna visar deras m\u00e5ngfald och synergistiska <b>verkan<\/b>, vilket avsev\u00e4rt p\u00e5verkar kvaliteten p\u00e5 det intima livet.<\/p>\n\n\n\n<ul class=\"wp-block-list\">\n<li><em>Griffonia simplicifolia extrakt<\/em>: Minskar serotoninniv\u00e5erna, vilket leder till b\u00e4ttre kontroll av ejakulation.<\/li>\n\n\n\n<li><em>L-karnitintartrat<\/em>: F\u00f6rb\u00e4ttrar erektionen och minskar risken f\u00f6r f\u00f6r tidig utl\u00f6sning.<\/li>\n\n\n\n<li><em>Sarsaparilla<\/em>: \u00d6kar libido, vilket p\u00e5verkar intensiteten i den sexuella upplevelsen.<\/li>\n\n\n\n<li><em>Tribulus terrestris<\/em>: \u00d6kar den naturliga testosteronproduktionen, vilket resulterar i l\u00e4ngre samlag.<\/li>\n\n\n\n<li><em>Sabal palm frukt extrakt<\/em>: Har en st\u00f6djande effekt p\u00e5 det endokrina systemet, vilket ocks\u00e5 \u00e4r viktigt n\u00e4r det g\u00e4ller styrka.<\/li>\n<\/ul>\n\n\n\n<p>De viktigaste ingredienserna i Climax Control genomg\u00e5r noggrann analys f\u00f6r att s\u00e4kerst\u00e4lla att de \u00e4r av h\u00f6gsta kvalitet och effektivitet. Regelbunden anv\u00e4ndning av till\u00e4gget kan ge m\u00e4tbara f\u00f6rdelar n\u00e4r det g\u00e4ller att kontrollera utl\u00f6sning och f\u00f6rb\u00e4ttra intima relationer. Formeln anv\u00e4nds enligt anvisningarna, vilket m\u00f6jligg\u00f6r optimal anv\u00e4ndning av de naturliga ingredienserna.<\/p>\n\n\n\n<p>Tack vare en s\u00e5 m\u00e5ngsidig sammans\u00e4ttning \u00e4r Climax Control mycket effektiv f\u00f6r att f\u00f6rb\u00e4ttra sexlivet, vilket bekr\u00e4ftas av m\u00e5nga positiva <b>anv\u00e4ndarrecensioner<\/b>. <b>Naturliga ingredienser<\/b> utg\u00f6r grunden f\u00f6r dess handling, vilket g\u00f6r det till ett s\u00e4kert val f\u00f6r m\u00e4n som vill \u00f6ka sitt sj\u00e4lvf\u00f6rtroende och kontrollera intima situationer.<\/p>\n\n\n\n<h2 class=\"wp-block-heading\">Climax Control pris &#8211; var kan man k\u00f6pa?<\/h2>\n\n\n\n<p>Climax Control-produkten kan endast k\u00f6pas via <em>tillverkarens officiella webbplats.<\/em> Detta s\u00e4kerst\u00e4ller inte bara best\u00e4llningens \u00e4kthet utan ocks\u00e5 attraktiva priser och aktuella kampanjer. <b>Priset<\/b> p\u00e5 Climax Control beror p\u00e5 aktuella erbjudanden, s\u00e5 det \u00e4r v\u00e4rt att kontrollera regelbundet f\u00f6r att dra nytta av de b\u00e4sta fynden. Vanligtvis \u00e4r produkter som Climax Control inte tillg\u00e4ngliga p\u00e5 station\u00e4ra apotek, vilket g\u00f6r shopping enklare och minimerar risken f\u00f6r att k\u00f6pa f\u00f6rfalskningar.<\/p>\n\n\n\n<p>N\u00e4r du k\u00f6per fr\u00e5n den officiella webbplatsen kan olika kampanjer observeras, inklusive m\u00f6jligheten att k\u00f6pa med 50% rabatt. Produkten inneh\u00e5ller 100% naturliga ingredienser, vilket bidrar till dess <b>s\u00e4kerhet<\/b> och effektivitet. Inneh\u00e5llet i Climax Control inkluderar Maca-extrakt, Mace och L-arginin.<\/p>\n\n\n\n<p>Best\u00e4llningar behandlas snabbt, med en leveransdag p\u00e5 1 till 3 dagar. Dessutom tillhandah\u00e5lls ett alternativ f\u00f6r betalning vid leverans, vilket g\u00f6r k\u00f6pet mer bekv\u00e4mt. Anv\u00e4ndare kan k\u00e4nna de positiva effekterna efter bara fyra dagars anv\u00e4ndning, medan fullst\u00e4ndiga resultat kommer att ses efter 3-4 m\u00e5naders regelbundet intag.<\/p>\n\n\n\n<h2 class=\"wp-block-heading\">Climax Control &#8211; Biverkningar och kontraindikationer &#8211; \u00c4r det s\u00e4kert?<\/h2>\n\n\n\n<p>Som ett kosttillskott baserat p\u00e5 naturliga ingredienser anses Climax Control i allm\u00e4nhet vara s\u00e4kert f\u00f6r de flesta anv\u00e4ndare. \u00c4nd\u00e5, som alla preparat, kan det vara f\u00f6rknippat med biverkningar. Enstaka fall av allergiska reaktioner och magproblem har rapporterats, vilket \u00e4r v\u00e4rt att \u00f6verv\u00e4ga innan du b\u00f6rjar anv\u00e4nda. De som upplever n\u00e5got obehag b\u00f6r vara f\u00f6rsiktiga.<\/p>\n\n\n\n<p>N\u00e4r det g\u00e4ller Climax Control finns det ocks\u00e5 <b>kontraindikationer<\/b>, som kan inkludera \u00f6verk\u00e4nslighet mot n\u00e5gon av ingredienserna i produkten. De med kroniska medicinska tillst\u00e5nd, liksom de som regelbundet tar andra mediciner, b\u00f6r r\u00e5dfr\u00e5ga sin l\u00e4kare innan de beslutar att anv\u00e4nda detta till\u00e4gg. Att f\u00f6rst\u00e5 de potentiella riskerna \u00e4r nyckeln till att s\u00e4kerst\u00e4lla fullst\u00e4ndig s\u00e4kerhet n\u00e4r du tar den.<\/p>\n\n\n\n<p>Det rekommenderas att anv\u00e4ndare noggrant observerar sina reaktioner efter att ha tagit Climax Control och rapporterar eventuella oroande symtom omedelbart. Att f\u00f6lja dessa principer hj\u00e4lper till att minimera risken f\u00f6r biverkningar och den l\u00e5nga historien f\u00f6r tidigare anv\u00e4ndare tyder p\u00e5 att Climax Control, n\u00e4r den anv\u00e4nds korrekt, kan vara en effektiv l\u00f6sning.<\/p>\n","protected":false},"excerpt":{"rendered":"<p><strong>[date_countdown]<\/strong><\/p>\n<p><img decoding=\"async\" class=\"alignnone wp-image-12507\" src=\"https:\/\/www.vardcentralenhjartatsolna.se\/farmaci\/wp-content\/uploads\/2024\/11\/SAFE-PAY-300x88-1.png\" alt=\"SAFE-PAY-300x88\" width=\"201\" height=\"59\" \/><\/p>\n","protected":false},"featured_media":11891,"comment_status":"open","ping_status":"closed","template":"","meta":{"neve_meta_sidebar":"","neve_meta_container":"","neve_meta_enable_content_width":"","neve_meta_content_width":0,"neve_meta_title_alignment":"","neve_meta_author_avatar":"","neve_post_elements_order":"","neve_meta_disable_header":"","neve_meta_disable_footer":"","neve_meta_disable_title":"","neve_meta_reading_time":""},"product_brand":[],"product_cat":[567],"product_tag":[],"class_list":{"0":"post-12387","1":"product","2":"type-product","3":"status-publish","4":"has-post-thumbnail","6":"product_cat-sexuell-halsa","8":"first","9":"instock","10":"sale","11":"shipping-taxable","12":"product-type-external"},"yoast_head":"<!-- This site is optimized with the Yoast SEO plugin v27.4 - https:\/\/yoast.com\/product\/yoast-seo-wordpress\/ -->\n<title>Climax Control - Recension, Pris, Effekter, Apotek, Forum | -50%<\/title>\n<meta name=\"robots\" content=\"index, follow, max-snippet:-1, max-image-preview:large, max-video-preview:-1\" \/>\n<link rel=\"canonical\" href=\"https:\/\/www.vardcentralenhjartatsolna.se\/farmaci\/apt\/climax-control\/\" \/>\n<meta property=\"og:locale\" content=\"sv_SE\" \/>\n<meta property=\"og:type\" content=\"article\" \/>\n<meta property=\"og:title\" content=\"Climax Control - Recension, Pris, Effekter, Apotek, Forum | -50%\" \/>\n<meta property=\"og:url\" content=\"https:\/\/www.vardcentralenhjartatsolna.se\/farmaci\/apt\/climax-control\/\" \/>\n<meta property=\"og:site_name\" content=\"Vardcentralenhjartatsolna\" \/>\n<meta property=\"article:modified_time\" content=\"2024-11-15T15:38:50+00:00\" \/>\n<meta property=\"og:image\" content=\"https:\/\/www.vardcentralenhjartatsolna.se\/farmaci\/wp-content\/uploads\/2024\/11\/Climax-Control.jpg\" \/>\n\t<meta property=\"og:image:width\" content=\"768\" \/>\n\t<meta property=\"og:image:height\" content=\"768\" \/>\n\t<meta property=\"og:image:type\" content=\"image\/jpeg\" \/>\n<meta name=\"twitter:card\" content=\"summary_large_image\" \/>\n<meta name=\"twitter:description\" content=\"[date_countdown]\" \/>\n<meta name=\"twitter:label1\" content=\"Ber\u00e4knad l\u00e4stid\" \/>\n\t<meta name=\"twitter:data1\" content=\"1 minut\" \/>\n<script type=\"application\/ld+json\" class=\"yoast-schema-graph\">{\"@context\":\"https:\\\/\\\/schema.org\",\"@graph\":[{\"@type\":\"WebPage\",\"@id\":\"https:\\\/\\\/www.vardcentralenhjartatsolna.se\\\/farmaci\\\/apt\\\/climax-control\\\/\",\"url\":\"https:\\\/\\\/www.vardcentralenhjartatsolna.se\\\/farmaci\\\/apt\\\/climax-control\\\/\",\"name\":\"Climax Control - Recension, Pris, Effekter, Apotek, Forum | -50%\",\"isPartOf\":{\"@id\":\"https:\\\/\\\/www.vardcentralenhjartatsolna.se\\\/farmaci\\\/#website\"},\"primaryImageOfPage\":{\"@id\":\"https:\\\/\\\/www.vardcentralenhjartatsolna.se\\\/farmaci\\\/apt\\\/climax-control\\\/#primaryimage\"},\"image\":{\"@id\":\"https:\\\/\\\/www.vardcentralenhjartatsolna.se\\\/farmaci\\\/apt\\\/climax-control\\\/#primaryimage\"},\"thumbnailUrl\":\"https:\\\/\\\/www.vardcentralenhjartatsolna.se\\\/farmaci\\\/wp-content\\\/uploads\\\/2024\\\/11\\\/Climax-Control.jpg\",\"datePublished\":\"2024-11-09T14:08:14+00:00\",\"dateModified\":\"2024-11-15T15:38:50+00:00\",\"breadcrumb\":{\"@id\":\"https:\\\/\\\/www.vardcentralenhjartatsolna.se\\\/farmaci\\\/apt\\\/climax-control\\\/#breadcrumb\"},\"inLanguage\":\"sv-SE\",\"potentialAction\":[{\"@type\":\"ReadAction\",\"target\":[\"https:\\\/\\\/www.vardcentralenhjartatsolna.se\\\/farmaci\\\/apt\\\/climax-control\\\/\"]}]},{\"@type\":\"ImageObject\",\"inLanguage\":\"sv-SE\",\"@id\":\"https:\\\/\\\/www.vardcentralenhjartatsolna.se\\\/farmaci\\\/apt\\\/climax-control\\\/#primaryimage\",\"url\":\"https:\\\/\\\/www.vardcentralenhjartatsolna.se\\\/farmaci\\\/wp-content\\\/uploads\\\/2024\\\/11\\\/Climax-Control.jpg\",\"contentUrl\":\"https:\\\/\\\/www.vardcentralenhjartatsolna.se\\\/farmaci\\\/wp-content\\\/uploads\\\/2024\\\/11\\\/Climax-Control.jpg\",\"width\":768,\"height\":768},{\"@type\":\"BreadcrumbList\",\"@id\":\"https:\\\/\\\/www.vardcentralenhjartatsolna.se\\\/farmaci\\\/apt\\\/climax-control\\\/#breadcrumb\",\"itemListElement\":[{\"@type\":\"ListItem\",\"position\":1,\"name\":\"Strona g\u0142\u00f3wna\",\"item\":\"https:\\\/\\\/www.vardcentralenhjartatsolna.se\\\/farmaci\\\/\"},{\"@type\":\"ListItem\",\"position\":2,\"name\":\"Produkte\",\"item\":\"https:\\\/\\\/www.vardcentralenhjartatsolna.se\\\/farmaci\\\/\"},{\"@type\":\"ListItem\",\"position\":3,\"name\":\"Climax Control\"}]},{\"@type\":\"WebSite\",\"@id\":\"https:\\\/\\\/www.vardcentralenhjartatsolna.se\\\/farmaci\\\/#website\",\"url\":\"https:\\\/\\\/www.vardcentralenhjartatsolna.se\\\/farmaci\\\/\",\"name\":\"Vardcentralenhjartatsolna\",\"description\":\"\",\"potentialAction\":[{\"@type\":\"SearchAction\",\"target\":{\"@type\":\"EntryPoint\",\"urlTemplate\":\"https:\\\/\\\/www.vardcentralenhjartatsolna.se\\\/farmaci\\\/?s={search_term_string}\"},\"query-input\":{\"@type\":\"PropertyValueSpecification\",\"valueRequired\":true,\"valueName\":\"search_term_string\"}}],\"inLanguage\":\"sv-SE\"}]}<\/script>\n<!-- \/ Yoast SEO plugin. -->","yoast_head_json":{"title":"Climax Control - Recension, Pris, Effekter, Apotek, Forum | -50%","robots":{"index":"index","follow":"follow","max-snippet":"max-snippet:-1","max-image-preview":"max-image-preview:large","max-video-preview":"max-video-preview:-1"},"canonical":"https:\/\/www.vardcentralenhjartatsolna.se\/farmaci\/apt\/climax-control\/","og_locale":"sv_SE","og_type":"article","og_title":"Climax Control - Recension, Pris, Effekter, Apotek, Forum | -50%","og_url":"https:\/\/www.vardcentralenhjartatsolna.se\/farmaci\/apt\/climax-control\/","og_site_name":"Vardcentralenhjartatsolna","article_modified_time":"2024-11-15T15:38:50+00:00","og_image":[{"width":768,"height":768,"url":"https:\/\/www.vardcentralenhjartatsolna.se\/farmaci\/wp-content\/uploads\/2024\/11\/Climax-Control.jpg","type":"image\/jpeg"}],"twitter_card":"summary_large_image","twitter_description":"[date_countdown]","twitter_misc":{"Ber\u00e4knad l\u00e4stid":"1 minut"},"schema":{"@context":"https:\/\/schema.org","@graph":[{"@type":"WebPage","@id":"https:\/\/www.vardcentralenhjartatsolna.se\/farmaci\/apt\/climax-control\/","url":"https:\/\/www.vardcentralenhjartatsolna.se\/farmaci\/apt\/climax-control\/","name":"Climax Control - Recension, Pris, Effekter, Apotek, Forum | -50%","isPartOf":{"@id":"https:\/\/www.vardcentralenhjartatsolna.se\/farmaci\/#website"},"primaryImageOfPage":{"@id":"https:\/\/www.vardcentralenhjartatsolna.se\/farmaci\/apt\/climax-control\/#primaryimage"},"image":{"@id":"https:\/\/www.vardcentralenhjartatsolna.se\/farmaci\/apt\/climax-control\/#primaryimage"},"thumbnailUrl":"https:\/\/www.vardcentralenhjartatsolna.se\/farmaci\/wp-content\/uploads\/2024\/11\/Climax-Control.jpg","datePublished":"2024-11-09T14:08:14+00:00","dateModified":"2024-11-15T15:38:50+00:00","breadcrumb":{"@id":"https:\/\/www.vardcentralenhjartatsolna.se\/farmaci\/apt\/climax-control\/#breadcrumb"},"inLanguage":"sv-SE","potentialAction":[{"@type":"ReadAction","target":["https:\/\/www.vardcentralenhjartatsolna.se\/farmaci\/apt\/climax-control\/"]}]},{"@type":"ImageObject","inLanguage":"sv-SE","@id":"https:\/\/www.vardcentralenhjartatsolna.se\/farmaci\/apt\/climax-control\/#primaryimage","url":"https:\/\/www.vardcentralenhjartatsolna.se\/farmaci\/wp-content\/uploads\/2024\/11\/Climax-Control.jpg","contentUrl":"https:\/\/www.vardcentralenhjartatsolna.se\/farmaci\/wp-content\/uploads\/2024\/11\/Climax-Control.jpg","width":768,"height":768},{"@type":"BreadcrumbList","@id":"https:\/\/www.vardcentralenhjartatsolna.se\/farmaci\/apt\/climax-control\/#breadcrumb","itemListElement":[{"@type":"ListItem","position":1,"name":"Strona g\u0142\u00f3wna","item":"https:\/\/www.vardcentralenhjartatsolna.se\/farmaci\/"},{"@type":"ListItem","position":2,"name":"Produkte","item":"https:\/\/www.vardcentralenhjartatsolna.se\/farmaci\/"},{"@type":"ListItem","position":3,"name":"Climax Control"}]},{"@type":"WebSite","@id":"https:\/\/www.vardcentralenhjartatsolna.se\/farmaci\/#website","url":"https:\/\/www.vardcentralenhjartatsolna.se\/farmaci\/","name":"Vardcentralenhjartatsolna","description":"","potentialAction":[{"@type":"SearchAction","target":{"@type":"EntryPoint","urlTemplate":"https:\/\/www.vardcentralenhjartatsolna.se\/farmaci\/?s={search_term_string}"},"query-input":{"@type":"PropertyValueSpecification","valueRequired":true,"valueName":"search_term_string"}}],"inLanguage":"sv-SE"}]}},"_links":{"self":[{"href":"https:\/\/www.vardcentralenhjartatsolna.se\/farmaci\/wp-json\/wp\/v2\/product\/12387","targetHints":{"allow":["GET"]}}],"collection":[{"href":"https:\/\/www.vardcentralenhjartatsolna.se\/farmaci\/wp-json\/wp\/v2\/product"}],"about":[{"href":"https:\/\/www.vardcentralenhjartatsolna.se\/farmaci\/wp-json\/wp\/v2\/types\/product"}],"replies":[{"embeddable":true,"href":"https:\/\/www.vardcentralenhjartatsolna.se\/farmaci\/wp-json\/wp\/v2\/comments?post=12387"}],"wp:featuredmedia":[{"embeddable":true,"href":"https:\/\/www.vardcentralenhjartatsolna.se\/farmaci\/wp-json\/wp\/v2\/media\/11891"}],"wp:attachment":[{"href":"https:\/\/www.vardcentralenhjartatsolna.se\/farmaci\/wp-json\/wp\/v2\/media?parent=12387"}],"wp:term":[{"taxonomy":"product_brand","embeddable":true,"href":"https:\/\/www.vardcentralenhjartatsolna.se\/farmaci\/wp-json\/wp\/v2\/product_brand?post=12387"},{"taxonomy":"product_cat","embeddable":true,"href":"https:\/\/www.vardcentralenhjartatsolna.se\/farmaci\/wp-json\/wp\/v2\/product_cat?post=12387"},{"taxonomy":"product_tag","embeddable":true,"href":"https:\/\/www.vardcentralenhjartatsolna.se\/farmaci\/wp-json\/wp\/v2\/product_tag?post=12387"}],"curies":[{"name":"wp","href":"https:\/\/api.w.org\/{rel}","templated":true}]}}