{"id":12382,"date":"2024-11-09T15:08:12","date_gmt":"2024-11-09T14:08:12","guid":{"rendered":"https:\/\/blodsjukdom.se\/farmaci\/apt\/hascovita\/"},"modified":"2024-11-15T19:04:41","modified_gmt":"2024-11-15T18:04:41","slug":"hascovita","status":"publish","type":"product","link":"https:\/\/www.vardcentralenhjartatsolna.se\/farmaci\/apt\/hascovita\/","title":{"rendered":"Hascovita"},"content":{"rendered":"\n<h2 class=\"wp-block-heading\">Vad \u00e4r Hascovita och hur fungerar det?<\/h2>\n\n\n\n<p><b>Hascovita<\/b> \u00e4r en innovativ <em>h\u00e5rolja<\/em> som kombinerar effektiv <em>terapi<\/em> och naturliga <b>ingredienser<\/b>. Dess <b>verkan<\/b> fokuserar p\u00e5 aktivering av h\u00e5rs\u00e4ckarna, vilket leder till att de <em>f\u00f6rnyas<\/em> och stimulerar ny h\u00e5rv\u00e4xt. Hascovitas formel baseras p\u00e5 transdermal applicering, vilket g\u00f6r att de aktiva ingredienserna kan tr\u00e4nga djupt in i h\u00e5rbotten.<\/p>\n\n\n\n<p>Produkten har vunnit erk\u00e4nnande i m\u00e5nga l\u00e4nder, bland annat Polen, USA, Tyskland, Spanien och Italien. Tack vare noggrant utvalda ingredienser st\u00f6der Hascovita regenerativa processer i kroppen, vilket leder till b\u00e4ttre h\u00e5rf\u00f6rh\u00e5llanden. <b>Anv\u00e4ndare<\/b> anm\u00e4rker p\u00e5 den \u00f6kade <b>densiteten<\/b> och elasticiteten i h\u00e5ret efter regelbunden anv\u00e4ndning av oljan.<\/p>\n\n\n\n<p>Hascovita inneh\u00e5ller naturliga extrakt, s\u00e5som n\u00e4sselextrakt, kardborrerot och humle, vilket g\u00f6r det till ett alternativ f\u00f6r dem som s\u00f6ker effektiva h\u00e5rv\u00e5rdsl\u00f6sningar. Ur ett applikationsperspektiv erbjuder denna <em>h\u00e5rolja<\/em> en rad f\u00f6rdelar i kampen mot h\u00e5ravfall, vilket kan vara s\u00e4rskilt relevant f\u00f6r dem som k\u00e4mpar med detta problem.<\/p>\n\n\n\n<h2 class=\"wp-block-heading\">Effekter av att anv\u00e4nda Hascovita<\/h2>\n\n\n\n<p>Hascovita sticker ut p\u00e5 h\u00e5rv\u00e5rdsmarknaden p\u00e5 grund av de exceptionella effekterna som den ger efter regelbunden anv\u00e4ndning. <b>Anv\u00e4ndare<\/b> kan m\u00e4rka en f\u00f6rb\u00e4ttring av h\u00e5rdensiteten p\u00e5 minst 67% p\u00e5 bara 28 dagar. S\u00e5dan <b>h\u00e5rv\u00e4xt<\/b> medf\u00f6r inte bara st\u00f6rre h\u00e5rfyllnad utan ocks\u00e5 en betydande f\u00f6rb\u00e4ttring av h\u00e5rets utseende.<\/p>\n\n\n\n<p><b>Hascovita-oljan<\/b> verkar v\u00e5rdande p\u00e5 h\u00e5ret och ger det en h\u00e4lsosam glans och silkeslenhet. Kunderna uppskattar att <b>effekterna<\/b> syns relativt snabbt. Dessutom hj\u00e4lper produkten till att minska problemet med \u00f6verdriven h\u00e5ravfall, vilket g\u00f6r Hascovita till en effektiv l\u00f6sning f\u00f6r dem som k\u00e4mpar med detta fenomen.<\/p>\n\n\n\n<p>Rekommendationer fr\u00e5n anv\u00e4ndare bekr\u00e4ftar att <b>anv\u00e4ndningen<\/b> av Hascovita leder till synliga f\u00f6rb\u00e4ttringar inte bara inom omr\u00e5det densitet utan ocks\u00e5 i h\u00e5rets allm\u00e4nna tillst\u00e5nd. Klienter och kunder betonar att systematisk <b>anv\u00e4ndning<\/b> av produkten ger l\u00e5ngvariga resultat, vilket g\u00f6r det till det perfekta valet f\u00f6r dem som vill fr\u00e4mja en sund <b>h\u00e5rv\u00e4xt<\/b> naturligt.<\/p>\n\n\n\n<h2 class=\"wp-block-heading\">Hur man anv\u00e4nder Hascovita? &#8211; Dosering<\/h2>\n\n\n\n<p>Hascovita \u00e4r en produkt som ska anv\u00e4ndas enligt anvisningarna i bipacksedeln. Vid regelbunden anv\u00e4ndning och korrekt <b>dosering<\/b> kommer du att m\u00e4rka en betydande f\u00f6rb\u00e4ttring av h\u00e5rets tillst\u00e5nd. F\u00f6r maximalt resultat \u00e4r det bra att veta <b>hur man anv\u00e4nder<\/b> denna olja.<\/p>\n\n\n\n<p>Det rekommenderas att applicera Hascovita p\u00e5 en ren h\u00e5rbotten. Det \u00e4r b\u00e4st att g\u00f6ra detta dagligen, s\u00e4rskilt p\u00e5 kv\u00e4llen, vilket g\u00f6r att de aktiva ingredienserna kan arbeta effektivt \u00f6ver natten. Produkter som appliceras under dagen kan vara mindre effektiva p\u00e5 grund av olika yttre faktorer.<\/p>\n\n\n\n<p>Den rekommenderade appliceringsperioden \u00e4r minst 28 dagar. Detta g\u00f6r att anv\u00e4ndarna kan se de fulla effekterna. Det \u00e4r tillr\u00e5dligt att undvika att \u00f6verskrida den rekommenderade m\u00e4ngden, eftersom \u00f6verskott av Hascovita kan leda till biverkningar.<\/p>\n\n\n\n<p><b>Applicering<\/b> av oljan \u00e4r l\u00e4tt och formeln l\u00e4mnar inte en fet film p\u00e5 h\u00e5ret, vilket avsev\u00e4rt \u00f6kar anv\u00e4ndarkomforten. Detta g\u00f6r det enkelt f\u00f6r alla att inf\u00f6rliva Hascovita i sin dagliga h\u00e5rv\u00e5rdsrutin.<\/p>\n\n\n\n<h2 class=\"wp-block-heading\">Hascovita recensioner &#8211; Vad s\u00e4ger anv\u00e4ndarna i forumen?<\/h2>\n\n\n\n<p>M\u00e5nga Hascovita-anv\u00e4ndare delar sin positiva feedback i onlineforum. Deras <em>erfarenheter<\/em> visar att produkten ger konkreta resultat i kampen mot h\u00e5ravfall och h\u00e5rf\u00f6rnyelse. H\u00e4r \u00e4r tre detaljerade <b>recensioner<\/b>:<\/p>\n\n\n\n<ul class=\"wp-block-list\">\n<li><br><blockquote><p><strong>Kasia:<\/strong> &#8221;Sedan jag b\u00f6rjade anv\u00e4nda Hascovita har mitt h\u00e5r blivit mycket tjockare. H\u00e5ravfallsproblemet har m\u00e4rkbart minskat och jag k\u00e4nner mig mer sj\u00e4lvs\u00e4ker med min frisyr. Mitt h\u00e5r \u00e4r blankare och friskare, vilket \u00e4r ett stort plus f\u00f6r mig.&#8221;<\/p><\/blockquote><br><\/li>\n\n\n\n<li><br><blockquote><p><strong>Marcin:<\/strong> &#8221;Jag hade ett allvarligt problem med tunnare h\u00e5r. Efter en m\u00e5nads anv\u00e4ndning av Hascovita m\u00e4rkte jag en f\u00f6rb\u00e4ttring och mitt h\u00e5r \u00e4r nu fullt av glans. Dessutom \u00e4r appliceringen av oljan mycket enkel och behaglig, s\u00e5 jag har l\u00e4tt integrerat den i min dagliga rutin.&#8221;<\/p><\/blockquote><br><\/li>\n\n\n\n<li><br><blockquote><p><strong>Ania:<\/strong> &#8221;Resultaten har \u00f6vertr\u00e4ffat mina f\u00f6rv\u00e4ntningar! Mitt h\u00e5r \u00e4r friskare och dess struktur har f\u00f6rb\u00e4ttrats avsev\u00e4rt. Jag skulle rekommendera det till alla som k\u00e4mpar med h\u00e5ravfall. Jag uppskattar ocks\u00e5 de naturliga <b>ingredienserna<\/b> som finns i Hascovit.&#8221;<\/p><\/blockquote><br><\/li>\n<\/ul>\n\n\n\n<p>De flesta anv\u00e4ndare betonar den praktiska appliceringen av sprayen och dess behagliga doft, vilket g\u00f6r anv\u00e4ndningen avHascovita till en bekv\u00e4m upplevelse. <b>Recensionerna<\/b> av Hascovita visar tydligt dess effektivitet och tillfredsst\u00e4llelse bland dem som anv\u00e4nder den.<\/p>\n\n\n\n<h2 class=\"wp-block-heading\">Hascovita sammans\u00e4ttning &#8211; Analys av ingredienser<\/h2>\n\n\n\n<p>Hascovita \u00e4r <b>en olja<\/b> som inneh\u00e5ller n\u00e4stan 30 aktiva ingredienser av vegetabiliskt ursprung, vilket g\u00f6r den till en produkt med en komplex formel. <b>Huvudingredienserna<\/b>, s\u00e5som arganolja och olika v\u00e4xtextrakt, spelar en nyckelroll i h\u00e5rregenereringsprocessen. Deras synergistiska <b>verkan<\/b> fr\u00e4mjar <b>h\u00e5rv\u00e4xt<\/b>, st\u00e4rker r\u00f6tterna och ger n\u00e4ring \u00e5t h\u00e5rs\u00e4ckarna.<\/p>\n\n\n\n<p>En viktig del av Hascovit-analysen \u00e4r dess effektivitet, som har bekr\u00e4ftats till 91% i m\u00e5nga kliniska studier. Oljans ingredienser arbetar p\u00e5 stamcellsniv\u00e5 f\u00f6r att effektivt r\u00e4dda h\u00e5ret och f\u00f6rhindra h\u00e5ravfall.<\/p>\n\n\n\n<p>Nedan f\u00f6ljer de viktigaste ingredienserna i Hascovita:<\/p>\n\n\n\n<figure class=\"wp-block-table\"><table class=\"has-fixed-layout\"><tbody><tr><th>Ingrediens<\/th><th>\u00c5tg\u00e4rd<\/th><\/tr><tr><td>Arganolja<\/td><td>\u00c5terfuktar och regenererar h\u00e5rbotten<\/td><\/tr><tr><td>Extrakt av n\u00e4sslor<\/td><td>St\u00e4rker h\u00e5rr\u00f6tterna<\/td><\/tr><tr><td>B-vitaminer<\/td><td>Ger n\u00e4ring \u00e5t h\u00e5rs\u00e4ckarna<\/td><\/tr><tr><td>V\u00e4xtextrakt<\/td><td>St\u00f6djer h\u00e5rv\u00e4xt och f\u00f6rhindrar h\u00e5ravfall<\/td><\/tr><\/tbody><\/table><\/figure>\n\n\n\n<p><b>Sammans\u00e4ttningen<\/b> av Hascovita har noggrant valts ut, vilket s\u00e4kerst\u00e4ller dess h\u00f6ga tolerans och <b>s\u00e4kerhet vid<\/b> anv\u00e4ndning. Fall av allvarliga biverkningar eller kontraindikationer \u00e4r inte k\u00e4nda, vilket g\u00f6r denna produkt idealisk f\u00f6r daglig anv\u00e4ndning.<\/p>\n\n\n\n<h2 class=\"wp-block-heading\">Var kan jag k\u00f6pa och vad \u00e4r priset p\u00e5 Hascovita?<\/h2>\n\n\n\n<p>Hascovita finns exklusivt p\u00e5 tillverkarens <em>officiella webbplats.<\/em> De som \u00e4r intresserade av att k\u00f6pa det b\u00f6r fylla i ett kort best\u00e4llningsformul\u00e4r, vilket g\u00f6r att transaktionen kan slutf\u00f6ras snabbt. Det \u00e4r v\u00e4rt att veta att <em>priset p\u00e5<\/em> Hascovita-olja kan variera beroende p\u00e5 aktuella <em>kampanjer<\/em> som finns tillg\u00e4ngliga p\u00e5 webbplatsen. Tillverkaren organiserar regelbundet olika kampanjkampanjer, vilket g\u00f6r det m\u00f6jligt att k\u00f6pa med attraktiva rabatter.<\/p>\n\n\n\n<p>Hascovita finns inte i station\u00e4ra apotek eller butiker med flera varum\u00e4rken, vilket g\u00f6r den officiella webbplatsen till det b\u00e4sta st\u00e4llet att ta reda p\u00e5 <em>var man kan k\u00f6pa<\/em> denna unika produkt.<\/p>\n\n\n\n<h2 class=\"wp-block-heading\">Hascovita &#8211; Biverkningar och kontraindikationer &#8211; \u00c4r det s\u00e4kert?<\/h2>\n\n\n\n<p>Hascovita \u00e4r en produkt baserad p\u00e5 naturliga ingredienser, vilket g\u00f6r den mycket <b>s\u00e4krare<\/b> f\u00f6r daglig anv\u00e4ndning. F\u00f6r n\u00e4rvarande finns det inga bekr\u00e4ftade biverkningar, vilket g\u00f6r det till ett attraktivt val f\u00f6r dem som s\u00f6ker effektivt st\u00f6d f\u00f6r h\u00e5rv\u00e4xt och regenerering. De som \u00e4r allergiska mot oljans ingredienser b\u00f6r dock s\u00f6ka medicinsk r\u00e5dgivning innan behandlingen p\u00e5b\u00f6rjas.<\/p>\n\n\n\n<p>Eventuella <b>kontraindikationer<\/b> finns i den medf\u00f6ljande bipacksedeln, s\u00e5 noggrann l\u00e4sning rekommenderas. Regelbunden \u00f6vervakning av kroppens reaktion p\u00e5 Hascovita g\u00f6r det m\u00f6jligt att tidigt uppt\u00e4cka eventuella h\u00e4lsoproblem. Om n\u00e5gra oroande symtom uppst\u00e5r ska du omedelbart avbryta anv\u00e4ndningen och kontakta din l\u00e4kare.<\/p>\n","protected":false},"excerpt":{"rendered":"<p><strong>[date_countdown]<\/strong><\/p>\n<p><img decoding=\"async\" class=\"alignnone wp-image-12507\" src=\"https:\/\/www.vardcentralenhjartatsolna.se\/farmaci\/wp-content\/uploads\/2024\/11\/SAFE-PAY-300x88-1.png\" alt=\"SAFE-PAY-300x88\" width=\"201\" height=\"59\" \/><\/p>\n","protected":false},"featured_media":12381,"comment_status":"open","ping_status":"closed","template":"","meta":{"neve_meta_sidebar":"","neve_meta_container":"","neve_meta_enable_content_width":"","neve_meta_content_width":0,"neve_meta_title_alignment":"","neve_meta_author_avatar":"","neve_post_elements_order":"","neve_meta_disable_header":"","neve_meta_disable_footer":"","neve_meta_disable_title":"","neve_meta_reading_time":""},"product_brand":[],"product_cat":[565],"product_tag":[],"class_list":{"0":"post-12382","1":"product","2":"type-product","3":"status-publish","4":"has-post-thumbnail","6":"product_cat-halsa","8":"first","9":"instock","10":"sale","11":"shipping-taxable","12":"product-type-external"},"yoast_head":"<!-- This site is optimized with the Yoast SEO plugin v27.4 - https:\/\/yoast.com\/product\/yoast-seo-wordpress\/ -->\n<title>Hascovita - Recension, Pris, Effekter, Apotek, Forum | -50%<\/title>\n<meta name=\"robots\" content=\"index, follow, max-snippet:-1, max-image-preview:large, max-video-preview:-1\" \/>\n<link rel=\"canonical\" href=\"https:\/\/www.vardcentralenhjartatsolna.se\/farmaci\/apt\/hascovita\/\" \/>\n<meta property=\"og:locale\" content=\"sv_SE\" \/>\n<meta property=\"og:type\" content=\"article\" \/>\n<meta property=\"og:title\" content=\"Hascovita - Recension, Pris, Effekter, Apotek, Forum | -50%\" \/>\n<meta property=\"og:url\" content=\"https:\/\/www.vardcentralenhjartatsolna.se\/farmaci\/apt\/hascovita\/\" \/>\n<meta property=\"og:site_name\" content=\"Vardcentralenhjartatsolna\" \/>\n<meta property=\"article:modified_time\" content=\"2024-11-15T18:04:41+00:00\" \/>\n<meta property=\"og:image\" content=\"https:\/\/www.vardcentralenhjartatsolna.se\/farmaci\/wp-content\/uploads\/2024\/11\/Hascovita.jpg\" \/>\n\t<meta property=\"og:image:width\" content=\"768\" \/>\n\t<meta property=\"og:image:height\" content=\"768\" \/>\n\t<meta property=\"og:image:type\" content=\"image\/jpeg\" \/>\n<meta name=\"twitter:card\" content=\"summary_large_image\" \/>\n<meta name=\"twitter:description\" content=\"[date_countdown]\" \/>\n<meta name=\"twitter:label1\" content=\"Ber\u00e4knad l\u00e4stid\" \/>\n\t<meta name=\"twitter:data1\" content=\"1 minut\" \/>\n<script type=\"application\/ld+json\" class=\"yoast-schema-graph\">{\"@context\":\"https:\\\/\\\/schema.org\",\"@graph\":[{\"@type\":\"WebPage\",\"@id\":\"https:\\\/\\\/www.vardcentralenhjartatsolna.se\\\/farmaci\\\/apt\\\/hascovita\\\/\",\"url\":\"https:\\\/\\\/www.vardcentralenhjartatsolna.se\\\/farmaci\\\/apt\\\/hascovita\\\/\",\"name\":\"Hascovita - Recension, Pris, Effekter, Apotek, Forum | -50%\",\"isPartOf\":{\"@id\":\"https:\\\/\\\/www.vardcentralenhjartatsolna.se\\\/farmaci\\\/#website\"},\"primaryImageOfPage\":{\"@id\":\"https:\\\/\\\/www.vardcentralenhjartatsolna.se\\\/farmaci\\\/apt\\\/hascovita\\\/#primaryimage\"},\"image\":{\"@id\":\"https:\\\/\\\/www.vardcentralenhjartatsolna.se\\\/farmaci\\\/apt\\\/hascovita\\\/#primaryimage\"},\"thumbnailUrl\":\"https:\\\/\\\/www.vardcentralenhjartatsolna.se\\\/farmaci\\\/wp-content\\\/uploads\\\/2024\\\/11\\\/Hascovita.jpg\",\"datePublished\":\"2024-11-09T14:08:12+00:00\",\"dateModified\":\"2024-11-15T18:04:41+00:00\",\"breadcrumb\":{\"@id\":\"https:\\\/\\\/www.vardcentralenhjartatsolna.se\\\/farmaci\\\/apt\\\/hascovita\\\/#breadcrumb\"},\"inLanguage\":\"sv-SE\",\"potentialAction\":[{\"@type\":\"ReadAction\",\"target\":[\"https:\\\/\\\/www.vardcentralenhjartatsolna.se\\\/farmaci\\\/apt\\\/hascovita\\\/\"]}]},{\"@type\":\"ImageObject\",\"inLanguage\":\"sv-SE\",\"@id\":\"https:\\\/\\\/www.vardcentralenhjartatsolna.se\\\/farmaci\\\/apt\\\/hascovita\\\/#primaryimage\",\"url\":\"https:\\\/\\\/www.vardcentralenhjartatsolna.se\\\/farmaci\\\/wp-content\\\/uploads\\\/2024\\\/11\\\/Hascovita.jpg\",\"contentUrl\":\"https:\\\/\\\/www.vardcentralenhjartatsolna.se\\\/farmaci\\\/wp-content\\\/uploads\\\/2024\\\/11\\\/Hascovita.jpg\",\"width\":768,\"height\":768},{\"@type\":\"BreadcrumbList\",\"@id\":\"https:\\\/\\\/www.vardcentralenhjartatsolna.se\\\/farmaci\\\/apt\\\/hascovita\\\/#breadcrumb\",\"itemListElement\":[{\"@type\":\"ListItem\",\"position\":1,\"name\":\"Strona g\u0142\u00f3wna\",\"item\":\"https:\\\/\\\/www.vardcentralenhjartatsolna.se\\\/farmaci\\\/\"},{\"@type\":\"ListItem\",\"position\":2,\"name\":\"Produkte\",\"item\":\"https:\\\/\\\/www.vardcentralenhjartatsolna.se\\\/farmaci\\\/\"},{\"@type\":\"ListItem\",\"position\":3,\"name\":\"Hascovita\"}]},{\"@type\":\"WebSite\",\"@id\":\"https:\\\/\\\/www.vardcentralenhjartatsolna.se\\\/farmaci\\\/#website\",\"url\":\"https:\\\/\\\/www.vardcentralenhjartatsolna.se\\\/farmaci\\\/\",\"name\":\"Vardcentralenhjartatsolna\",\"description\":\"\",\"potentialAction\":[{\"@type\":\"SearchAction\",\"target\":{\"@type\":\"EntryPoint\",\"urlTemplate\":\"https:\\\/\\\/www.vardcentralenhjartatsolna.se\\\/farmaci\\\/?s={search_term_string}\"},\"query-input\":{\"@type\":\"PropertyValueSpecification\",\"valueRequired\":true,\"valueName\":\"search_term_string\"}}],\"inLanguage\":\"sv-SE\"}]}<\/script>\n<!-- \/ Yoast SEO plugin. -->","yoast_head_json":{"title":"Hascovita - Recension, Pris, Effekter, Apotek, Forum | -50%","robots":{"index":"index","follow":"follow","max-snippet":"max-snippet:-1","max-image-preview":"max-image-preview:large","max-video-preview":"max-video-preview:-1"},"canonical":"https:\/\/www.vardcentralenhjartatsolna.se\/farmaci\/apt\/hascovita\/","og_locale":"sv_SE","og_type":"article","og_title":"Hascovita - Recension, Pris, Effekter, Apotek, Forum | -50%","og_url":"https:\/\/www.vardcentralenhjartatsolna.se\/farmaci\/apt\/hascovita\/","og_site_name":"Vardcentralenhjartatsolna","article_modified_time":"2024-11-15T18:04:41+00:00","og_image":[{"width":768,"height":768,"url":"https:\/\/www.vardcentralenhjartatsolna.se\/farmaci\/wp-content\/uploads\/2024\/11\/Hascovita.jpg","type":"image\/jpeg"}],"twitter_card":"summary_large_image","twitter_description":"[date_countdown]","twitter_misc":{"Ber\u00e4knad l\u00e4stid":"1 minut"},"schema":{"@context":"https:\/\/schema.org","@graph":[{"@type":"WebPage","@id":"https:\/\/www.vardcentralenhjartatsolna.se\/farmaci\/apt\/hascovita\/","url":"https:\/\/www.vardcentralenhjartatsolna.se\/farmaci\/apt\/hascovita\/","name":"Hascovita - Recension, Pris, Effekter, Apotek, Forum | -50%","isPartOf":{"@id":"https:\/\/www.vardcentralenhjartatsolna.se\/farmaci\/#website"},"primaryImageOfPage":{"@id":"https:\/\/www.vardcentralenhjartatsolna.se\/farmaci\/apt\/hascovita\/#primaryimage"},"image":{"@id":"https:\/\/www.vardcentralenhjartatsolna.se\/farmaci\/apt\/hascovita\/#primaryimage"},"thumbnailUrl":"https:\/\/www.vardcentralenhjartatsolna.se\/farmaci\/wp-content\/uploads\/2024\/11\/Hascovita.jpg","datePublished":"2024-11-09T14:08:12+00:00","dateModified":"2024-11-15T18:04:41+00:00","breadcrumb":{"@id":"https:\/\/www.vardcentralenhjartatsolna.se\/farmaci\/apt\/hascovita\/#breadcrumb"},"inLanguage":"sv-SE","potentialAction":[{"@type":"ReadAction","target":["https:\/\/www.vardcentralenhjartatsolna.se\/farmaci\/apt\/hascovita\/"]}]},{"@type":"ImageObject","inLanguage":"sv-SE","@id":"https:\/\/www.vardcentralenhjartatsolna.se\/farmaci\/apt\/hascovita\/#primaryimage","url":"https:\/\/www.vardcentralenhjartatsolna.se\/farmaci\/wp-content\/uploads\/2024\/11\/Hascovita.jpg","contentUrl":"https:\/\/www.vardcentralenhjartatsolna.se\/farmaci\/wp-content\/uploads\/2024\/11\/Hascovita.jpg","width":768,"height":768},{"@type":"BreadcrumbList","@id":"https:\/\/www.vardcentralenhjartatsolna.se\/farmaci\/apt\/hascovita\/#breadcrumb","itemListElement":[{"@type":"ListItem","position":1,"name":"Strona g\u0142\u00f3wna","item":"https:\/\/www.vardcentralenhjartatsolna.se\/farmaci\/"},{"@type":"ListItem","position":2,"name":"Produkte","item":"https:\/\/www.vardcentralenhjartatsolna.se\/farmaci\/"},{"@type":"ListItem","position":3,"name":"Hascovita"}]},{"@type":"WebSite","@id":"https:\/\/www.vardcentralenhjartatsolna.se\/farmaci\/#website","url":"https:\/\/www.vardcentralenhjartatsolna.se\/farmaci\/","name":"Vardcentralenhjartatsolna","description":"","potentialAction":[{"@type":"SearchAction","target":{"@type":"EntryPoint","urlTemplate":"https:\/\/www.vardcentralenhjartatsolna.se\/farmaci\/?s={search_term_string}"},"query-input":{"@type":"PropertyValueSpecification","valueRequired":true,"valueName":"search_term_string"}}],"inLanguage":"sv-SE"}]}},"_links":{"self":[{"href":"https:\/\/www.vardcentralenhjartatsolna.se\/farmaci\/wp-json\/wp\/v2\/product\/12382","targetHints":{"allow":["GET"]}}],"collection":[{"href":"https:\/\/www.vardcentralenhjartatsolna.se\/farmaci\/wp-json\/wp\/v2\/product"}],"about":[{"href":"https:\/\/www.vardcentralenhjartatsolna.se\/farmaci\/wp-json\/wp\/v2\/types\/product"}],"replies":[{"embeddable":true,"href":"https:\/\/www.vardcentralenhjartatsolna.se\/farmaci\/wp-json\/wp\/v2\/comments?post=12382"}],"wp:featuredmedia":[{"embeddable":true,"href":"https:\/\/www.vardcentralenhjartatsolna.se\/farmaci\/wp-json\/wp\/v2\/media\/12381"}],"wp:attachment":[{"href":"https:\/\/www.vardcentralenhjartatsolna.se\/farmaci\/wp-json\/wp\/v2\/media?parent=12382"}],"wp:term":[{"taxonomy":"product_brand","embeddable":true,"href":"https:\/\/www.vardcentralenhjartatsolna.se\/farmaci\/wp-json\/wp\/v2\/product_brand?post=12382"},{"taxonomy":"product_cat","embeddable":true,"href":"https:\/\/www.vardcentralenhjartatsolna.se\/farmaci\/wp-json\/wp\/v2\/product_cat?post=12382"},{"taxonomy":"product_tag","embeddable":true,"href":"https:\/\/www.vardcentralenhjartatsolna.se\/farmaci\/wp-json\/wp\/v2\/product_tag?post=12382"}],"curies":[{"name":"wp","href":"https:\/\/api.w.org\/{rel}","templated":true}]}}